{"id":1011,"date":"2023-03-08T16:43:03","date_gmt":"2023-03-08T16:43:03","guid":{"rendered":"http:\/\/us.ylirotu.fi\/index.php\/maailman-muutos\/kylman-sodan-paatosvaihe\/neuvostoliiton-hajoaminen-2\/kansallisuuskysymyksien-karjistyminen-etelassa\/"},"modified":"2023-08-17T08:10:44","modified_gmt":"2023-08-17T08:10:44","slug":"lantisen-euroopan-integraation-syveneminen","status":"publish","type":"page","link":"https:\/\/maailmanmuutos.org\/index.php\/kylmasta-sodasta-2000-luvulle\/kylman-sodan-paatosvaihe\/lansi-euroopantalousyhteisosta-unioniksi\/lantisen-euroopan-integraation-syveneminen\/","title":{"rendered":"L\u00e4ntisen Euroopan integraation syveneminen\u00a0"},"content":{"rendered":"<div id='full_slider_1'  class='avia-fullwidth-slider main_color avia-shadow   avia-builder-el-0  el_before_av_one_full  avia-builder-el-first   container_wrap sidebar_right'  >\n<style type=\"text\/css\" data-created_by=\"avia_inline_auto\" id=\"style-css-av-kd4hz9nx-fb331aa0faaa9c578e2f07ccc45f5aa0\">\n#top #wrap_all .avia-slideshow .av-slideshow-caption.av-kd4hz9nx-fb331aa0faaa9c578e2f07ccc45f5aa0__0 .avia-caption-title{\nfont-size:22px;\n}\n#top .avia-slideshow .av-slideshow-caption.av-kd4hz9nx-fb331aa0faaa9c578e2f07ccc45f5aa0__0 .avia-caption-content{\nfont-size:14px;\n}\n#top .avia-slideshow .av-slideshow-caption.av-kd4hz9nx-fb331aa0faaa9c578e2f07ccc45f5aa0__0 .avia-caption-content p{\nfont-size:14px;\n}\n\n@media only screen and (min-width: 768px) and (max-width: 989px){ \n#top #wrap_all .avia-slideshow .av-slideshow-caption.av-kd4hz9nx-fb331aa0faaa9c578e2f07ccc45f5aa0__0 .avia-caption-title{\nfont-size:16px;\n}\n#top .avia-slideshow .av-slideshow-caption.av-kd4hz9nx-fb331aa0faaa9c578e2f07ccc45f5aa0__0 .avia-caption-content{\nfont-size:16px;\n}\n#top .avia-slideshow .av-slideshow-caption.av-kd4hz9nx-fb331aa0faaa9c578e2f07ccc45f5aa0__0 .avia-caption-content p{\nfont-size:16px;\n}\n}\n\n@media only screen and (min-width: 480px) and (max-width: 767px){ \n#top #wrap_all .avia-slideshow .av-slideshow-caption.av-kd4hz9nx-fb331aa0faaa9c578e2f07ccc45f5aa0__0 .avia-caption-title{\nfont-size:14px;\n}\n#top .avia-slideshow .av-slideshow-caption.av-kd4hz9nx-fb331aa0faaa9c578e2f07ccc45f5aa0__0 .avia-caption-content{\nfont-size:14px;\n}\n#top .avia-slideshow .av-slideshow-caption.av-kd4hz9nx-fb331aa0faaa9c578e2f07ccc45f5aa0__0 .avia-caption-content p{\nfont-size:14px;\n}\n}\n\n@media only screen and (max-width: 479px){ \n#top #wrap_all .avia-slideshow .av-slideshow-caption.av-kd4hz9nx-fb331aa0faaa9c578e2f07ccc45f5aa0__0 .avia-caption-title{\ndisplay:none;\n}\n#top .avia-slideshow .av-slideshow-caption.av-kd4hz9nx-fb331aa0faaa9c578e2f07ccc45f5aa0__0 .avia-caption-content{\ndisplay:none;\n}\n#top .avia-slideshow .av-slideshow-caption.av-kd4hz9nx-fb331aa0faaa9c578e2f07ccc45f5aa0__0 .avia-caption-content p{\ndisplay:none;\n}\n}\n<\/style>\n<div  class='avia-slideshow av-kd4hz9nx-fb331aa0faaa9c578e2f07ccc45f5aa0 avia-slideshow-featured av_slideshow_full avia-slide-slider av-slideshow-ui av-control-default av-slideshow-manual av-loop-once av-loop-manual-endless av-default-height-applied   avia-slideshow-1' data-slideshow-options=\"{&quot;animation&quot;:&quot;slide&quot;,&quot;autoplay&quot;:false,&quot;loop_autoplay&quot;:&quot;once&quot;,&quot;interval&quot;:5,&quot;loop_manual&quot;:&quot;manual-endless&quot;,&quot;autoplay_stopper&quot;:false,&quot;noNavigation&quot;:false,&quot;bg_slider&quot;:false,&quot;keep_padding&quot;:false,&quot;hoverpause&quot;:false,&quot;show_slide_delay&quot;:0}\"  itemprop=\"image\" itemscope=\"itemscope\" itemtype=\"https:\/\/schema.org\/ImageObject\" ><ul class='avia-slideshow-inner ' style='padding-bottom: 28.72411489646%;'><li  class='avia-slideshow-slide av-kd4hz9nx-fb331aa0faaa9c578e2f07ccc45f5aa0__0  av-single-slide slide-1 slide-odd'><div data-rel='slideshow-1' class='avia-slide-wrap '   ><img decoding=\"async\" fetchpriority=\"high\" class=\"wp-image-2851 avia-img-lazy-loading-not-2851\"  src=\"https:\/\/maailmanmuutos.org\/wp-content\/uploads\/2023\/08\/schengen-sopimus.jpg\" width=\"1497\" height=\"430\" title='kuvituskuvat' alt=''  itemprop=\"thumbnailUrl\" srcset=\"https:\/\/maailmanmuutos.org\/wp-content\/uploads\/2023\/08\/schengen-sopimus.jpg 1500w, https:\/\/maailmanmuutos.org\/wp-content\/uploads\/2023\/08\/schengen-sopimus-800x230.jpg 800w, https:\/\/maailmanmuutos.org\/wp-content\/uploads\/2023\/08\/schengen-sopimus-120x34.jpg 120w, https:\/\/maailmanmuutos.org\/wp-content\/uploads\/2023\/08\/schengen-sopimus-768x221.jpg 768w, https:\/\/maailmanmuutos.org\/wp-content\/uploads\/2023\/08\/schengen-sopimus-705x203.jpg 705w\" sizes=\"(max-width: 1497px) 100vw, 1497px\" \/><\/div><\/li><\/ul><\/div><\/div><div id='after_full_slider_1'  class='main_color av_default_container_wrap container_wrap sidebar_right'  ><div class='container av-section-cont-open' ><div class='template-page content  av-content-small alpha units'><div class='post-entry post-entry-type-page post-entry-1011'><div class='entry-content-wrapper clearfix'>\n\n<style type=\"text\/css\" data-created_by=\"avia_inline_auto\" id=\"style-css-av-5spn6-3d3e8ead61d02f87ad7c9f2fc625dc24\">\n.flex_column.av-5spn6-3d3e8ead61d02f87ad7c9f2fc625dc24{\nborder-radius:0px 0px 0px 0px;\npadding:0px 0px 0px 0px;\n}\n<\/style>\n<div  class='flex_column av-5spn6-3d3e8ead61d02f87ad7c9f2fc625dc24 av_one_full  avia-builder-el-1  el_after_av_slideshow_full  avia-builder-el-no-sibling  first flex_column_div av-zero-column-padding  '     ><p>\n<style type=\"text\/css\" data-created_by=\"avia_inline_auto\" id=\"style-css-av-2nv0w3-a3584abf01bcee7f87ededf773538be2\">\n#top .av-special-heading.av-2nv0w3-a3584abf01bcee7f87ededf773538be2{\npadding-bottom:10px;\n}\nbody .av-special-heading.av-2nv0w3-a3584abf01bcee7f87ededf773538be2 .av-special-heading-tag .heading-char{\nfont-size:25px;\n}\n.av-special-heading.av-2nv0w3-a3584abf01bcee7f87ededf773538be2 .av-subheading{\nfont-size:15px;\n}\n<\/style>\n<div  class='av-special-heading av-2nv0w3-a3584abf01bcee7f87ededf773538be2 av-special-heading-h1  avia-builder-el-2  el_before_av_hr  avia-builder-el-first '><h1 class='av-special-heading-tag'  itemprop=\"headline\"  >L\u00e4ntisen Euroopan integraation syveneminen <\/h1><div class=\"special-heading-border\"><div class=\"special-heading-inner-border\"><\/div><\/div><\/div><br \/>\n\n<style type=\"text\/css\" data-created_by=\"avia_inline_auto\" id=\"style-css-av-lezw3ur0-862fc69d3890db0a4c5490cac298d329\">\n#top .hr.hr-invisible.av-lezw3ur0-862fc69d3890db0a4c5490cac298d329{\nheight:50px;\n}\n<\/style>\n<div  class='hr av-lezw3ur0-862fc69d3890db0a4c5490cac298d329 hr-invisible  avia-builder-el-3  el_after_av_heading  el_before_av_textblock '><span class='hr-inner '><span class=\"hr-inner-style\"><\/span><\/span><\/div><br \/>\n<section  class='av_textblock_section av-lezr0od0-94e7bd8ef786eea3c9a8d27065495667 '   itemscope=\"itemscope\" itemtype=\"https:\/\/schema.org\/CreativeWork\" ><div class='avia_textblock'  itemprop=\"text\" ><p><strong><em>Euroopan yhteis\u00f6n laajeneminen<\/em><\/strong><\/p>\n<p>Vuonna 1957 Rooman sopimuksella perustettu Euroopan talousyhteis\u00f6 (European Economic Community, EEC) k\u00e4sitti aluksi kuusi L\u00e4nsi-Euroopan maata. Se laajeni kahden vuosikymmenen kuluessa toiminnallisesti Euroopan yhteis\u00f6ksi (European Community, EC), kun vuonna 1967 talousyhteis\u00f6\u00f6n fuusioitiin Euroopan hiili- ja ter\u00e4sliitto ja Euratom.<\/p>\n<p>Euroopan yhteis\u00f6 laajeni alueellisesti 1970-luvulla muun muassa Ison\u2013Britannian j\u00e4seneksi tulon my\u00f6t\u00e4 ja alkoi ottaa teht\u00e4v\u00e4piiriins\u00e4 yh\u00e4 enemm\u00e4n my\u00f6s poliittista yhteisty\u00f6t\u00e4.<\/p>\n<p><em><strong>Integraation hidas eteneminen<\/strong><\/em><\/p>\n<p>Integraatio syveni kuitenkin hitaasti, sill\u00e4 yritykset aikaansaada yhteinen valuutta ja omaksua toimiva yhteinen ulkopolitiikka kohtasivat vastustusta. \u201dUuden kylm\u00e4n sodan\u201d aikaan 1980-luvun alkupuoliskolla integraatiokehitys oli niin hidasta, ett\u00e4 puhuttiin Euroopan yhteis\u00f6n \u201dpys\u00e4htyneisyyden\u201d (stagnaation) tai \u201dn\u00e4ivettymisen\u201d ajasta.<\/p>\n<p><em><strong>Taloudellisia ohjelmia ja sopimuksia<\/strong><\/em><\/p>\n<p>Talouden alalla EY:n merkitys kasvoi verraten tasaisesti joskin hitaasti muun muassa Efta-maiden kanssa 1970-luvun alkupuolella tehdyn vapaakauppasopimuksen ansiosta. Taloudellinen integraatio nopeutui, kun tulevan talous- ja rahaliiton ensimm\u00e4isess\u00e4 vaiheessa rahamarkkinat vapautettiin ja laaja sis\u00e4markkinaohjelma k\u00e4ynnistyi vaiheittain 1980-luvun lopulla. Se tuli voimaan vuoden 1993 alussa, jolloin toteutui jo alun perin Rooman \u00a0sopimukseen sis\u00e4llytetty tavoite \u201dnelj\u00e4st\u00e4 vapaudesta\u201d: vapaa liikkuvuus tavaroille, palveluille, ihmisille ja p\u00e4\u00e4omille.<\/p>\n<p><em><strong>Poliittisen integraation voimistuminen<\/strong><\/em><\/p>\n<p>My\u00f6s poliittinen integraatio voimistui, kun vuodesta 1987 yhten\u00e4isasiakirjan pohjalta helpotettiin liikkumista EY-alueella ja pantiin alulle yhteisi\u00e4 ohjelmia. Schengenin sopimuksella useat L\u00e4nsi-Euroopan maat poistivat rajoiltaan tarkastukset.<\/p>\n<\/div><\/section><\/p><\/div>\n","protected":false},"excerpt":{"rendered":"","protected":false},"author":1,"featured_media":0,"parent":980,"menu_order":1,"comment_status":"closed","ping_status":"closed","template":"","meta":{"footnotes":""},"class_list":["post-1011","page","type-page","status-publish","hentry"],"_links":{"self":[{"href":"https:\/\/maailmanmuutos.org\/index.php\/wp-json\/wp\/v2\/pages\/1011","targetHints":{"allow":["GET"]}}],"collection":[{"href":"https:\/\/maailmanmuutos.org\/index.php\/wp-json\/wp\/v2\/pages"}],"about":[{"href":"https:\/\/maailmanmuutos.org\/index.php\/wp-json\/wp\/v2\/types\/page"}],"author":[{"embeddable":true,"href":"https:\/\/maailmanmuutos.org\/index.php\/wp-json\/wp\/v2\/users\/1"}],"replies":[{"embeddable":true,"href":"https:\/\/maailmanmuutos.org\/index.php\/wp-json\/wp\/v2\/comments?post=1011"}],"version-history":[{"count":14,"href":"https:\/\/maailmanmuutos.org\/index.php\/wp-json\/wp\/v2\/pages\/1011\/revisions"}],"predecessor-version":[{"id":4169,"href":"https:\/\/maailmanmuutos.org\/index.php\/wp-json\/wp\/v2\/pages\/1011\/revisions\/4169"}],"up":[{"embeddable":true,"href":"https:\/\/maailmanmuutos.org\/index.php\/wp-json\/wp\/v2\/pages\/980"}],"wp:attachment":[{"href":"https:\/\/maailmanmuutos.org\/index.php\/wp-json\/wp\/v2\/media?parent=1011"}],"curies":[{"name":"wp","href":"https:\/\/api.w.org\/{rel}","templated":true}]}}

Läntisen Euroopan integraation syveneminen

<div id='full_slider_1'  class='avia-fullwidth-slider main_color avia-shadow   avia-builder-el-0  el_before_av_one_full  avia-builder-el-first   container_wrap sidebar_right'  >
<style type="text/css" data-created_by="avia_inline_auto" id="style-css-av-kd4hz9nx-fb331aa0faaa9c578e2f07ccc45f5aa0">
#top #wrap_all .avia-slideshow .av-slideshow-caption.av-kd4hz9nx-fb331aa0faaa9c578e2f07ccc45f5aa0__0 .avia-caption-title{
font-size:22px;
}
#top .avia-slideshow .av-slideshow-caption.av-kd4hz9nx-fb331aa0faaa9c578e2f07ccc45f5aa0__0 .avia-caption-content{
font-size:14px;
}
#top .avia-slideshow .av-slideshow-caption.av-kd4hz9nx-fb331aa0faaa9c578e2f07ccc45f5aa0__0 .avia-caption-content p{
font-size:14px;
}

@media only screen and (min-width: 768px) and (max-width: 989px){ 
#top #wrap_all .avia-slideshow .av-slideshow-caption.av-kd4hz9nx-fb331aa0faaa9c578e2f07ccc45f5aa0__0 .avia-caption-title{
font-size:16px;
}
#top .avia-slideshow .av-slideshow-caption.av-kd4hz9nx-fb331aa0faaa9c578e2f07ccc45f5aa0__0 .avia-caption-content{
font-size:16px;
}
#top .avia-slideshow .av-slideshow-caption.av-kd4hz9nx-fb331aa0faaa9c578e2f07ccc45f5aa0__0 .avia-caption-content p{
font-size:16px;
}
}

@media only screen and (min-width: 480px) and (max-width: 767px){ 
#top #wrap_all .avia-slideshow .av-slideshow-caption.av-kd4hz9nx-fb331aa0faaa9c578e2f07ccc45f5aa0__0 .avia-caption-title{
font-size:14px;
}
#top .avia-slideshow .av-slideshow-caption.av-kd4hz9nx-fb331aa0faaa9c578e2f07ccc45f5aa0__0 .avia-caption-content{
font-size:14px;
}
#top .avia-slideshow .av-slideshow-caption.av-kd4hz9nx-fb331aa0faaa9c578e2f07ccc45f5aa0__0 .avia-caption-content p{
font-size:14px;
}
}

@media only screen and (max-width: 479px){ 
#top #wrap_all .avia-slideshow .av-slideshow-caption.av-kd4hz9nx-fb331aa0faaa9c578e2f07ccc45f5aa0__0 .avia-caption-title{
display:none;
}
#top .avia-slideshow .av-slideshow-caption.av-kd4hz9nx-fb331aa0faaa9c578e2f07ccc45f5aa0__0 .avia-caption-content{
display:none;
}
#top .avia-slideshow .av-slideshow-caption.av-kd4hz9nx-fb331aa0faaa9c578e2f07ccc45f5aa0__0 .avia-caption-content p{
display:none;
}
}
</style>
<div  class='avia-slideshow av-kd4hz9nx-fb331aa0faaa9c578e2f07ccc45f5aa0 avia-slideshow-featured av_slideshow_full avia-slide-slider av-slideshow-ui av-control-default av-slideshow-manual av-loop-once av-loop-manual-endless av-default-height-applied   avia-slideshow-1' data-slideshow-options="{&quot;animation&quot;:&quot;slide&quot;,&quot;autoplay&quot;:false,&quot;loop_autoplay&quot;:&quot;once&quot;,&quot;interval&quot;:5,&quot;loop_manual&quot;:&quot;manual-endless&quot;,&quot;autoplay_stopper&quot;:false,&quot;noNavigation&quot;:false,&quot;bg_slider&quot;:false,&quot;keep_padding&quot;:false,&quot;hoverpause&quot;:false,&quot;show_slide_delay&quot;:0}"  itemprop="image" itemscope="itemscope" itemtype="https://schema.org/ImageObject" ><ul class='avia-slideshow-inner ' style='padding-bottom: 28.72411489646%;'><li  class='avia-slideshow-slide av-kd4hz9nx-fb331aa0faaa9c578e2f07ccc45f5aa0__0  av-single-slide slide-1 slide-odd'><div data-rel='slideshow-1' class='avia-slide-wrap '   ><img decoding="async" fetchpriority="high" class="wp-image-2851 avia-img-lazy-loading-not-2851"  src="https://maailmanmuutos.org/wp-content/uploads/2023/08/schengen-sopimus.jpg" width="1497" height="430" title='kuvituskuvat' alt=''  itemprop="thumbnailUrl" srcset="https://maailmanmuutos.org/wp-content/uploads/2023/08/schengen-sopimus.jpg 1500w, https://maailmanmuutos.org/wp-content/uploads/2023/08/schengen-sopimus-800x230.jpg 800w, https://maailmanmuutos.org/wp-content/uploads/2023/08/schengen-sopimus-120x34.jpg 120w, https://maailmanmuutos.org/wp-content/uploads/2023/08/schengen-sopimus-768x221.jpg 768w, https://maailmanmuutos.org/wp-content/uploads/2023/08/schengen-sopimus-705x203.jpg 705w" sizes="(max-width: 1497px) 100vw, 1497px" /></div></li></ul></div></div><div id='after_full_slider_1'  class='main_color av_default_container_wrap container_wrap sidebar_right'  ><div class='container av-section-cont-open' ><div class='template-page content  av-content-small alpha units'><div class='post-entry post-entry-type-page post-entry-1011'><div class='entry-content-wrapper clearfix'>

<style type="text/css" data-created_by="avia_inline_auto" id="style-css-av-5spn6-3d3e8ead61d02f87ad7c9f2fc625dc24">
.flex_column.av-5spn6-3d3e8ead61d02f87ad7c9f2fc625dc24{
border-radius:0px 0px 0px 0px;
padding:0px 0px 0px 0px;
}
</style>
<div  class='flex_column av-5spn6-3d3e8ead61d02f87ad7c9f2fc625dc24 av_one_full  avia-builder-el-1  el_after_av_slideshow_full  avia-builder-el-no-sibling  first flex_column_div av-zero-column-padding  '     ><p>
<style type="text/css" data-created_by="avia_inline_auto" id="style-css-av-2nv0w3-a3584abf01bcee7f87ededf773538be2">
#top .av-special-heading.av-2nv0w3-a3584abf01bcee7f87ededf773538be2{
padding-bottom:10px;
}
body .av-special-heading.av-2nv0w3-a3584abf01bcee7f87ededf773538be2 .av-special-heading-tag .heading-char{
font-size:25px;
}
.av-special-heading.av-2nv0w3-a3584abf01bcee7f87ededf773538be2 .av-subheading{
font-size:15px;
}
</style>
<div  class='av-special-heading av-2nv0w3-a3584abf01bcee7f87ededf773538be2 av-special-heading-h1  avia-builder-el-2  el_before_av_hr  avia-builder-el-first '><h1 class='av-special-heading-tag'  itemprop="headline"  >Läntisen Euroopan integraation syveneminen </h1><div class="special-heading-border"><div class="special-heading-inner-border"></div></div></div><br />

<style type="text/css" data-created_by="avia_inline_auto" id="style-css-av-lezw3ur0-862fc69d3890db0a4c5490cac298d329">
#top .hr.hr-invisible.av-lezw3ur0-862fc69d3890db0a4c5490cac298d329{
height:50px;
}
</style>
<div  class='hr av-lezw3ur0-862fc69d3890db0a4c5490cac298d329 hr-invisible  avia-builder-el-3  el_after_av_heading  el_before_av_textblock '><span class='hr-inner '><span class="hr-inner-style"></span></span></div><br />
<section  class='av_textblock_section av-lezr0od0-94e7bd8ef786eea3c9a8d27065495667 '   itemscope="itemscope" itemtype="https://schema.org/CreativeWork" ><div class='avia_textblock'  itemprop="text" ><p><strong><em>Euroopan yhteisön laajeneminen</em></strong></p>
<p>Vuonna 1957 Rooman sopimuksella perustettu Euroopan talousyhteisö (European Economic Community, EEC) käsitti aluksi kuusi Länsi-Euroopan maata. Se laajeni kahden vuosikymmenen kuluessa toiminnallisesti Euroopan yhteisöksi (European Community, EC), kun vuonna 1967 talousyhteisöön fuusioitiin Euroopan hiili- ja teräsliitto ja Euratom.</p>
<p>Euroopan yhteisö laajeni alueellisesti 1970-luvulla muun muassa Ison–Britannian jäseneksi tulon myötä ja alkoi ottaa tehtäväpiiriinsä yhä enemmän myös poliittista yhteistyötä.</p>
<p><em><strong>Integraation hidas eteneminen</strong></em></p>
<p>Integraatio syveni kuitenkin hitaasti, sillä yritykset aikaansaada yhteinen valuutta ja omaksua toimiva yhteinen ulkopolitiikka kohtasivat vastustusta. ”Uuden kylmän sodan” aikaan 1980-luvun alkupuoliskolla integraatiokehitys oli niin hidasta, että puhuttiin Euroopan yhteisön ”pysähtyneisyyden” (stagnaation) tai ”näivettymisen” ajasta.</p>
<p><em><strong>Taloudellisia ohjelmia ja sopimuksia</strong></em></p>
<p>Talouden alalla EY:n merkitys kasvoi verraten tasaisesti joskin hitaasti muun muassa Efta-maiden kanssa 1970-luvun alkupuolella tehdyn vapaakauppasopimuksen ansiosta. Taloudellinen integraatio nopeutui, kun tulevan talous- ja rahaliiton ensimmäisessä vaiheessa rahamarkkinat vapautettiin ja laaja sisämarkkinaohjelma käynnistyi vaiheittain 1980-luvun lopulla. Se tuli voimaan vuoden 1993 alussa, jolloin toteutui jo alun perin Rooman  sopimukseen sisällytetty tavoite ”neljästä vapaudesta”: vapaa liikkuvuus tavaroille, palveluille, ihmisille ja pääomille.</p>
<p><em><strong>Poliittisen integraation voimistuminen</strong></em></p>
<p>Myös poliittinen integraatio voimistui, kun vuodesta 1987 yhtenäisasiakirjan pohjalta helpotettiin liikkumista EY-alueella ja pantiin alulle yhteisiä ohjelmia. Schengenin sopimuksella useat Länsi-Euroopan maat poistivat rajoiltaan tarkastukset.</p>
</div></section></p></div>
