{"id":1099,"date":"2023-03-08T17:46:16","date_gmt":"2023-03-08T17:46:16","guid":{"rendered":"http:\/\/us.ylirotu.fi\/index.php\/maailman-muutos\/euroopan-turvallisuuspoliittinen-kehitys-1990-luvulla\/jugoslavian-hajoamissodat-2\/"},"modified":"2023-08-13T16:05:35","modified_gmt":"2023-08-13T16:05:35","slug":"osavaltioiden-itsenaistymispyrkimykset","status":"publish","type":"page","link":"https:\/\/maailmanmuutos.org\/index.php\/kylmasta-sodasta-2000-luvulle\/euroopan-turvallisuuspoliittinen-kehitys-1990-luvulla\/jugoslavian-hajoamissodat\/osavaltioiden-itsenaistymispyrkimykset\/","title":{"rendered":"Osavaltioiden\u00a0itsen\u00e4istymispyrkimykset\u00a0"},"content":{"rendered":"<div id='full_slider_1'  class='avia-fullwidth-slider main_color avia-shadow   avia-builder-el-0  el_before_av_one_full  avia-builder-el-first   container_wrap sidebar_right'  >\n<style type=\"text\/css\" data-created_by=\"avia_inline_auto\" id=\"style-css-av-kd4hz9nx-fb331aa0faaa9c578e2f07ccc45f5aa0\">\n#top #wrap_all .avia-slideshow .av-slideshow-caption.av-kd4hz9nx-fb331aa0faaa9c578e2f07ccc45f5aa0__0 .avia-caption-title{\nfont-size:22px;\n}\n#top .avia-slideshow .av-slideshow-caption.av-kd4hz9nx-fb331aa0faaa9c578e2f07ccc45f5aa0__0 .avia-caption-content{\nfont-size:14px;\n}\n#top .avia-slideshow .av-slideshow-caption.av-kd4hz9nx-fb331aa0faaa9c578e2f07ccc45f5aa0__0 .avia-caption-content p{\nfont-size:14px;\n}\n\n@media only screen and (min-width: 768px) and (max-width: 989px){ \n#top #wrap_all .avia-slideshow .av-slideshow-caption.av-kd4hz9nx-fb331aa0faaa9c578e2f07ccc45f5aa0__0 .avia-caption-title{\nfont-size:16px;\n}\n#top .avia-slideshow .av-slideshow-caption.av-kd4hz9nx-fb331aa0faaa9c578e2f07ccc45f5aa0__0 .avia-caption-content{\nfont-size:16px;\n}\n#top .avia-slideshow .av-slideshow-caption.av-kd4hz9nx-fb331aa0faaa9c578e2f07ccc45f5aa0__0 .avia-caption-content p{\nfont-size:16px;\n}\n}\n\n@media only screen and (min-width: 480px) and (max-width: 767px){ \n#top #wrap_all .avia-slideshow .av-slideshow-caption.av-kd4hz9nx-fb331aa0faaa9c578e2f07ccc45f5aa0__0 .avia-caption-title{\nfont-size:14px;\n}\n#top .avia-slideshow .av-slideshow-caption.av-kd4hz9nx-fb331aa0faaa9c578e2f07ccc45f5aa0__0 .avia-caption-content{\nfont-size:14px;\n}\n#top .avia-slideshow .av-slideshow-caption.av-kd4hz9nx-fb331aa0faaa9c578e2f07ccc45f5aa0__0 .avia-caption-content p{\nfont-size:14px;\n}\n}\n\n@media only screen and (max-width: 479px){ \n#top #wrap_all .avia-slideshow .av-slideshow-caption.av-kd4hz9nx-fb331aa0faaa9c578e2f07ccc45f5aa0__0 .avia-caption-title{\ndisplay:none;\n}\n#top .avia-slideshow .av-slideshow-caption.av-kd4hz9nx-fb331aa0faaa9c578e2f07ccc45f5aa0__0 .avia-caption-content{\ndisplay:none;\n}\n#top .avia-slideshow .av-slideshow-caption.av-kd4hz9nx-fb331aa0faaa9c578e2f07ccc45f5aa0__0 .avia-caption-content p{\ndisplay:none;\n}\n}\n<\/style>\n<div  class='avia-slideshow av-kd4hz9nx-fb331aa0faaa9c578e2f07ccc45f5aa0 avia-slideshow-featured av_slideshow_full avia-slide-slider av-slideshow-ui av-control-default av-slideshow-manual av-loop-once av-loop-manual-endless av-default-height-applied   avia-slideshow-1' data-slideshow-options=\"{&quot;animation&quot;:&quot;slide&quot;,&quot;autoplay&quot;:false,&quot;loop_autoplay&quot;:&quot;once&quot;,&quot;interval&quot;:5,&quot;loop_manual&quot;:&quot;manual-endless&quot;,&quot;autoplay_stopper&quot;:false,&quot;noNavigation&quot;:false,&quot;bg_slider&quot;:false,&quot;keep_padding&quot;:false,&quot;hoverpause&quot;:false,&quot;show_slide_delay&quot;:0}\"  itemprop=\"image\" itemscope=\"itemscope\" itemtype=\"https:\/\/schema.org\/ImageObject\" ><ul class='avia-slideshow-inner ' style='padding-bottom: 28.72411489646%;'><li  class='avia-slideshow-slide av-kd4hz9nx-fb331aa0faaa9c578e2f07ccc45f5aa0__0  av-single-slide slide-1 slide-odd'><div data-rel='slideshow-1' class='avia-slide-wrap '   ><img decoding=\"async\" fetchpriority=\"high\" class=\"wp-image-2983 avia-img-lazy-loading-not-2983\"  src=\"https:\/\/maailmanmuutos.org\/wp-content\/uploads\/2023\/08\/jugoslavian-hajoamissodat-pakolaiset.jpg\" width=\"1497\" height=\"430\" title='kuvituskuvat' alt=''  itemprop=\"thumbnailUrl\" srcset=\"https:\/\/maailmanmuutos.org\/wp-content\/uploads\/2023\/08\/jugoslavian-hajoamissodat-pakolaiset.jpg 1500w, https:\/\/maailmanmuutos.org\/wp-content\/uploads\/2023\/08\/jugoslavian-hajoamissodat-pakolaiset-800x230.jpg 800w, https:\/\/maailmanmuutos.org\/wp-content\/uploads\/2023\/08\/jugoslavian-hajoamissodat-pakolaiset-120x34.jpg 120w, https:\/\/maailmanmuutos.org\/wp-content\/uploads\/2023\/08\/jugoslavian-hajoamissodat-pakolaiset-768x221.jpg 768w, https:\/\/maailmanmuutos.org\/wp-content\/uploads\/2023\/08\/jugoslavian-hajoamissodat-pakolaiset-705x203.jpg 705w\" sizes=\"(max-width: 1497px) 100vw, 1497px\" \/><\/div><\/li><\/ul><\/div><\/div><div id='after_full_slider_1'  class='main_color av_default_container_wrap container_wrap sidebar_right'  ><div class='container av-section-cont-open' ><div class='template-page content  av-content-small alpha units'><div class='post-entry post-entry-type-page post-entry-1099'><div class='entry-content-wrapper clearfix'>\n\n<style type=\"text\/css\" data-created_by=\"avia_inline_auto\" id=\"style-css-av-5spn6-3d3e8ead61d02f87ad7c9f2fc625dc24\">\n.flex_column.av-5spn6-3d3e8ead61d02f87ad7c9f2fc625dc24{\nborder-radius:0px 0px 0px 0px;\npadding:0px 0px 0px 0px;\n}\n<\/style>\n<div  class='flex_column av-5spn6-3d3e8ead61d02f87ad7c9f2fc625dc24 av_one_full  avia-builder-el-1  el_after_av_slideshow_full  avia-builder-el-no-sibling  first flex_column_div av-zero-column-padding  '     ><p>\n<style type=\"text\/css\" data-created_by=\"avia_inline_auto\" id=\"style-css-av-22yhwr-d17ca3ae8a35c162bf8c1317449ba6af\">\n#top .av-special-heading.av-22yhwr-d17ca3ae8a35c162bf8c1317449ba6af{\npadding-bottom:10px;\n}\nbody .av-special-heading.av-22yhwr-d17ca3ae8a35c162bf8c1317449ba6af .av-special-heading-tag .heading-char{\nfont-size:25px;\n}\n.av-special-heading.av-22yhwr-d17ca3ae8a35c162bf8c1317449ba6af .av-subheading{\nfont-size:15px;\n}\n<\/style>\n<div  class='av-special-heading av-22yhwr-d17ca3ae8a35c162bf8c1317449ba6af av-special-heading-h1  avia-builder-el-2  el_before_av_textblock  avia-builder-el-first '><h1 class='av-special-heading-tag'  itemprop=\"headline\"  >Osavaltioiden itsen\u00e4istymispyrkimykset <\/h1><div class=\"special-heading-border\"><div class=\"special-heading-inner-border\"><\/div><\/div><\/div><br \/>\n<section  class='av_textblock_section av-lezr0od0-94e7bd8ef786eea3c9a8d27065495667 '   itemscope=\"itemscope\" itemtype=\"https:\/\/schema.org\/CreativeWork\" ><div class='avia_textblock'  itemprop=\"text\" ><p><em><strong>Kahdeksan osavaltiota tai autonomista aluetta<\/strong><\/em><\/p>\n<p>Jugoslaviassa oli kylm\u00e4n sodan p\u00e4\u00e4ttyess\u00e4 noin 23 miljoonaa asukasta. Kahdeksaan osavaltioon tai autonomiseen alueeseen jakautunutta liittovaltiota pitiv\u00e4t koossa l\u00e4hinn\u00e4 Jugoslavian kommunistinen puolue, armeija ja rautatiet. Talousasioissa osavaltiot ja yritykset olivat olleet varsin itsen\u00e4isi\u00e4.<\/p>\n<p>Kansallisuusliikehdint\u00e4\u00e4n ja osavaltioiden itsen\u00e4istymishankkeisiin olivat t\u00e4rke\u00e4n\u00e4 syyn\u00e4 varallisuuserot, ja my\u00f6s uskonnollista jakautumaa k\u00e4ytettiin hyv\u00e4ksi valtakamppailussa.<\/p>\n<p><em><strong>Uskonto mukaan politiikkaan<\/strong><\/em><\/p>\n<p>On kuitenkin huomattava, ett\u00e4 eri uskontokunnat olivat tottuneet el\u00e4m\u00e4\u00e4n toistensa kanssa, eik\u00e4 uskonnollisia \u00e4\u00e4riliikkeit\u00e4 juuri esiintynyt. Poliittisen ja sotilaallisen valtakamppailun kiihtyess\u00e4 osapuolet mobilisoivat my\u00f6s uskonnolliset ryhm\u00e4t siihen mukaan.<\/p>\n<p><em><strong>Osavaltioissa itsen\u00e4istymispaineita<\/strong><\/em><\/p>\n<p>Jugoslaviassa seurattiin tarkoin it\u00e4blokin hajoamisprosessia ja Saksan yhdistymist\u00e4. Noin miljoona Jugoslavian kansalaista ty\u00f6skenteli Saksassa ja It\u00e4vallassa. Heist\u00e4 suuri osa oli kroaatteja. Naapurimaiden dramaattiset tapahtumat kasvattivat my\u00f6s Jugoslaviassa vaatimuksia monipuoluej\u00e4rjestelm\u00e4st\u00e4 ja osavaltioiden itsem\u00e4\u00e4r\u00e4\u00e4misoikeuden lis\u00e4\u00e4misest\u00e4. Osavaltioiden vaaleissa p\u00e4\u00e4siv\u00e4t voitolle jyrk\u00e4n kansallismieliset ja itsen\u00e4istymist\u00e4 vaatineet puolueet.<\/p>\n<\/div><\/section><\/p><\/div>\n","protected":false},"excerpt":{"rendered":"","protected":false},"author":1,"featured_media":0,"parent":1092,"menu_order":1,"comment_status":"closed","ping_status":"closed","template":"","meta":{"footnotes":""},"class_list":["post-1099","page","type-page","status-publish","hentry"],"_links":{"self":[{"href":"https:\/\/maailmanmuutos.org\/index.php\/wp-json\/wp\/v2\/pages\/1099","targetHints":{"allow":["GET"]}}],"collection":[{"href":"https:\/\/maailmanmuutos.org\/index.php\/wp-json\/wp\/v2\/pages"}],"about":[{"href":"https:\/\/maailmanmuutos.org\/index.php\/wp-json\/wp\/v2\/types\/page"}],"author":[{"embeddable":true,"href":"https:\/\/maailmanmuutos.org\/index.php\/wp-json\/wp\/v2\/users\/1"}],"replies":[{"embeddable":true,"href":"https:\/\/maailmanmuutos.org\/index.php\/wp-json\/wp\/v2\/comments?post=1099"}],"version-history":[{"count":7,"href":"https:\/\/maailmanmuutos.org\/index.php\/wp-json\/wp\/v2\/pages\/1099\/revisions"}],"predecessor-version":[{"id":2982,"href":"https:\/\/maailmanmuutos.org\/index.php\/wp-json\/wp\/v2\/pages\/1099\/revisions\/2982"}],"up":[{"embeddable":true,"href":"https:\/\/maailmanmuutos.org\/index.php\/wp-json\/wp\/v2\/pages\/1092"}],"wp:attachment":[{"href":"https:\/\/maailmanmuutos.org\/index.php\/wp-json\/wp\/v2\/media?parent=1099"}],"curies":[{"name":"wp","href":"https:\/\/api.w.org\/{rel}","templated":true}]}}

Osavaltioiden itsenäistymispyrkimykset

<div id='full_slider_1'  class='avia-fullwidth-slider main_color avia-shadow   avia-builder-el-0  el_before_av_one_full  avia-builder-el-first   container_wrap sidebar_right'  >
<style type="text/css" data-created_by="avia_inline_auto" id="style-css-av-kd4hz9nx-fb331aa0faaa9c578e2f07ccc45f5aa0">
#top #wrap_all .avia-slideshow .av-slideshow-caption.av-kd4hz9nx-fb331aa0faaa9c578e2f07ccc45f5aa0__0 .avia-caption-title{
font-size:22px;
}
#top .avia-slideshow .av-slideshow-caption.av-kd4hz9nx-fb331aa0faaa9c578e2f07ccc45f5aa0__0 .avia-caption-content{
font-size:14px;
}
#top .avia-slideshow .av-slideshow-caption.av-kd4hz9nx-fb331aa0faaa9c578e2f07ccc45f5aa0__0 .avia-caption-content p{
font-size:14px;
}

@media only screen and (min-width: 768px) and (max-width: 989px){ 
#top #wrap_all .avia-slideshow .av-slideshow-caption.av-kd4hz9nx-fb331aa0faaa9c578e2f07ccc45f5aa0__0 .avia-caption-title{
font-size:16px;
}
#top .avia-slideshow .av-slideshow-caption.av-kd4hz9nx-fb331aa0faaa9c578e2f07ccc45f5aa0__0 .avia-caption-content{
font-size:16px;
}
#top .avia-slideshow .av-slideshow-caption.av-kd4hz9nx-fb331aa0faaa9c578e2f07ccc45f5aa0__0 .avia-caption-content p{
font-size:16px;
}
}

@media only screen and (min-width: 480px) and (max-width: 767px){ 
#top #wrap_all .avia-slideshow .av-slideshow-caption.av-kd4hz9nx-fb331aa0faaa9c578e2f07ccc45f5aa0__0 .avia-caption-title{
font-size:14px;
}
#top .avia-slideshow .av-slideshow-caption.av-kd4hz9nx-fb331aa0faaa9c578e2f07ccc45f5aa0__0 .avia-caption-content{
font-size:14px;
}
#top .avia-slideshow .av-slideshow-caption.av-kd4hz9nx-fb331aa0faaa9c578e2f07ccc45f5aa0__0 .avia-caption-content p{
font-size:14px;
}
}

@media only screen and (max-width: 479px){ 
#top #wrap_all .avia-slideshow .av-slideshow-caption.av-kd4hz9nx-fb331aa0faaa9c578e2f07ccc45f5aa0__0 .avia-caption-title{
display:none;
}
#top .avia-slideshow .av-slideshow-caption.av-kd4hz9nx-fb331aa0faaa9c578e2f07ccc45f5aa0__0 .avia-caption-content{
display:none;
}
#top .avia-slideshow .av-slideshow-caption.av-kd4hz9nx-fb331aa0faaa9c578e2f07ccc45f5aa0__0 .avia-caption-content p{
display:none;
}
}
</style>
<div  class='avia-slideshow av-kd4hz9nx-fb331aa0faaa9c578e2f07ccc45f5aa0 avia-slideshow-featured av_slideshow_full avia-slide-slider av-slideshow-ui av-control-default av-slideshow-manual av-loop-once av-loop-manual-endless av-default-height-applied   avia-slideshow-1' data-slideshow-options="{&quot;animation&quot;:&quot;slide&quot;,&quot;autoplay&quot;:false,&quot;loop_autoplay&quot;:&quot;once&quot;,&quot;interval&quot;:5,&quot;loop_manual&quot;:&quot;manual-endless&quot;,&quot;autoplay_stopper&quot;:false,&quot;noNavigation&quot;:false,&quot;bg_slider&quot;:false,&quot;keep_padding&quot;:false,&quot;hoverpause&quot;:false,&quot;show_slide_delay&quot;:0}"  itemprop="image" itemscope="itemscope" itemtype="https://schema.org/ImageObject" ><ul class='avia-slideshow-inner ' style='padding-bottom: 28.72411489646%;'><li  class='avia-slideshow-slide av-kd4hz9nx-fb331aa0faaa9c578e2f07ccc45f5aa0__0  av-single-slide slide-1 slide-odd'><div data-rel='slideshow-1' class='avia-slide-wrap '   ><img decoding="async" fetchpriority="high" class="wp-image-2983 avia-img-lazy-loading-not-2983"  src="https://maailmanmuutos.org/wp-content/uploads/2023/08/jugoslavian-hajoamissodat-pakolaiset.jpg" width="1497" height="430" title='kuvituskuvat' alt=''  itemprop="thumbnailUrl" srcset="https://maailmanmuutos.org/wp-content/uploads/2023/08/jugoslavian-hajoamissodat-pakolaiset.jpg 1500w, https://maailmanmuutos.org/wp-content/uploads/2023/08/jugoslavian-hajoamissodat-pakolaiset-800x230.jpg 800w, https://maailmanmuutos.org/wp-content/uploads/2023/08/jugoslavian-hajoamissodat-pakolaiset-120x34.jpg 120w, https://maailmanmuutos.org/wp-content/uploads/2023/08/jugoslavian-hajoamissodat-pakolaiset-768x221.jpg 768w, https://maailmanmuutos.org/wp-content/uploads/2023/08/jugoslavian-hajoamissodat-pakolaiset-705x203.jpg 705w" sizes="(max-width: 1497px) 100vw, 1497px" /></div></li></ul></div></div><div id='after_full_slider_1'  class='main_color av_default_container_wrap container_wrap sidebar_right'  ><div class='container av-section-cont-open' ><div class='template-page content  av-content-small alpha units'><div class='post-entry post-entry-type-page post-entry-1099'><div class='entry-content-wrapper clearfix'>

<style type="text/css" data-created_by="avia_inline_auto" id="style-css-av-5spn6-3d3e8ead61d02f87ad7c9f2fc625dc24">
.flex_column.av-5spn6-3d3e8ead61d02f87ad7c9f2fc625dc24{
border-radius:0px 0px 0px 0px;
padding:0px 0px 0px 0px;
}
</style>
<div  class='flex_column av-5spn6-3d3e8ead61d02f87ad7c9f2fc625dc24 av_one_full  avia-builder-el-1  el_after_av_slideshow_full  avia-builder-el-no-sibling  first flex_column_div av-zero-column-padding  '     ><p>
<style type="text/css" data-created_by="avia_inline_auto" id="style-css-av-22yhwr-d17ca3ae8a35c162bf8c1317449ba6af">
#top .av-special-heading.av-22yhwr-d17ca3ae8a35c162bf8c1317449ba6af{
padding-bottom:10px;
}
body .av-special-heading.av-22yhwr-d17ca3ae8a35c162bf8c1317449ba6af .av-special-heading-tag .heading-char{
font-size:25px;
}
.av-special-heading.av-22yhwr-d17ca3ae8a35c162bf8c1317449ba6af .av-subheading{
font-size:15px;
}
</style>
<div  class='av-special-heading av-22yhwr-d17ca3ae8a35c162bf8c1317449ba6af av-special-heading-h1  avia-builder-el-2  el_before_av_textblock  avia-builder-el-first '><h1 class='av-special-heading-tag'  itemprop="headline"  >Osavaltioiden itsenäistymispyrkimykset </h1><div class="special-heading-border"><div class="special-heading-inner-border"></div></div></div><br />
<section  class='av_textblock_section av-lezr0od0-94e7bd8ef786eea3c9a8d27065495667 '   itemscope="itemscope" itemtype="https://schema.org/CreativeWork" ><div class='avia_textblock'  itemprop="text" ><p><em><strong>Kahdeksan osavaltiota tai autonomista aluetta</strong></em></p>
<p>Jugoslaviassa oli kylmän sodan päättyessä noin 23 miljoonaa asukasta. Kahdeksaan osavaltioon tai autonomiseen alueeseen jakautunutta liittovaltiota pitivät koossa lähinnä Jugoslavian kommunistinen puolue, armeija ja rautatiet. Talousasioissa osavaltiot ja yritykset olivat olleet varsin itsenäisiä.</p>
<p>Kansallisuusliikehdintään ja osavaltioiden itsenäistymishankkeisiin olivat tärkeänä syynä varallisuuserot, ja myös uskonnollista jakautumaa käytettiin hyväksi valtakamppailussa.</p>
<p><em><strong>Uskonto mukaan politiikkaan</strong></em></p>
<p>On kuitenkin huomattava, että eri uskontokunnat olivat tottuneet elämään toistensa kanssa, eikä uskonnollisia ääriliikkeitä juuri esiintynyt. Poliittisen ja sotilaallisen valtakamppailun kiihtyessä osapuolet mobilisoivat myös uskonnolliset ryhmät siihen mukaan.</p>
<p><em><strong>Osavaltioissa itsenäistymispaineita</strong></em></p>
<p>Jugoslaviassa seurattiin tarkoin itäblokin hajoamisprosessia ja Saksan yhdistymistä. Noin miljoona Jugoslavian kansalaista työskenteli Saksassa ja Itävallassa. Heistä suuri osa oli kroaatteja. Naapurimaiden dramaattiset tapahtumat kasvattivat myös Jugoslaviassa vaatimuksia monipuoluejärjestelmästä ja osavaltioiden itsemääräämisoikeuden lisäämisestä. Osavaltioiden vaaleissa pääsivät voitolle jyrkän kansallismieliset ja itsenäistymistä vaatineet puolueet.</p>
</div></section></p></div>
