{"id":1106,"date":"2023-03-08T17:47:58","date_gmt":"2023-03-08T17:47:58","guid":{"rendered":"http:\/\/us.ylirotu.fi\/?page_id=1106"},"modified":"2023-08-15T10:51:18","modified_gmt":"2023-08-15T10:51:18","slug":"yhdysvaltojen-asevoimat-kylman-sodan-jalkeen","status":"publish","type":"page","link":"https:\/\/maailmanmuutos.org\/index.php\/kylmasta-sodasta-2000-luvulle\/yhdysvallat-ja-sota-terrorismia-vastaan\/yhdysvallat-maailmanmahtina\/yhdysvaltojen-asevoimat-kylman-sodan-jalkeen\/","title":{"rendered":"Yhdysvaltojen asevoimat kylm\u00e4n sodan j\u00e4lkeen\u00a0"},"content":{"rendered":"<div id='full_slider_1'  class='avia-fullwidth-slider main_color avia-shadow   avia-builder-el-0  el_before_av_one_full  avia-builder-el-first   container_wrap sidebar_right'  >\n<style type=\"text\/css\" data-created_by=\"avia_inline_auto\" id=\"style-css-av-kd4hz9nx-fb331aa0faaa9c578e2f07ccc45f5aa0\">\n#top #wrap_all .avia-slideshow .av-slideshow-caption.av-kd4hz9nx-fb331aa0faaa9c578e2f07ccc45f5aa0__0 .avia-caption-title{\nfont-size:22px;\n}\n#top .avia-slideshow .av-slideshow-caption.av-kd4hz9nx-fb331aa0faaa9c578e2f07ccc45f5aa0__0 .avia-caption-content{\nfont-size:14px;\n}\n#top .avia-slideshow .av-slideshow-caption.av-kd4hz9nx-fb331aa0faaa9c578e2f07ccc45f5aa0__0 .avia-caption-content p{\nfont-size:14px;\n}\n\n@media only screen and (min-width: 768px) and (max-width: 989px){ \n#top #wrap_all .avia-slideshow .av-slideshow-caption.av-kd4hz9nx-fb331aa0faaa9c578e2f07ccc45f5aa0__0 .avia-caption-title{\nfont-size:16px;\n}\n#top .avia-slideshow .av-slideshow-caption.av-kd4hz9nx-fb331aa0faaa9c578e2f07ccc45f5aa0__0 .avia-caption-content{\nfont-size:16px;\n}\n#top .avia-slideshow .av-slideshow-caption.av-kd4hz9nx-fb331aa0faaa9c578e2f07ccc45f5aa0__0 .avia-caption-content p{\nfont-size:16px;\n}\n}\n\n@media only screen and (min-width: 480px) and (max-width: 767px){ \n#top #wrap_all .avia-slideshow .av-slideshow-caption.av-kd4hz9nx-fb331aa0faaa9c578e2f07ccc45f5aa0__0 .avia-caption-title{\nfont-size:14px;\n}\n#top .avia-slideshow .av-slideshow-caption.av-kd4hz9nx-fb331aa0faaa9c578e2f07ccc45f5aa0__0 .avia-caption-content{\nfont-size:14px;\n}\n#top .avia-slideshow .av-slideshow-caption.av-kd4hz9nx-fb331aa0faaa9c578e2f07ccc45f5aa0__0 .avia-caption-content p{\nfont-size:14px;\n}\n}\n\n@media only screen and (max-width: 479px){ \n#top #wrap_all .avia-slideshow .av-slideshow-caption.av-kd4hz9nx-fb331aa0faaa9c578e2f07ccc45f5aa0__0 .avia-caption-title{\ndisplay:none;\n}\n#top .avia-slideshow .av-slideshow-caption.av-kd4hz9nx-fb331aa0faaa9c578e2f07ccc45f5aa0__0 .avia-caption-content{\ndisplay:none;\n}\n#top .avia-slideshow .av-slideshow-caption.av-kd4hz9nx-fb331aa0faaa9c578e2f07ccc45f5aa0__0 .avia-caption-content p{\ndisplay:none;\n}\n}\n<\/style>\n<div  class='avia-slideshow av-kd4hz9nx-fb331aa0faaa9c578e2f07ccc45f5aa0 avia-slideshow-featured av_slideshow_full avia-slide-slider av-slideshow-ui av-control-default av-slideshow-manual av-loop-once av-loop-manual-endless av-default-height-applied   avia-slideshow-1' data-slideshow-options=\"{&quot;animation&quot;:&quot;slide&quot;,&quot;autoplay&quot;:false,&quot;loop_autoplay&quot;:&quot;once&quot;,&quot;interval&quot;:5,&quot;loop_manual&quot;:&quot;manual-endless&quot;,&quot;autoplay_stopper&quot;:false,&quot;noNavigation&quot;:false,&quot;bg_slider&quot;:false,&quot;keep_padding&quot;:false,&quot;hoverpause&quot;:false,&quot;show_slide_delay&quot;:0}\"  itemprop=\"image\" itemscope=\"itemscope\" itemtype=\"https:\/\/schema.org\/ImageObject\" ><ul class='avia-slideshow-inner ' style='padding-bottom: 28.72411489646%;'><li  class='avia-slideshow-slide av-kd4hz9nx-fb331aa0faaa9c578e2f07ccc45f5aa0__0  av-single-slide slide-1 slide-odd'><div data-rel='slideshow-1' class='avia-slide-wrap '   ><img decoding=\"async\" fetchpriority=\"high\" class=\"wp-image-3356 avia-img-lazy-loading-not-3356\"  src=\"https:\/\/maailmanmuutos.org\/wp-content\/uploads\/2023\/08\/yhdysvaltainasevoimatkylmansodanjalkeen.jpg\" width=\"1497\" height=\"430\" title='yhdysvaltainasevoimatkylmansodanjalkeen' alt=''  itemprop=\"thumbnailUrl\" srcset=\"https:\/\/maailmanmuutos.org\/wp-content\/uploads\/2023\/08\/yhdysvaltainasevoimatkylmansodanjalkeen.jpg 1500w, https:\/\/maailmanmuutos.org\/wp-content\/uploads\/2023\/08\/yhdysvaltainasevoimatkylmansodanjalkeen-800x230.jpg 800w, https:\/\/maailmanmuutos.org\/wp-content\/uploads\/2023\/08\/yhdysvaltainasevoimatkylmansodanjalkeen-120x34.jpg 120w, https:\/\/maailmanmuutos.org\/wp-content\/uploads\/2023\/08\/yhdysvaltainasevoimatkylmansodanjalkeen-768x221.jpg 768w, https:\/\/maailmanmuutos.org\/wp-content\/uploads\/2023\/08\/yhdysvaltainasevoimatkylmansodanjalkeen-705x203.jpg 705w\" sizes=\"(max-width: 1497px) 100vw, 1497px\" \/><\/div><\/li><\/ul><\/div><\/div><div id='after_full_slider_1'  class='main_color av_default_container_wrap container_wrap sidebar_right'  ><div class='container av-section-cont-open' ><div class='template-page content  av-content-small alpha units'><div class='post-entry post-entry-type-page post-entry-1106'><div class='entry-content-wrapper clearfix'>\n\n<style type=\"text\/css\" data-created_by=\"avia_inline_auto\" id=\"style-css-av-5spn6-3d3e8ead61d02f87ad7c9f2fc625dc24\">\n.flex_column.av-5spn6-3d3e8ead61d02f87ad7c9f2fc625dc24{\nborder-radius:0px 0px 0px 0px;\npadding:0px 0px 0px 0px;\n}\n<\/style>\n<div  class='flex_column av-5spn6-3d3e8ead61d02f87ad7c9f2fc625dc24 av_one_full  avia-builder-el-1  el_after_av_slideshow_full  el_before_av_textblock  avia-builder-el-first  first flex_column_div av-zero-column-padding  '     ><p>\n<style type=\"text\/css\" data-created_by=\"avia_inline_auto\" id=\"style-css-av-ljnxlxg4-ebc8c73ce9c47fd4747c930b56ff9473\">\n#top .av-special-heading.av-ljnxlxg4-ebc8c73ce9c47fd4747c930b56ff9473{\npadding-bottom:10px;\n}\nbody .av-special-heading.av-ljnxlxg4-ebc8c73ce9c47fd4747c930b56ff9473 .av-special-heading-tag .heading-char{\nfont-size:25px;\n}\n.av-special-heading.av-ljnxlxg4-ebc8c73ce9c47fd4747c930b56ff9473 .av-subheading{\nfont-size:15px;\n}\n<\/style>\n<div  class='av-special-heading av-ljnxlxg4-ebc8c73ce9c47fd4747c930b56ff9473 av-special-heading-h1  avia-builder-el-2  el_before_av_hr  avia-builder-el-first '><h1 class='av-special-heading-tag'  itemprop=\"headline\"  >Yhdysvaltojen asevoimat kylm\u00e4n sodan j\u00e4lkeen <\/h1><div class=\"special-heading-border\"><div class=\"special-heading-inner-border\"><\/div><\/div><\/div><br \/>\n\n<style type=\"text\/css\" data-created_by=\"avia_inline_auto\" id=\"style-css-av-lezz2odb-7fa177ee2c8bfe8008c997c47f4006f1\">\n#top .hr.hr-invisible.av-lezz2odb-7fa177ee2c8bfe8008c997c47f4006f1{\nheight:50px;\n}\n<\/style>\n<div  class='hr av-lezz2odb-7fa177ee2c8bfe8008c997c47f4006f1 hr-invisible  avia-builder-el-3  el_after_av_heading  el_before_av_textblock '><span class='hr-inner '><span class=\"hr-inner-style\"><\/span><\/span><\/div><br \/>\n<section  class='av_textblock_section av-lezr0od0-94e7bd8ef786eea3c9a8d27065495667 '   itemscope=\"itemscope\" itemtype=\"https:\/\/schema.org\/CreativeWork\" ><div class='avia_textblock'  itemprop=\"text\" ><p><em><strong>Asevoimien uudistusohjelma<\/strong><\/em><\/p>\n<p>Yhdysvaltojen asevoimissa oli vuonna 2001 hieman vajaa 1,4 miljoonaa sotilasta. Sotilasmenot olivat 320 miljardia dollaria, mik\u00e4 vastasi 3,1 prosenttia BKT:sta. Uudistusohjelman puitteissa piti v\u00e4hent\u00e4\u00e4 riippuvuutta ulkomaisista eteenty\u00f6nnetyist\u00e4 tukikohdista, ja tilalle oli m\u00e4\u00e4r\u00e4 kehitt\u00e4\u00e4 kaukovaikutteisia aseita sek\u00e4 parantaa kyky\u00e4 joukkojen siirtoon suoraan Amerikasta kulloisellekin kriisialueelle.<\/p>\n<p><em><strong>Tukikohdat ulkomailla<\/strong><\/em><\/p>\n<p>Kylm\u00e4n sodan j\u00e4ljilt\u00e4 1990-luvun puoliv\u00e4liss\u00e4 oli Yhdysvaltojen asevoimia Euroopassa noin 150 000, Koreassa 35 000 ja Japanissa noin 40 000 sotilasta. Persianlahdella ja Turkissa oli toimintavalmiina kymmeni\u00e4 tuhansia amerikkalaissotilaita. Euroopasta poistettiin 1990-luvulla runsaasti maavoimien joukkoja ja ilmavoimia.<\/p>\n<p>Uudella teknologialla oli m\u00e4\u00e4r\u00e4 mahdollistaa joukkojen vahvuuksien huomattava supistaminen. Vihjeen kehityksen \u00a0suunnasta antoi Kosovon sota kev\u00e4\u00e4ll\u00e4 1999, jolloin sotatoimet olivat kokonaan ilmavoimien vastuulla ja k\u00e4ytettiin vain kaukovaikutteisia aseita.<\/p>\n<\/div><\/section><\/p><\/div>\n<section  class='av_textblock_section av-llc6j77i-335b55ddcb1ee70bf8d5ad9fe4ca2de7 '   itemscope=\"itemscope\" itemtype=\"https:\/\/schema.org\/CreativeWork\" ><div class='avia_textblock'  itemprop=\"text\" ><p>Kuva: <a href=\"http:\/\/www.army.mil\/-images\/2009\/10\/02\/52193\/\" target=\"_blank\" rel=\"noopener\">USArmy<\/a> \/ Wikimedia<\/p>\n<\/div><\/section>\n","protected":false},"excerpt":{"rendered":"","protected":false},"author":1,"featured_media":0,"parent":1070,"menu_order":4,"comment_status":"closed","ping_status":"closed","template":"","meta":{"footnotes":""},"class_list":["post-1106","page","type-page","status-publish","hentry"],"_links":{"self":[{"href":"https:\/\/maailmanmuutos.org\/index.php\/wp-json\/wp\/v2\/pages\/1106","targetHints":{"allow":["GET"]}}],"collection":[{"href":"https:\/\/maailmanmuutos.org\/index.php\/wp-json\/wp\/v2\/pages"}],"about":[{"href":"https:\/\/maailmanmuutos.org\/index.php\/wp-json\/wp\/v2\/types\/page"}],"author":[{"embeddable":true,"href":"https:\/\/maailmanmuutos.org\/index.php\/wp-json\/wp\/v2\/users\/1"}],"replies":[{"embeddable":true,"href":"https:\/\/maailmanmuutos.org\/index.php\/wp-json\/wp\/v2\/comments?post=1106"}],"version-history":[{"count":4,"href":"https:\/\/maailmanmuutos.org\/index.php\/wp-json\/wp\/v2\/pages\/1106\/revisions"}],"predecessor-version":[{"id":3354,"href":"https:\/\/maailmanmuutos.org\/index.php\/wp-json\/wp\/v2\/pages\/1106\/revisions\/3354"}],"up":[{"embeddable":true,"href":"https:\/\/maailmanmuutos.org\/index.php\/wp-json\/wp\/v2\/pages\/1070"}],"wp:attachment":[{"href":"https:\/\/maailmanmuutos.org\/index.php\/wp-json\/wp\/v2\/media?parent=1106"}],"curies":[{"name":"wp","href":"https:\/\/api.w.org\/{rel}","templated":true}]}}