{"id":1119,"date":"2023-03-08T17:49:58","date_gmt":"2023-03-08T17:49:58","guid":{"rendered":"http:\/\/us.ylirotu.fi\/index.php\/maailman-muutos\/euroopan-turvallisuuspoliittinen-kehitys-1990-luvulla\/jugoslavian-hajoamissodat\/osavaltioiden-itsenaistymispyrkimykset-2-2\/"},"modified":"2023-08-13T16:03:03","modified_gmt":"2023-08-13T16:03:03","slug":"sotatoimet-sloveniassa-ja-kroatiassa","status":"publish","type":"page","link":"https:\/\/maailmanmuutos.org\/index.php\/kylmasta-sodasta-2000-luvulle\/euroopan-turvallisuuspoliittinen-kehitys-1990-luvulla\/jugoslavian-hajoamissodat\/sotatoimet-sloveniassa-ja-kroatiassa\/","title":{"rendered":"Sotatoimet\u00a0Sloveniassa\u00a0ja\u00a0Kroatiassa\u00a0\u00a0"},"content":{"rendered":"<div id='full_slider_1'  class='avia-fullwidth-slider main_color avia-shadow   avia-builder-el-0  el_before_av_one_full  avia-builder-el-first   container_wrap sidebar_right'  >\n<style type=\"text\/css\" data-created_by=\"avia_inline_auto\" id=\"style-css-av-kd4hz9nx-fb331aa0faaa9c578e2f07ccc45f5aa0\">\n#top #wrap_all .avia-slideshow .av-slideshow-caption.av-kd4hz9nx-fb331aa0faaa9c578e2f07ccc45f5aa0__0 .avia-caption-title{\nfont-size:22px;\n}\n#top .avia-slideshow .av-slideshow-caption.av-kd4hz9nx-fb331aa0faaa9c578e2f07ccc45f5aa0__0 .avia-caption-content{\nfont-size:14px;\n}\n#top .avia-slideshow .av-slideshow-caption.av-kd4hz9nx-fb331aa0faaa9c578e2f07ccc45f5aa0__0 .avia-caption-content p{\nfont-size:14px;\n}\n\n@media only screen and (min-width: 768px) and (max-width: 989px){ \n#top #wrap_all .avia-slideshow .av-slideshow-caption.av-kd4hz9nx-fb331aa0faaa9c578e2f07ccc45f5aa0__0 .avia-caption-title{\nfont-size:16px;\n}\n#top .avia-slideshow .av-slideshow-caption.av-kd4hz9nx-fb331aa0faaa9c578e2f07ccc45f5aa0__0 .avia-caption-content{\nfont-size:16px;\n}\n#top .avia-slideshow .av-slideshow-caption.av-kd4hz9nx-fb331aa0faaa9c578e2f07ccc45f5aa0__0 .avia-caption-content p{\nfont-size:16px;\n}\n}\n\n@media only screen and (min-width: 480px) and (max-width: 767px){ \n#top #wrap_all .avia-slideshow .av-slideshow-caption.av-kd4hz9nx-fb331aa0faaa9c578e2f07ccc45f5aa0__0 .avia-caption-title{\nfont-size:14px;\n}\n#top .avia-slideshow .av-slideshow-caption.av-kd4hz9nx-fb331aa0faaa9c578e2f07ccc45f5aa0__0 .avia-caption-content{\nfont-size:14px;\n}\n#top .avia-slideshow .av-slideshow-caption.av-kd4hz9nx-fb331aa0faaa9c578e2f07ccc45f5aa0__0 .avia-caption-content p{\nfont-size:14px;\n}\n}\n\n@media only screen and (max-width: 479px){ \n#top #wrap_all .avia-slideshow .av-slideshow-caption.av-kd4hz9nx-fb331aa0faaa9c578e2f07ccc45f5aa0__0 .avia-caption-title{\ndisplay:none;\n}\n#top .avia-slideshow .av-slideshow-caption.av-kd4hz9nx-fb331aa0faaa9c578e2f07ccc45f5aa0__0 .avia-caption-content{\ndisplay:none;\n}\n#top .avia-slideshow .av-slideshow-caption.av-kd4hz9nx-fb331aa0faaa9c578e2f07ccc45f5aa0__0 .avia-caption-content p{\ndisplay:none;\n}\n}\n<\/style>\n<div  class='avia-slideshow av-kd4hz9nx-fb331aa0faaa9c578e2f07ccc45f5aa0 avia-slideshow-featured av_slideshow_full avia-slide-slider av-slideshow-ui av-control-default av-slideshow-manual av-loop-once av-loop-manual-endless av-default-height-applied   avia-slideshow-1' data-slideshow-options=\"{&quot;animation&quot;:&quot;slide&quot;,&quot;autoplay&quot;:false,&quot;loop_autoplay&quot;:&quot;once&quot;,&quot;interval&quot;:5,&quot;loop_manual&quot;:&quot;manual-endless&quot;,&quot;autoplay_stopper&quot;:false,&quot;noNavigation&quot;:false,&quot;bg_slider&quot;:false,&quot;keep_padding&quot;:false,&quot;hoverpause&quot;:false,&quot;show_slide_delay&quot;:0}\"  itemprop=\"image\" itemscope=\"itemscope\" itemtype=\"https:\/\/schema.org\/ImageObject\" ><ul class='avia-slideshow-inner ' style='padding-bottom: 28.72411489646%;'><li  class='avia-slideshow-slide av-kd4hz9nx-fb331aa0faaa9c578e2f07ccc45f5aa0__0  av-single-slide slide-1 slide-odd'><div data-rel='slideshow-1' class='avia-slide-wrap '   ><img decoding=\"async\" fetchpriority=\"high\" class=\"wp-image-2837 avia-img-lazy-loading-not-2837\"  src=\"https:\/\/maailmanmuutos.org\/wp-content\/uploads\/2023\/08\/jugoslavian-hajoamissodat-m-48.jpg\" width=\"1497\" height=\"430\" title='kuvituskuvat' alt=''  itemprop=\"thumbnailUrl\" srcset=\"https:\/\/maailmanmuutos.org\/wp-content\/uploads\/2023\/08\/jugoslavian-hajoamissodat-m-48.jpg 1500w, https:\/\/maailmanmuutos.org\/wp-content\/uploads\/2023\/08\/jugoslavian-hajoamissodat-m-48-800x230.jpg 800w, https:\/\/maailmanmuutos.org\/wp-content\/uploads\/2023\/08\/jugoslavian-hajoamissodat-m-48-120x34.jpg 120w, https:\/\/maailmanmuutos.org\/wp-content\/uploads\/2023\/08\/jugoslavian-hajoamissodat-m-48-768x221.jpg 768w, https:\/\/maailmanmuutos.org\/wp-content\/uploads\/2023\/08\/jugoslavian-hajoamissodat-m-48-705x203.jpg 705w\" sizes=\"(max-width: 1497px) 100vw, 1497px\" \/><\/div><\/li><\/ul><\/div><\/div><div id='after_full_slider_1'  class='main_color av_default_container_wrap container_wrap sidebar_right'  ><div class='container av-section-cont-open' ><div class='template-page content  av-content-small alpha units'><div class='post-entry post-entry-type-page post-entry-1119'><div class='entry-content-wrapper clearfix'>\n\n<style type=\"text\/css\" data-created_by=\"avia_inline_auto\" id=\"style-css-av-5spn6-3d3e8ead61d02f87ad7c9f2fc625dc24\">\n.flex_column.av-5spn6-3d3e8ead61d02f87ad7c9f2fc625dc24{\nborder-radius:0px 0px 0px 0px;\npadding:0px 0px 0px 0px;\n}\n<\/style>\n<div  class='flex_column av-5spn6-3d3e8ead61d02f87ad7c9f2fc625dc24 av_one_full  avia-builder-el-1  el_after_av_slideshow_full  avia-builder-el-no-sibling  first flex_column_div av-zero-column-padding  '     ><p>\n<style type=\"text\/css\" data-created_by=\"avia_inline_auto\" id=\"style-css-av-2e5g3j-86efae4eb9dfd6bb4442d5de2b9a35b9\">\n#top .av-special-heading.av-2e5g3j-86efae4eb9dfd6bb4442d5de2b9a35b9{\npadding-bottom:10px;\n}\nbody .av-special-heading.av-2e5g3j-86efae4eb9dfd6bb4442d5de2b9a35b9 .av-special-heading-tag .heading-char{\nfont-size:25px;\n}\n.av-special-heading.av-2e5g3j-86efae4eb9dfd6bb4442d5de2b9a35b9 .av-subheading{\nfont-size:15px;\n}\n<\/style>\n<div  class='av-special-heading av-2e5g3j-86efae4eb9dfd6bb4442d5de2b9a35b9 av-special-heading-h1  avia-builder-el-2  el_before_av_textblock  avia-builder-el-first '><h1 class='av-special-heading-tag'  itemprop=\"headline\"  >Sotatoimet Sloveniassa ja Kroatiassa <\/h1><div class=\"special-heading-border\"><div class=\"special-heading-inner-border\"><\/div><\/div><\/div><br \/>\n<section  class='av_textblock_section av-lezr0od0-94e7bd8ef786eea3c9a8d27065495667 '   itemscope=\"itemscope\" itemtype=\"https:\/\/schema.org\/CreativeWork\" ><div class='avia_textblock'  itemprop=\"text\" ><p><em><strong>Ensimm\u00e4iset taistelut<\/strong><\/em><\/p>\n<p>Ensimm\u00e4iset taistelut Jugoslaviassa alkoivat kes\u00e4ll\u00e4 1991 Slovenian ja Kroatian itsen\u00e4isyysjulistusten j\u00e4lkeen, kun liittovaltion armeija yritti palauttaa Slovenian rajat valvontaansa.<\/p>\n<p><em><strong>EY yritti rauhoittaa tilannetta<\/strong><\/em><\/p>\n<p>Euroopan yhteis\u00f6, joka oli parhaillaan muuntumassa Euroopan unioniksi, suhtautui itsen\u00e4isyyshankkeisiin torjuvasti ja yritti pit\u00e4\u00e4 liittovaltion koossa.<\/p>\n<p>EY:n toimintaa vaikeutti aluksi se, ett\u00e4 j\u00e4senmailla oli Balkanilla omat suojattinsa: Ranska ja Iso-Britannia tukivat Jugoslavian yhten\u00e4isyytt\u00e4 ja Serbiaa, kun taas Saksa puolsi Slovenian ja Kroatian itsen\u00e4istymist\u00e4. Yhdysvallat pyrki aluksi pysym\u00e4\u00e4n sivussa koko kriisist\u00e4 mutta alkoi l\u00e4hivuosina tukea Bosnia-Hertsegovinan muslimijohtoista hallitusta ja my\u00f6hemmin my\u00f6s Kroatiaa.<\/p>\n<p><em><strong>Kroatiaan aselepo<\/strong><\/em><\/p>\n<p>Slovenia irtautui Jugoslaviasta lyhyen taisteluvaiheen j\u00e4lkeen syksyll\u00e4 1991. Serbit vastustivat sen sijaan Kroatian itsen\u00e4istymist\u00e4, koska siell\u00e4 oli suuria serbialueita ja synk\u00e4t muistot toisen maailmansodan ajalta fasistisesta kroaattihallinnosta. Syksyll\u00e4 1991 sodittiin Kroatian rajamaakunnissa, kunnes YK:n v\u00e4lityksell\u00e4 saatiin vuoden lopussa syntym\u00e4\u00e4n aselepo.<\/p>\n<\/div><\/section><\/p><\/div>\n","protected":false},"excerpt":{"rendered":"","protected":false},"author":1,"featured_media":0,"parent":1092,"menu_order":3,"comment_status":"closed","ping_status":"closed","template":"","meta":{"footnotes":""},"class_list":["post-1119","page","type-page","status-publish","hentry"],"_links":{"self":[{"href":"https:\/\/maailmanmuutos.org\/index.php\/wp-json\/wp\/v2\/pages\/1119","targetHints":{"allow":["GET"]}}],"collection":[{"href":"https:\/\/maailmanmuutos.org\/index.php\/wp-json\/wp\/v2\/pages"}],"about":[{"href":"https:\/\/maailmanmuutos.org\/index.php\/wp-json\/wp\/v2\/types\/page"}],"author":[{"embeddable":true,"href":"https:\/\/maailmanmuutos.org\/index.php\/wp-json\/wp\/v2\/users\/1"}],"replies":[{"embeddable":true,"href":"https:\/\/maailmanmuutos.org\/index.php\/wp-json\/wp\/v2\/comments?post=1119"}],"version-history":[{"count":6,"href":"https:\/\/maailmanmuutos.org\/index.php\/wp-json\/wp\/v2\/pages\/1119\/revisions"}],"predecessor-version":[{"id":2980,"href":"https:\/\/maailmanmuutos.org\/index.php\/wp-json\/wp\/v2\/pages\/1119\/revisions\/2980"}],"up":[{"embeddable":true,"href":"https:\/\/maailmanmuutos.org\/index.php\/wp-json\/wp\/v2\/pages\/1092"}],"wp:attachment":[{"href":"https:\/\/maailmanmuutos.org\/index.php\/wp-json\/wp\/v2\/media?parent=1119"}],"curies":[{"name":"wp","href":"https:\/\/api.w.org\/{rel}","templated":true}]}}

<div id='full_slider_1'  class='avia-fullwidth-slider main_color avia-shadow   avia-builder-el-0  el_before_av_one_full  avia-builder-el-first   container_wrap sidebar_right'  >
<style type="text/css" data-created_by="avia_inline_auto" id="style-css-av-kd4hz9nx-fb331aa0faaa9c578e2f07ccc45f5aa0">
#top #wrap_all .avia-slideshow .av-slideshow-caption.av-kd4hz9nx-fb331aa0faaa9c578e2f07ccc45f5aa0__0 .avia-caption-title{
font-size:22px;
}
#top .avia-slideshow .av-slideshow-caption.av-kd4hz9nx-fb331aa0faaa9c578e2f07ccc45f5aa0__0 .avia-caption-content{
font-size:14px;
}
#top .avia-slideshow .av-slideshow-caption.av-kd4hz9nx-fb331aa0faaa9c578e2f07ccc45f5aa0__0 .avia-caption-content p{
font-size:14px;
}

@media only screen and (min-width: 768px) and (max-width: 989px){ 
#top #wrap_all .avia-slideshow .av-slideshow-caption.av-kd4hz9nx-fb331aa0faaa9c578e2f07ccc45f5aa0__0 .avia-caption-title{
font-size:16px;
}
#top .avia-slideshow .av-slideshow-caption.av-kd4hz9nx-fb331aa0faaa9c578e2f07ccc45f5aa0__0 .avia-caption-content{
font-size:16px;
}
#top .avia-slideshow .av-slideshow-caption.av-kd4hz9nx-fb331aa0faaa9c578e2f07ccc45f5aa0__0 .avia-caption-content p{
font-size:16px;
}
}

@media only screen and (min-width: 480px) and (max-width: 767px){ 
#top #wrap_all .avia-slideshow .av-slideshow-caption.av-kd4hz9nx-fb331aa0faaa9c578e2f07ccc45f5aa0__0 .avia-caption-title{
font-size:14px;
}
#top .avia-slideshow .av-slideshow-caption.av-kd4hz9nx-fb331aa0faaa9c578e2f07ccc45f5aa0__0 .avia-caption-content{
font-size:14px;
}
#top .avia-slideshow .av-slideshow-caption.av-kd4hz9nx-fb331aa0faaa9c578e2f07ccc45f5aa0__0 .avia-caption-content p{
font-size:14px;
}
}

@media only screen and (max-width: 479px){ 
#top #wrap_all .avia-slideshow .av-slideshow-caption.av-kd4hz9nx-fb331aa0faaa9c578e2f07ccc45f5aa0__0 .avia-caption-title{
display:none;
}
#top .avia-slideshow .av-slideshow-caption.av-kd4hz9nx-fb331aa0faaa9c578e2f07ccc45f5aa0__0 .avia-caption-content{
display:none;
}
#top .avia-slideshow .av-slideshow-caption.av-kd4hz9nx-fb331aa0faaa9c578e2f07ccc45f5aa0__0 .avia-caption-content p{
display:none;
}
}
</style>
<div  class='avia-slideshow av-kd4hz9nx-fb331aa0faaa9c578e2f07ccc45f5aa0 avia-slideshow-featured av_slideshow_full avia-slide-slider av-slideshow-ui av-control-default av-slideshow-manual av-loop-once av-loop-manual-endless av-default-height-applied   avia-slideshow-1' data-slideshow-options="{&quot;animation&quot;:&quot;slide&quot;,&quot;autoplay&quot;:false,&quot;loop_autoplay&quot;:&quot;once&quot;,&quot;interval&quot;:5,&quot;loop_manual&quot;:&quot;manual-endless&quot;,&quot;autoplay_stopper&quot;:false,&quot;noNavigation&quot;:false,&quot;bg_slider&quot;:false,&quot;keep_padding&quot;:false,&quot;hoverpause&quot;:false,&quot;show_slide_delay&quot;:0}"  itemprop="image" itemscope="itemscope" itemtype="https://schema.org/ImageObject" ><ul class='avia-slideshow-inner ' style='padding-bottom: 28.72411489646%;'><li  class='avia-slideshow-slide av-kd4hz9nx-fb331aa0faaa9c578e2f07ccc45f5aa0__0  av-single-slide slide-1 slide-odd'><div data-rel='slideshow-1' class='avia-slide-wrap '   ><img decoding="async" fetchpriority="high" class="wp-image-2837 avia-img-lazy-loading-not-2837"  src="https://maailmanmuutos.org/wp-content/uploads/2023/08/jugoslavian-hajoamissodat-m-48.jpg" width="1497" height="430" title='kuvituskuvat' alt=''  itemprop="thumbnailUrl" srcset="https://maailmanmuutos.org/wp-content/uploads/2023/08/jugoslavian-hajoamissodat-m-48.jpg 1500w, https://maailmanmuutos.org/wp-content/uploads/2023/08/jugoslavian-hajoamissodat-m-48-800x230.jpg 800w, https://maailmanmuutos.org/wp-content/uploads/2023/08/jugoslavian-hajoamissodat-m-48-120x34.jpg 120w, https://maailmanmuutos.org/wp-content/uploads/2023/08/jugoslavian-hajoamissodat-m-48-768x221.jpg 768w, https://maailmanmuutos.org/wp-content/uploads/2023/08/jugoslavian-hajoamissodat-m-48-705x203.jpg 705w" sizes="(max-width: 1497px) 100vw, 1497px" /></div></li></ul></div></div><div id='after_full_slider_1'  class='main_color av_default_container_wrap container_wrap sidebar_right'  ><div class='container av-section-cont-open' ><div class='template-page content  av-content-small alpha units'><div class='post-entry post-entry-type-page post-entry-1119'><div class='entry-content-wrapper clearfix'>

<style type="text/css" data-created_by="avia_inline_auto" id="style-css-av-5spn6-3d3e8ead61d02f87ad7c9f2fc625dc24">
.flex_column.av-5spn6-3d3e8ead61d02f87ad7c9f2fc625dc24{
border-radius:0px 0px 0px 0px;
padding:0px 0px 0px 0px;
}
</style>
<div  class='flex_column av-5spn6-3d3e8ead61d02f87ad7c9f2fc625dc24 av_one_full  avia-builder-el-1  el_after_av_slideshow_full  avia-builder-el-no-sibling  first flex_column_div av-zero-column-padding  '     ><p>
<style type="text/css" data-created_by="avia_inline_auto" id="style-css-av-2e5g3j-86efae4eb9dfd6bb4442d5de2b9a35b9">
#top .av-special-heading.av-2e5g3j-86efae4eb9dfd6bb4442d5de2b9a35b9{
padding-bottom:10px;
}
body .av-special-heading.av-2e5g3j-86efae4eb9dfd6bb4442d5de2b9a35b9 .av-special-heading-tag .heading-char{
font-size:25px;
}
.av-special-heading.av-2e5g3j-86efae4eb9dfd6bb4442d5de2b9a35b9 .av-subheading{
font-size:15px;
}
</style>
<div  class='av-special-heading av-2e5g3j-86efae4eb9dfd6bb4442d5de2b9a35b9 av-special-heading-h1  avia-builder-el-2  el_before_av_textblock  avia-builder-el-first '><h1 class='av-special-heading-tag'  itemprop="headline"  >Sotatoimet Sloveniassa ja Kroatiassa </h1><div class="special-heading-border"><div class="special-heading-inner-border"></div></div></div><br />
<section  class='av_textblock_section av-lezr0od0-94e7bd8ef786eea3c9a8d27065495667 '   itemscope="itemscope" itemtype="https://schema.org/CreativeWork" ><div class='avia_textblock'  itemprop="text" ><p><em><strong>Ensimmäiset taistelut</strong></em></p>
<p>Ensimmäiset taistelut Jugoslaviassa alkoivat kesällä 1991 Slovenian ja Kroatian itsenäisyysjulistusten jälkeen, kun liittovaltion armeija yritti palauttaa Slovenian rajat valvontaansa.</p>
<p><em><strong>EY yritti rauhoittaa tilannetta</strong></em></p>
<p>Euroopan yhteisö, joka oli parhaillaan muuntumassa Euroopan unioniksi, suhtautui itsenäisyyshankkeisiin torjuvasti ja yritti pitää liittovaltion koossa.</p>
<p>EY:n toimintaa vaikeutti aluksi se, että jäsenmailla oli Balkanilla omat suojattinsa: Ranska ja Iso-Britannia tukivat Jugoslavian yhtenäisyyttä ja Serbiaa, kun taas Saksa puolsi Slovenian ja Kroatian itsenäistymistä. Yhdysvallat pyrki aluksi pysymään sivussa koko kriisistä mutta alkoi lähivuosina tukea Bosnia-Hertsegovinan muslimijohtoista hallitusta ja myöhemmin myös Kroatiaa.</p>
<p><em><strong>Kroatiaan aselepo</strong></em></p>
<p>Slovenia irtautui Jugoslaviasta lyhyen taisteluvaiheen jälkeen syksyllä 1991. Serbit vastustivat sen sijaan Kroatian itsenäistymistä, koska siellä oli suuria serbialueita ja synkät muistot toisen maailmansodan ajalta fasistisesta kroaattihallinnosta. Syksyllä 1991 sodittiin Kroatian rajamaakunnissa, kunnes YK:n välityksellä saatiin vuoden lopussa syntymään aselepo.</p>
</div></section></p></div>
