{"id":1127,"date":"2023-03-08T17:53:56","date_gmt":"2023-03-08T17:53:56","guid":{"rendered":"http:\/\/us.ylirotu.fi\/index.php\/maailman-muutos\/euroopan-turvallisuuspoliittinen-kehitys-1990-luvulla\/jugoslavian-hajoamissodat\/sotatoimet-sloveniassa-ja-kroatiassa-2\/"},"modified":"2023-08-13T16:00:51","modified_gmt":"2023-08-13T16:00:51","slug":"sota-bosnia-hertsegovinassa","status":"publish","type":"page","link":"https:\/\/maailmanmuutos.org\/index.php\/kylmasta-sodasta-2000-luvulle\/euroopan-turvallisuuspoliittinen-kehitys-1990-luvulla\/jugoslavian-hajoamissodat\/sota-bosnia-hertsegovinassa\/","title":{"rendered":"Sota\u00a0Bosnia-Hertsegovinassa\u00a0"},"content":{"rendered":"<div id='full_slider_1'  class='avia-fullwidth-slider main_color avia-shadow   avia-builder-el-0  el_before_av_one_full  avia-builder-el-first   container_wrap sidebar_right'  >\n<style type=\"text\/css\" data-created_by=\"avia_inline_auto\" id=\"style-css-av-kd4hz9nx-fb331aa0faaa9c578e2f07ccc45f5aa0\">\n#top #wrap_all .avia-slideshow .av-slideshow-caption.av-kd4hz9nx-fb331aa0faaa9c578e2f07ccc45f5aa0__0 .avia-caption-title{\nfont-size:22px;\n}\n#top .avia-slideshow .av-slideshow-caption.av-kd4hz9nx-fb331aa0faaa9c578e2f07ccc45f5aa0__0 .avia-caption-content{\nfont-size:14px;\n}\n#top .avia-slideshow .av-slideshow-caption.av-kd4hz9nx-fb331aa0faaa9c578e2f07ccc45f5aa0__0 .avia-caption-content p{\nfont-size:14px;\n}\n\n@media only screen and (min-width: 768px) and (max-width: 989px){ \n#top #wrap_all .avia-slideshow .av-slideshow-caption.av-kd4hz9nx-fb331aa0faaa9c578e2f07ccc45f5aa0__0 .avia-caption-title{\nfont-size:16px;\n}\n#top .avia-slideshow .av-slideshow-caption.av-kd4hz9nx-fb331aa0faaa9c578e2f07ccc45f5aa0__0 .avia-caption-content{\nfont-size:16px;\n}\n#top .avia-slideshow .av-slideshow-caption.av-kd4hz9nx-fb331aa0faaa9c578e2f07ccc45f5aa0__0 .avia-caption-content p{\nfont-size:16px;\n}\n}\n\n@media only screen and (min-width: 480px) and (max-width: 767px){ \n#top #wrap_all .avia-slideshow .av-slideshow-caption.av-kd4hz9nx-fb331aa0faaa9c578e2f07ccc45f5aa0__0 .avia-caption-title{\nfont-size:14px;\n}\n#top .avia-slideshow .av-slideshow-caption.av-kd4hz9nx-fb331aa0faaa9c578e2f07ccc45f5aa0__0 .avia-caption-content{\nfont-size:14px;\n}\n#top .avia-slideshow .av-slideshow-caption.av-kd4hz9nx-fb331aa0faaa9c578e2f07ccc45f5aa0__0 .avia-caption-content p{\nfont-size:14px;\n}\n}\n\n@media only screen and (max-width: 479px){ \n#top #wrap_all .avia-slideshow .av-slideshow-caption.av-kd4hz9nx-fb331aa0faaa9c578e2f07ccc45f5aa0__0 .avia-caption-title{\ndisplay:none;\n}\n#top .avia-slideshow .av-slideshow-caption.av-kd4hz9nx-fb331aa0faaa9c578e2f07ccc45f5aa0__0 .avia-caption-content{\ndisplay:none;\n}\n#top .avia-slideshow .av-slideshow-caption.av-kd4hz9nx-fb331aa0faaa9c578e2f07ccc45f5aa0__0 .avia-caption-content p{\ndisplay:none;\n}\n}\n<\/style>\n<div  class='avia-slideshow av-kd4hz9nx-fb331aa0faaa9c578e2f07ccc45f5aa0 avia-slideshow-featured av_slideshow_full avia-slide-slider av-slideshow-ui av-control-default av-slideshow-manual av-loop-once av-loop-manual-endless av-default-height-applied   avia-slideshow-1' data-slideshow-options=\"{&quot;animation&quot;:&quot;slide&quot;,&quot;autoplay&quot;:false,&quot;loop_autoplay&quot;:&quot;once&quot;,&quot;interval&quot;:5,&quot;loop_manual&quot;:&quot;manual-endless&quot;,&quot;autoplay_stopper&quot;:false,&quot;noNavigation&quot;:false,&quot;bg_slider&quot;:false,&quot;keep_padding&quot;:false,&quot;hoverpause&quot;:false,&quot;show_slide_delay&quot;:0}\"  itemprop=\"image\" itemscope=\"itemscope\" itemtype=\"https:\/\/schema.org\/ImageObject\" ><ul class='avia-slideshow-inner ' style='padding-bottom: 28.72411489646%;'><li  class='avia-slideshow-slide av-kd4hz9nx-fb331aa0faaa9c578e2f07ccc45f5aa0__0  av-single-slide slide-1 slide-odd'><div data-rel='slideshow-1' class='avia-slide-wrap '   ><img decoding=\"async\" fetchpriority=\"high\" class=\"wp-image-2978 avia-img-lazy-loading-not-2978\"  src=\"https:\/\/maailmanmuutos.org\/wp-content\/uploads\/2023\/08\/jugo_bosnia-hertzegovina.jpg\" width=\"1497\" height=\"430\" title='kuvituskuvat' alt=''  itemprop=\"thumbnailUrl\" srcset=\"https:\/\/maailmanmuutos.org\/wp-content\/uploads\/2023\/08\/jugo_bosnia-hertzegovina.jpg 1500w, https:\/\/maailmanmuutos.org\/wp-content\/uploads\/2023\/08\/jugo_bosnia-hertzegovina-800x230.jpg 800w, https:\/\/maailmanmuutos.org\/wp-content\/uploads\/2023\/08\/jugo_bosnia-hertzegovina-120x34.jpg 120w, https:\/\/maailmanmuutos.org\/wp-content\/uploads\/2023\/08\/jugo_bosnia-hertzegovina-768x221.jpg 768w, https:\/\/maailmanmuutos.org\/wp-content\/uploads\/2023\/08\/jugo_bosnia-hertzegovina-705x203.jpg 705w\" sizes=\"(max-width: 1497px) 100vw, 1497px\" \/><\/div><\/li><\/ul><\/div><\/div><div id='after_full_slider_1'  class='main_color av_default_container_wrap container_wrap sidebar_right'  ><div class='container av-section-cont-open' ><div class='template-page content  av-content-small alpha units'><div class='post-entry post-entry-type-page post-entry-1127'><div class='entry-content-wrapper clearfix'>\n\n<style type=\"text\/css\" data-created_by=\"avia_inline_auto\" id=\"style-css-av-5spn6-3d3e8ead61d02f87ad7c9f2fc625dc24\">\n.flex_column.av-5spn6-3d3e8ead61d02f87ad7c9f2fc625dc24{\nborder-radius:0px 0px 0px 0px;\npadding:0px 0px 0px 0px;\n}\n<\/style>\n<div  class='flex_column av-5spn6-3d3e8ead61d02f87ad7c9f2fc625dc24 av_one_full  avia-builder-el-1  el_after_av_slideshow_full  avia-builder-el-no-sibling  first flex_column_div av-zero-column-padding  '     ><p>\n<style type=\"text\/css\" data-created_by=\"avia_inline_auto\" id=\"style-css-av-2knabb-399b5cfcf5c3f175fd5cbedd1007e644\">\n#top .av-special-heading.av-2knabb-399b5cfcf5c3f175fd5cbedd1007e644{\npadding-bottom:10px;\n}\nbody .av-special-heading.av-2knabb-399b5cfcf5c3f175fd5cbedd1007e644 .av-special-heading-tag .heading-char{\nfont-size:25px;\n}\n.av-special-heading.av-2knabb-399b5cfcf5c3f175fd5cbedd1007e644 .av-subheading{\nfont-size:15px;\n}\n<\/style>\n<div  class='av-special-heading av-2knabb-399b5cfcf5c3f175fd5cbedd1007e644 av-special-heading-h1  avia-builder-el-2  el_before_av_textblock  avia-builder-el-first '><h1 class='av-special-heading-tag'  itemprop=\"headline\"  >Sota Bosnia-Hertsegovinassa <\/h1><div class=\"special-heading-border\"><div class=\"special-heading-inner-border\"><\/div><\/div><\/div><br \/>\n<section  class='av_textblock_section av-lezr0od0-94e7bd8ef786eea3c9a8d27065495667 '   itemscope=\"itemscope\" itemtype=\"https:\/\/schema.org\/CreativeWork\" ><div class='avia_textblock'  itemprop=\"text\" ><p><em><strong>Eritt\u00e4in tuhoisa sota<\/strong><\/em><\/p>\n<p>Kev\u00e4\u00e4ll\u00e4 1992 alkaneesta sodasta Bosnia-Hertsegovinassa tuli eritt\u00e4in tuhoisa. Siin\u00e4 olivat osapuolina maan hallituksen joukot, joihin kuului l\u00e4hinn\u00e4 muslimeja, sek\u00e4 n\u00e4it\u00e4 vastaan taistelevat serbit ja kroaatit, jotka sotivat ajoittain my\u00f6s kesken\u00e4\u00e4n. Osapuolten joukoissa saattoi palvella sotilaita eri kansallisuuksista. Bosnian serbeill\u00e4 oli varsinkin aluksi selv\u00e4 aseistuksen ylivoima, sill\u00e4 he saivat tukea Jugoslavian liittoarmeijalta. Rintamalinjat kulkivat laajalla alueella hyvin ep\u00e4s\u00e4\u00e4nn\u00f6llisesti\u00a0 tai puuttuivat kokonaan, liittosuhteet vaihtelivat paikallisesti ja siviiliv\u00e4est\u00f6 k\u00e4rsi taistelujen keskell\u00e4. Toisen maailmansodan j\u00e4lkeen pahimmat sotarikokset Euroopassa tapahtuivat t\u00e4m\u00e4n sodan aikana.<\/p>\n<p><em><strong>Ulkomaat haluttomia interventioon<\/strong><\/em><\/p>\n<p>Ulkomaat v\u00e4lttiv\u00e4t pitk\u00e4\u00e4n sekaantumista Jugoslavian hajoamissotiin, koska siell\u00e4 toimineet asevoimat olivat vahvat eik\u00e4 ulkopuolisten ollut helppo valita sis\u00e4llissodasta tuettavaa osapuolta tai asettua puolueettomaksi v\u00e4litt\u00e4j\u00e4ksi. Jugoslavia oli kylm\u00e4n sodan aikana Euroopan vahvimmin aseistautuneita maita, ja siell\u00e4 k\u00e4yt\u00f6ss\u00e4 ollut alueellinen puolustusj\u00e4rjestelm\u00e4 oli kouluttanut runsaasti partisaaniperinteen omaksuneita taistelijoita.<\/p>\n<p><em><strong>Sodan ratkaisuvaihe<\/strong><\/em><\/p>\n<p>Bosnia-Hertsegovinan sota l\u00e4heni kes\u00e4ll\u00e4 1995 loppuaan, kun kapinallisten serbien voimat heikkeniv\u00e4t. Jugoslavian liittoarmeijalta ja Serbialta saatu tuki Bosnian serbeille oli l\u00e4hes p\u00e4\u00e4ttynyt, ja l\u00e4nsimaiden tukemat Bosnian muslimien ja Kroatian asevoimat vahvistuneet. Sotilasliitto Nato teki siin\u00e4 vaiheessa erityisesti Yhdysvaltojen ilmavoimien tukemana intervention. Kroatian joukot valtasivat kapinallisten serbien hallussaan pit\u00e4m\u00e4t alueet Krajinassa ja alkoivat edet\u00e4 Bosnian alueelle. T\u00e4ss\u00e4 vaiheessa Bosnian<br \/>\nserbit kypsyiv\u00e4t aselepoon v\u00e4ltty\u00e4kseen viel\u00e4kin pahemmalta tappiolta. L\u00e4hinn\u00e4 Yhdysvaltojen ja YK:n painostamana valmistui Daytonissa marraskuussa rauhansopimus, joka allekirjoitettiin Pariisissa joulukuussa.<\/p>\n<p><em><strong>Rauhanturvaoperaatiot<\/strong><\/em><\/p>\n<p>YK valtuutti Naton valvomaan joukoillaan rauhansopimuksen toimeenpanoa. YK:n rauhanturvaajat p\u00e4\u00e4osin sulautettiin Naton johtamiin joukkoihin, mink\u00e4 j\u00e4lkeen YK jatkoi toimintaansa Kroatialle luovutettavassa It\u00e4-Slavoniassa ja Makedoniassa sek\u00e4 yll\u00e4piti pient\u00e4 tarkkailuosastoa. Taistelevien osapuolten loitontaminen ja sopimuksen mukaiset aluej\u00e4rjestelyt toteutettiin, eik\u00e4 uusia vihollisuuksia alkanut. Tilanteen rauhoittamiseen k\u00e4ytettiin eritt\u00e4in vahvoja joukkoja, alkuvaiheessa noin 50 000 sotilasta.<\/p>\n<p><em><strong>Rauhansopimuksen toimeenpano<\/strong><\/em><\/p>\n<p>Rauhansopimuksen lyhytaikaiseksi suunnitellun toimeenpanon vaatimista joukoista (IFOR) tuli kohta hieman supistettuja ja uudelleennimettyj\u00e4 \u201dvakauttamisjoukkoja\u201d (SFOR), ja niiden l\u00e4sn\u00e4olo pitkittyi. Bosnia-Hertsegovinan rauhanturvaamisesta muodostui \u201dikuisuuskysymys\u201d Kyproksen, Golanin ja Libanonin tapaan kaikkine pitk\u00e4st\u00e4 kestosta seuraavine ongelmineen.<\/p>\n<\/div><\/section><\/p><\/div>\n","protected":false},"excerpt":{"rendered":"","protected":false},"author":1,"featured_media":0,"parent":1092,"menu_order":4,"comment_status":"closed","ping_status":"closed","template":"","meta":{"footnotes":""},"class_list":["post-1127","page","type-page","status-publish","hentry"],"_links":{"self":[{"href":"https:\/\/maailmanmuutos.org\/index.php\/wp-json\/wp\/v2\/pages\/1127","targetHints":{"allow":["GET"]}}],"collection":[{"href":"https:\/\/maailmanmuutos.org\/index.php\/wp-json\/wp\/v2\/pages"}],"about":[{"href":"https:\/\/maailmanmuutos.org\/index.php\/wp-json\/wp\/v2\/types\/page"}],"author":[{"embeddable":true,"href":"https:\/\/maailmanmuutos.org\/index.php\/wp-json\/wp\/v2\/users\/1"}],"replies":[{"embeddable":true,"href":"https:\/\/maailmanmuutos.org\/index.php\/wp-json\/wp\/v2\/comments?post=1127"}],"version-history":[{"count":4,"href":"https:\/\/maailmanmuutos.org\/index.php\/wp-json\/wp\/v2\/pages\/1127\/revisions"}],"predecessor-version":[{"id":2977,"href":"https:\/\/maailmanmuutos.org\/index.php\/wp-json\/wp\/v2\/pages\/1127\/revisions\/2977"}],"up":[{"embeddable":true,"href":"https:\/\/maailmanmuutos.org\/index.php\/wp-json\/wp\/v2\/pages\/1092"}],"wp:attachment":[{"href":"https:\/\/maailmanmuutos.org\/index.php\/wp-json\/wp\/v2\/media?parent=1127"}],"curies":[{"name":"wp","href":"https:\/\/api.w.org\/{rel}","templated":true}]}}

<div id='full_slider_1'  class='avia-fullwidth-slider main_color avia-shadow   avia-builder-el-0  el_before_av_one_full  avia-builder-el-first   container_wrap sidebar_right'  >
<style type="text/css" data-created_by="avia_inline_auto" id="style-css-av-kd4hz9nx-fb331aa0faaa9c578e2f07ccc45f5aa0">
#top #wrap_all .avia-slideshow .av-slideshow-caption.av-kd4hz9nx-fb331aa0faaa9c578e2f07ccc45f5aa0__0 .avia-caption-title{
font-size:22px;
}
#top .avia-slideshow .av-slideshow-caption.av-kd4hz9nx-fb331aa0faaa9c578e2f07ccc45f5aa0__0 .avia-caption-content{
font-size:14px;
}
#top .avia-slideshow .av-slideshow-caption.av-kd4hz9nx-fb331aa0faaa9c578e2f07ccc45f5aa0__0 .avia-caption-content p{
font-size:14px;
}

@media only screen and (min-width: 768px) and (max-width: 989px){ 
#top #wrap_all .avia-slideshow .av-slideshow-caption.av-kd4hz9nx-fb331aa0faaa9c578e2f07ccc45f5aa0__0 .avia-caption-title{
font-size:16px;
}
#top .avia-slideshow .av-slideshow-caption.av-kd4hz9nx-fb331aa0faaa9c578e2f07ccc45f5aa0__0 .avia-caption-content{
font-size:16px;
}
#top .avia-slideshow .av-slideshow-caption.av-kd4hz9nx-fb331aa0faaa9c578e2f07ccc45f5aa0__0 .avia-caption-content p{
font-size:16px;
}
}

@media only screen and (min-width: 480px) and (max-width: 767px){ 
#top #wrap_all .avia-slideshow .av-slideshow-caption.av-kd4hz9nx-fb331aa0faaa9c578e2f07ccc45f5aa0__0 .avia-caption-title{
font-size:14px;
}
#top .avia-slideshow .av-slideshow-caption.av-kd4hz9nx-fb331aa0faaa9c578e2f07ccc45f5aa0__0 .avia-caption-content{
font-size:14px;
}
#top .avia-slideshow .av-slideshow-caption.av-kd4hz9nx-fb331aa0faaa9c578e2f07ccc45f5aa0__0 .avia-caption-content p{
font-size:14px;
}
}

@media only screen and (max-width: 479px){ 
#top #wrap_all .avia-slideshow .av-slideshow-caption.av-kd4hz9nx-fb331aa0faaa9c578e2f07ccc45f5aa0__0 .avia-caption-title{
display:none;
}
#top .avia-slideshow .av-slideshow-caption.av-kd4hz9nx-fb331aa0faaa9c578e2f07ccc45f5aa0__0 .avia-caption-content{
display:none;
}
#top .avia-slideshow .av-slideshow-caption.av-kd4hz9nx-fb331aa0faaa9c578e2f07ccc45f5aa0__0 .avia-caption-content p{
display:none;
}
}
</style>
<div  class='avia-slideshow av-kd4hz9nx-fb331aa0faaa9c578e2f07ccc45f5aa0 avia-slideshow-featured av_slideshow_full avia-slide-slider av-slideshow-ui av-control-default av-slideshow-manual av-loop-once av-loop-manual-endless av-default-height-applied   avia-slideshow-1' data-slideshow-options="{&quot;animation&quot;:&quot;slide&quot;,&quot;autoplay&quot;:false,&quot;loop_autoplay&quot;:&quot;once&quot;,&quot;interval&quot;:5,&quot;loop_manual&quot;:&quot;manual-endless&quot;,&quot;autoplay_stopper&quot;:false,&quot;noNavigation&quot;:false,&quot;bg_slider&quot;:false,&quot;keep_padding&quot;:false,&quot;hoverpause&quot;:false,&quot;show_slide_delay&quot;:0}"  itemprop="image" itemscope="itemscope" itemtype="https://schema.org/ImageObject" ><ul class='avia-slideshow-inner ' style='padding-bottom: 28.72411489646%;'><li  class='avia-slideshow-slide av-kd4hz9nx-fb331aa0faaa9c578e2f07ccc45f5aa0__0  av-single-slide slide-1 slide-odd'><div data-rel='slideshow-1' class='avia-slide-wrap '   ><img decoding="async" fetchpriority="high" class="wp-image-2978 avia-img-lazy-loading-not-2978"  src="https://maailmanmuutos.org/wp-content/uploads/2023/08/jugo_bosnia-hertzegovina.jpg" width="1497" height="430" title='kuvituskuvat' alt=''  itemprop="thumbnailUrl" srcset="https://maailmanmuutos.org/wp-content/uploads/2023/08/jugo_bosnia-hertzegovina.jpg 1500w, https://maailmanmuutos.org/wp-content/uploads/2023/08/jugo_bosnia-hertzegovina-800x230.jpg 800w, https://maailmanmuutos.org/wp-content/uploads/2023/08/jugo_bosnia-hertzegovina-120x34.jpg 120w, https://maailmanmuutos.org/wp-content/uploads/2023/08/jugo_bosnia-hertzegovina-768x221.jpg 768w, https://maailmanmuutos.org/wp-content/uploads/2023/08/jugo_bosnia-hertzegovina-705x203.jpg 705w" sizes="(max-width: 1497px) 100vw, 1497px" /></div></li></ul></div></div><div id='after_full_slider_1'  class='main_color av_default_container_wrap container_wrap sidebar_right'  ><div class='container av-section-cont-open' ><div class='template-page content  av-content-small alpha units'><div class='post-entry post-entry-type-page post-entry-1127'><div class='entry-content-wrapper clearfix'>

<style type="text/css" data-created_by="avia_inline_auto" id="style-css-av-5spn6-3d3e8ead61d02f87ad7c9f2fc625dc24">
.flex_column.av-5spn6-3d3e8ead61d02f87ad7c9f2fc625dc24{
border-radius:0px 0px 0px 0px;
padding:0px 0px 0px 0px;
}
</style>
<div  class='flex_column av-5spn6-3d3e8ead61d02f87ad7c9f2fc625dc24 av_one_full  avia-builder-el-1  el_after_av_slideshow_full  avia-builder-el-no-sibling  first flex_column_div av-zero-column-padding  '     ><p>
<style type="text/css" data-created_by="avia_inline_auto" id="style-css-av-2knabb-399b5cfcf5c3f175fd5cbedd1007e644">
#top .av-special-heading.av-2knabb-399b5cfcf5c3f175fd5cbedd1007e644{
padding-bottom:10px;
}
body .av-special-heading.av-2knabb-399b5cfcf5c3f175fd5cbedd1007e644 .av-special-heading-tag .heading-char{
font-size:25px;
}
.av-special-heading.av-2knabb-399b5cfcf5c3f175fd5cbedd1007e644 .av-subheading{
font-size:15px;
}
</style>
<div  class='av-special-heading av-2knabb-399b5cfcf5c3f175fd5cbedd1007e644 av-special-heading-h1  avia-builder-el-2  el_before_av_textblock  avia-builder-el-first '><h1 class='av-special-heading-tag'  itemprop="headline"  >Sota Bosnia-Hertsegovinassa </h1><div class="special-heading-border"><div class="special-heading-inner-border"></div></div></div><br />
<section  class='av_textblock_section av-lezr0od0-94e7bd8ef786eea3c9a8d27065495667 '   itemscope="itemscope" itemtype="https://schema.org/CreativeWork" ><div class='avia_textblock'  itemprop="text" ><p><em><strong>Erittäin tuhoisa sota</strong></em></p>
<p>Keväällä 1992 alkaneesta sodasta Bosnia-Hertsegovinassa tuli erittäin tuhoisa. Siinä olivat osapuolina maan hallituksen joukot, joihin kuului lähinnä muslimeja, sekä näitä vastaan taistelevat serbit ja kroaatit, jotka sotivat ajoittain myös keskenään. Osapuolten joukoissa saattoi palvella sotilaita eri kansallisuuksista. Bosnian serbeillä oli varsinkin aluksi selvä aseistuksen ylivoima, sillä he saivat tukea Jugoslavian liittoarmeijalta. Rintamalinjat kulkivat laajalla alueella hyvin epäsäännöllisesti  tai puuttuivat kokonaan, liittosuhteet vaihtelivat paikallisesti ja siviiliväestö kärsi taistelujen keskellä. Toisen maailmansodan jälkeen pahimmat sotarikokset Euroopassa tapahtuivat tämän sodan aikana.</p>
<p><em><strong>Ulkomaat haluttomia interventioon</strong></em></p>
<p>Ulkomaat välttivät pitkään sekaantumista Jugoslavian hajoamissotiin, koska siellä toimineet asevoimat olivat vahvat eikä ulkopuolisten ollut helppo valita sisällissodasta tuettavaa osapuolta tai asettua puolueettomaksi välittäjäksi. Jugoslavia oli kylmän sodan aikana Euroopan vahvimmin aseistautuneita maita, ja siellä käytössä ollut alueellinen puolustusjärjestelmä oli kouluttanut runsaasti partisaaniperinteen omaksuneita taistelijoita.</p>
<p><em><strong>Sodan ratkaisuvaihe</strong></em></p>
<p>Bosnia-Hertsegovinan sota läheni kesällä 1995 loppuaan, kun kapinallisten serbien voimat heikkenivät. Jugoslavian liittoarmeijalta ja Serbialta saatu tuki Bosnian serbeille oli lähes päättynyt, ja länsimaiden tukemat Bosnian muslimien ja Kroatian asevoimat vahvistuneet. Sotilasliitto Nato teki siinä vaiheessa erityisesti Yhdysvaltojen ilmavoimien tukemana intervention. Kroatian joukot valtasivat kapinallisten serbien hallussaan pitämät alueet Krajinassa ja alkoivat edetä Bosnian alueelle. Tässä vaiheessa Bosnian<br />
serbit kypsyivät aselepoon välttyäkseen vieläkin pahemmalta tappiolta. Lähinnä Yhdysvaltojen ja YK:n painostamana valmistui Daytonissa marraskuussa rauhansopimus, joka allekirjoitettiin Pariisissa joulukuussa.</p>
<p><em><strong>Rauhanturvaoperaatiot</strong></em></p>
<p>YK valtuutti Naton valvomaan joukoillaan rauhansopimuksen toimeenpanoa. YK:n rauhanturvaajat pääosin sulautettiin Naton johtamiin joukkoihin, minkä jälkeen YK jatkoi toimintaansa Kroatialle luovutettavassa Itä-Slavoniassa ja Makedoniassa sekä ylläpiti pientä tarkkailuosastoa. Taistelevien osapuolten loitontaminen ja sopimuksen mukaiset aluejärjestelyt toteutettiin, eikä uusia vihollisuuksia alkanut. Tilanteen rauhoittamiseen käytettiin erittäin vahvoja joukkoja, alkuvaiheessa noin 50 000 sotilasta.</p>
<p><em><strong>Rauhansopimuksen toimeenpano</strong></em></p>
<p>Rauhansopimuksen lyhytaikaiseksi suunnitellun toimeenpanon vaatimista joukoista (IFOR) tuli kohta hieman supistettuja ja uudelleennimettyjä ”vakauttamisjoukkoja” (SFOR), ja niiden läsnäolo pitkittyi. Bosnia-Hertsegovinan rauhanturvaamisesta muodostui ”ikuisuuskysymys” Kyproksen, Golanin ja Libanonin tapaan kaikkine pitkästä kestosta seuraavine ongelmineen.</p>
</div></section></p></div>
