{"id":1145,"date":"2023-03-08T17:57:23","date_gmt":"2023-03-08T17:57:23","guid":{"rendered":"http:\/\/us.ylirotu.fi\/index.php\/maailman-muutos\/euroopan-turvallisuuspoliittinen-kehitys-1990-luvulla\/jugoslavian-hajoamissodat\/sota-bosnia-hertsegovinassa-2-2\/"},"modified":"2023-08-17T08:26:38","modified_gmt":"2023-08-17T08:26:38","slug":"kosovon-sota","status":"publish","type":"page","link":"https:\/\/maailmanmuutos.org\/index.php\/kylmasta-sodasta-2000-luvulle\/euroopan-turvallisuuspoliittinen-kehitys-1990-luvulla\/jugoslavian-hajoamissodat\/kosovon-sota\/","title":{"rendered":"Kosovon sota"},"content":{"rendered":"<div id='full_slider_1'  class='avia-fullwidth-slider main_color avia-shadow   avia-builder-el-0  el_before_av_one_full  avia-builder-el-first   container_wrap sidebar_right'  >\n<style type=\"text\/css\" data-created_by=\"avia_inline_auto\" id=\"style-css-av-kd4hz9nx-fb331aa0faaa9c578e2f07ccc45f5aa0\">\n#top #wrap_all .avia-slideshow .av-slideshow-caption.av-kd4hz9nx-fb331aa0faaa9c578e2f07ccc45f5aa0__0 .avia-caption-title{\nfont-size:22px;\n}\n#top .avia-slideshow .av-slideshow-caption.av-kd4hz9nx-fb331aa0faaa9c578e2f07ccc45f5aa0__0 .avia-caption-content{\nfont-size:14px;\n}\n#top .avia-slideshow .av-slideshow-caption.av-kd4hz9nx-fb331aa0faaa9c578e2f07ccc45f5aa0__0 .avia-caption-content p{\nfont-size:14px;\n}\n\n@media only screen and (min-width: 768px) and (max-width: 989px){ \n#top #wrap_all .avia-slideshow .av-slideshow-caption.av-kd4hz9nx-fb331aa0faaa9c578e2f07ccc45f5aa0__0 .avia-caption-title{\nfont-size:16px;\n}\n#top .avia-slideshow .av-slideshow-caption.av-kd4hz9nx-fb331aa0faaa9c578e2f07ccc45f5aa0__0 .avia-caption-content{\nfont-size:16px;\n}\n#top .avia-slideshow .av-slideshow-caption.av-kd4hz9nx-fb331aa0faaa9c578e2f07ccc45f5aa0__0 .avia-caption-content p{\nfont-size:16px;\n}\n}\n\n@media only screen and (min-width: 480px) and (max-width: 767px){ \n#top #wrap_all .avia-slideshow .av-slideshow-caption.av-kd4hz9nx-fb331aa0faaa9c578e2f07ccc45f5aa0__0 .avia-caption-title{\nfont-size:14px;\n}\n#top .avia-slideshow .av-slideshow-caption.av-kd4hz9nx-fb331aa0faaa9c578e2f07ccc45f5aa0__0 .avia-caption-content{\nfont-size:14px;\n}\n#top .avia-slideshow .av-slideshow-caption.av-kd4hz9nx-fb331aa0faaa9c578e2f07ccc45f5aa0__0 .avia-caption-content p{\nfont-size:14px;\n}\n}\n\n@media only screen and (max-width: 479px){ \n#top #wrap_all .avia-slideshow .av-slideshow-caption.av-kd4hz9nx-fb331aa0faaa9c578e2f07ccc45f5aa0__0 .avia-caption-title{\ndisplay:none;\n}\n#top .avia-slideshow .av-slideshow-caption.av-kd4hz9nx-fb331aa0faaa9c578e2f07ccc45f5aa0__0 .avia-caption-content{\ndisplay:none;\n}\n#top .avia-slideshow .av-slideshow-caption.av-kd4hz9nx-fb331aa0faaa9c578e2f07ccc45f5aa0__0 .avia-caption-content p{\ndisplay:none;\n}\n}\n<\/style>\n<div  class='avia-slideshow av-kd4hz9nx-fb331aa0faaa9c578e2f07ccc45f5aa0 avia-slideshow-featured av_slideshow_full avia-slide-slider av-slideshow-ui av-control-default av-slideshow-manual av-loop-once av-loop-manual-endless av-default-height-applied   avia-slideshow-1' data-slideshow-options=\"{&quot;animation&quot;:&quot;slide&quot;,&quot;autoplay&quot;:false,&quot;loop_autoplay&quot;:&quot;once&quot;,&quot;interval&quot;:5,&quot;loop_manual&quot;:&quot;manual-endless&quot;,&quot;autoplay_stopper&quot;:false,&quot;noNavigation&quot;:false,&quot;bg_slider&quot;:false,&quot;keep_padding&quot;:false,&quot;hoverpause&quot;:false,&quot;show_slide_delay&quot;:0}\"  itemprop=\"image\" itemscope=\"itemscope\" itemtype=\"https:\/\/schema.org\/ImageObject\" ><ul class='avia-slideshow-inner ' style='padding-bottom: 28.72411489646%;'><li  class='avia-slideshow-slide av-kd4hz9nx-fb331aa0faaa9c578e2f07ccc45f5aa0__0  av-single-slide slide-1 slide-odd'><div data-rel='slideshow-1' class='avia-slide-wrap '   ><img decoding=\"async\" fetchpriority=\"high\" class=\"wp-image-2971 avia-img-lazy-loading-not-2971\"  src=\"https:\/\/maailmanmuutos.org\/wp-content\/uploads\/2023\/08\/jugo_kosovo_war.jpg\" width=\"1497\" height=\"430\" title='kuvituskuvat' alt=''  itemprop=\"thumbnailUrl\" srcset=\"https:\/\/maailmanmuutos.org\/wp-content\/uploads\/2023\/08\/jugo_kosovo_war.jpg 1500w, https:\/\/maailmanmuutos.org\/wp-content\/uploads\/2023\/08\/jugo_kosovo_war-800x230.jpg 800w, https:\/\/maailmanmuutos.org\/wp-content\/uploads\/2023\/08\/jugo_kosovo_war-120x34.jpg 120w, https:\/\/maailmanmuutos.org\/wp-content\/uploads\/2023\/08\/jugo_kosovo_war-768x221.jpg 768w, https:\/\/maailmanmuutos.org\/wp-content\/uploads\/2023\/08\/jugo_kosovo_war-705x203.jpg 705w\" sizes=\"(max-width: 1497px) 100vw, 1497px\" \/><\/div><\/li><\/ul><\/div><\/div><div id='after_full_slider_1'  class='main_color av_default_container_wrap container_wrap sidebar_right'  ><div class='container av-section-cont-open' ><div class='template-page content  av-content-small alpha units'><div class='post-entry post-entry-type-page post-entry-1145'><div class='entry-content-wrapper clearfix'>\n\n<style type=\"text\/css\" data-created_by=\"avia_inline_auto\" id=\"style-css-av-5spn6-3d3e8ead61d02f87ad7c9f2fc625dc24\">\n.flex_column.av-5spn6-3d3e8ead61d02f87ad7c9f2fc625dc24{\nborder-radius:0px 0px 0px 0px;\npadding:0px 0px 0px 0px;\n}\n<\/style>\n<div  class='flex_column av-5spn6-3d3e8ead61d02f87ad7c9f2fc625dc24 av_one_full  avia-builder-el-1  el_after_av_slideshow_full  avia-builder-el-no-sibling  first flex_column_div av-zero-column-padding  '     ><p>\n<style type=\"text\/css\" data-created_by=\"avia_inline_auto\" id=\"style-css-av-1wfsvd-ca3648d6f172647a3a87f8f82fed317b\">\n#top .av-special-heading.av-1wfsvd-ca3648d6f172647a3a87f8f82fed317b{\npadding-bottom:10px;\n}\nbody .av-special-heading.av-1wfsvd-ca3648d6f172647a3a87f8f82fed317b .av-special-heading-tag .heading-char{\nfont-size:25px;\n}\n.av-special-heading.av-1wfsvd-ca3648d6f172647a3a87f8f82fed317b .av-subheading{\nfont-size:15px;\n}\n<\/style>\n<div  class='av-special-heading av-1wfsvd-ca3648d6f172647a3a87f8f82fed317b av-special-heading-h1  avia-builder-el-2  el_before_av_textblock  avia-builder-el-first '><h1 class='av-special-heading-tag'  itemprop=\"headline\"  >Kosovon sota<\/h1><div class=\"special-heading-border\"><div class=\"special-heading-inner-border\"><\/div><\/div><\/div><br \/>\n<section  class='av_textblock_section av-lezr0od0-94e7bd8ef786eea3c9a8d27065495667 '   itemscope=\"itemscope\" itemtype=\"https:\/\/schema.org\/CreativeWork\" ><div class='avia_textblock'  itemprop=\"text\" ><p><em><strong>Albaaniv\u00e4est\u00f6 kapinaan<\/strong><\/em><\/p>\n<p>Serbian maakuntana olleen Kosovon tilanne k\u00e4rjistyi kes\u00e4ll\u00e4 1998 albaaniv\u00e4est\u00f6n noustua kapinaan. Serbihallinto k\u00e4ytti sen kukistamisessa kovia otteita, jolloin Nato uhkasi tehd\u00e4 intervention. Yleisesti pel\u00e4ttiin, ett\u00e4 Kosovosta tulisi Bosnian kaltainen, pitk\u00e4aikainen sota-alue. Syksyll\u00e4 Kosovoon kuitenkin saatiin aselepo, jota valvomaan ryhmitettiin Ety-j\u00e4rjest\u00f6n johtamia tarkkailijoita.<\/p>\n<p><em><strong>Jugoslavian pommitukset<\/strong><\/em><\/p>\n<p>Aselevon rikkouduttua talven kuluessa ja rauhanneuvottelujen ep\u00e4onnistuttua sotilasliitto Nato aloitti maaliskuussa 1999 Jugoslavian pommitukset. Ne kestiv\u00e4t 78 p\u00e4iv\u00e4\u00e4 ja yhdess\u00e4 lis\u00e4\u00e4ntyneen kansainv\u00e4lisen painostuksen kanssa pakottivat serbijoukot kes\u00e4kuussa poistumaan Kosovosta. Sinne perustettiin YK:n hallinto, joka sai tuekseen vahvat Nato-johtoiset rauhanturvajoukot (KFOR).<\/p>\n<p><em><strong>Albaanien kapina Makedoniassa<\/strong><\/em><\/p>\n<p>Entisen Jugoslavian alueen muuten jo rauhoituttua tilanne Kosovon naapurissa Makedoniassa kiristyi vuonna 2001 albaanien noustua kapinaan slaavijohtoista hallitusta vastaan. Tuokin kriisi saatiin lopulta hallintaan kansainv\u00e4lisin toimin, ja tilanne vakiintui koko entisen Jugoslavian alueella.<\/p>\n<p><em><strong>L\u00e4nsi-Balkan pysyi ep\u00e4vakaana<\/strong><\/em><\/p>\n<p>Kosovon sota ja sit\u00e4 seurannut Makedonian albaaniv\u00e4est\u00f6n kapina p\u00e4\u00e4ttiv\u00e4t Jugoslavian hajoamissodat, mutta ep\u00e4vakaa tilanne alueella jatkui viel\u00e4 useita vuosia ja sitoi merkitt\u00e4v\u00e4sti kansainv\u00e4listen organisaatioiden voimavaroja. Jugoslavian v\u00e4kivaltainen hajoaminen kokonaisuudessaan oli my\u00f6s osoitus siit\u00e4, etteiv\u00e4t kansainv\u00e4liset kriisinhallintatoimet olleet kehittyneet kovinkaan tehokkaiksi. Sotatoimien levi\u00e4minen naapurimaihin kyettiin kuitenkin est\u00e4m\u00e4\u00e4n.<\/p>\n<\/div><\/section><\/p><\/div>\n","protected":false},"excerpt":{"rendered":"","protected":false},"author":1,"featured_media":0,"parent":1092,"menu_order":6,"comment_status":"closed","ping_status":"closed","template":"","meta":{"footnotes":""},"class_list":["post-1145","page","type-page","status-publish","hentry"],"_links":{"self":[{"href":"https:\/\/maailmanmuutos.org\/index.php\/wp-json\/wp\/v2\/pages\/1145","targetHints":{"allow":["GET"]}}],"collection":[{"href":"https:\/\/maailmanmuutos.org\/index.php\/wp-json\/wp\/v2\/pages"}],"about":[{"href":"https:\/\/maailmanmuutos.org\/index.php\/wp-json\/wp\/v2\/types\/page"}],"author":[{"embeddable":true,"href":"https:\/\/maailmanmuutos.org\/index.php\/wp-json\/wp\/v2\/users\/1"}],"replies":[{"embeddable":true,"href":"https:\/\/maailmanmuutos.org\/index.php\/wp-json\/wp\/v2\/comments?post=1145"}],"version-history":[{"count":5,"href":"https:\/\/maailmanmuutos.org\/index.php\/wp-json\/wp\/v2\/pages\/1145\/revisions"}],"predecessor-version":[{"id":4213,"href":"https:\/\/maailmanmuutos.org\/index.php\/wp-json\/wp\/v2\/pages\/1145\/revisions\/4213"}],"up":[{"embeddable":true,"href":"https:\/\/maailmanmuutos.org\/index.php\/wp-json\/wp\/v2\/pages\/1092"}],"wp:attachment":[{"href":"https:\/\/maailmanmuutos.org\/index.php\/wp-json\/wp\/v2\/media?parent=1145"}],"curies":[{"name":"wp","href":"https:\/\/api.w.org\/{rel}","templated":true}]}}

<div id='full_slider_1'  class='avia-fullwidth-slider main_color avia-shadow   avia-builder-el-0  el_before_av_one_full  avia-builder-el-first   container_wrap sidebar_right'  >
<style type="text/css" data-created_by="avia_inline_auto" id="style-css-av-kd4hz9nx-fb331aa0faaa9c578e2f07ccc45f5aa0">
#top #wrap_all .avia-slideshow .av-slideshow-caption.av-kd4hz9nx-fb331aa0faaa9c578e2f07ccc45f5aa0__0 .avia-caption-title{
font-size:22px;
}
#top .avia-slideshow .av-slideshow-caption.av-kd4hz9nx-fb331aa0faaa9c578e2f07ccc45f5aa0__0 .avia-caption-content{
font-size:14px;
}
#top .avia-slideshow .av-slideshow-caption.av-kd4hz9nx-fb331aa0faaa9c578e2f07ccc45f5aa0__0 .avia-caption-content p{
font-size:14px;
}

@media only screen and (min-width: 768px) and (max-width: 989px){ 
#top #wrap_all .avia-slideshow .av-slideshow-caption.av-kd4hz9nx-fb331aa0faaa9c578e2f07ccc45f5aa0__0 .avia-caption-title{
font-size:16px;
}
#top .avia-slideshow .av-slideshow-caption.av-kd4hz9nx-fb331aa0faaa9c578e2f07ccc45f5aa0__0 .avia-caption-content{
font-size:16px;
}
#top .avia-slideshow .av-slideshow-caption.av-kd4hz9nx-fb331aa0faaa9c578e2f07ccc45f5aa0__0 .avia-caption-content p{
font-size:16px;
}
}

@media only screen and (min-width: 480px) and (max-width: 767px){ 
#top #wrap_all .avia-slideshow .av-slideshow-caption.av-kd4hz9nx-fb331aa0faaa9c578e2f07ccc45f5aa0__0 .avia-caption-title{
font-size:14px;
}
#top .avia-slideshow .av-slideshow-caption.av-kd4hz9nx-fb331aa0faaa9c578e2f07ccc45f5aa0__0 .avia-caption-content{
font-size:14px;
}
#top .avia-slideshow .av-slideshow-caption.av-kd4hz9nx-fb331aa0faaa9c578e2f07ccc45f5aa0__0 .avia-caption-content p{
font-size:14px;
}
}

@media only screen and (max-width: 479px){ 
#top #wrap_all .avia-slideshow .av-slideshow-caption.av-kd4hz9nx-fb331aa0faaa9c578e2f07ccc45f5aa0__0 .avia-caption-title{
display:none;
}
#top .avia-slideshow .av-slideshow-caption.av-kd4hz9nx-fb331aa0faaa9c578e2f07ccc45f5aa0__0 .avia-caption-content{
display:none;
}
#top .avia-slideshow .av-slideshow-caption.av-kd4hz9nx-fb331aa0faaa9c578e2f07ccc45f5aa0__0 .avia-caption-content p{
display:none;
}
}
</style>
<div  class='avia-slideshow av-kd4hz9nx-fb331aa0faaa9c578e2f07ccc45f5aa0 avia-slideshow-featured av_slideshow_full avia-slide-slider av-slideshow-ui av-control-default av-slideshow-manual av-loop-once av-loop-manual-endless av-default-height-applied   avia-slideshow-1' data-slideshow-options="{&quot;animation&quot;:&quot;slide&quot;,&quot;autoplay&quot;:false,&quot;loop_autoplay&quot;:&quot;once&quot;,&quot;interval&quot;:5,&quot;loop_manual&quot;:&quot;manual-endless&quot;,&quot;autoplay_stopper&quot;:false,&quot;noNavigation&quot;:false,&quot;bg_slider&quot;:false,&quot;keep_padding&quot;:false,&quot;hoverpause&quot;:false,&quot;show_slide_delay&quot;:0}"  itemprop="image" itemscope="itemscope" itemtype="https://schema.org/ImageObject" ><ul class='avia-slideshow-inner ' style='padding-bottom: 28.72411489646%;'><li  class='avia-slideshow-slide av-kd4hz9nx-fb331aa0faaa9c578e2f07ccc45f5aa0__0  av-single-slide slide-1 slide-odd'><div data-rel='slideshow-1' class='avia-slide-wrap '   ><img decoding="async" fetchpriority="high" class="wp-image-2971 avia-img-lazy-loading-not-2971"  src="https://maailmanmuutos.org/wp-content/uploads/2023/08/jugo_kosovo_war.jpg" width="1497" height="430" title='kuvituskuvat' alt=''  itemprop="thumbnailUrl" srcset="https://maailmanmuutos.org/wp-content/uploads/2023/08/jugo_kosovo_war.jpg 1500w, https://maailmanmuutos.org/wp-content/uploads/2023/08/jugo_kosovo_war-800x230.jpg 800w, https://maailmanmuutos.org/wp-content/uploads/2023/08/jugo_kosovo_war-120x34.jpg 120w, https://maailmanmuutos.org/wp-content/uploads/2023/08/jugo_kosovo_war-768x221.jpg 768w, https://maailmanmuutos.org/wp-content/uploads/2023/08/jugo_kosovo_war-705x203.jpg 705w" sizes="(max-width: 1497px) 100vw, 1497px" /></div></li></ul></div></div><div id='after_full_slider_1'  class='main_color av_default_container_wrap container_wrap sidebar_right'  ><div class='container av-section-cont-open' ><div class='template-page content  av-content-small alpha units'><div class='post-entry post-entry-type-page post-entry-1145'><div class='entry-content-wrapper clearfix'>

<style type="text/css" data-created_by="avia_inline_auto" id="style-css-av-5spn6-3d3e8ead61d02f87ad7c9f2fc625dc24">
.flex_column.av-5spn6-3d3e8ead61d02f87ad7c9f2fc625dc24{
border-radius:0px 0px 0px 0px;
padding:0px 0px 0px 0px;
}
</style>
<div  class='flex_column av-5spn6-3d3e8ead61d02f87ad7c9f2fc625dc24 av_one_full  avia-builder-el-1  el_after_av_slideshow_full  avia-builder-el-no-sibling  first flex_column_div av-zero-column-padding  '     ><p>
<style type="text/css" data-created_by="avia_inline_auto" id="style-css-av-1wfsvd-ca3648d6f172647a3a87f8f82fed317b">
#top .av-special-heading.av-1wfsvd-ca3648d6f172647a3a87f8f82fed317b{
padding-bottom:10px;
}
body .av-special-heading.av-1wfsvd-ca3648d6f172647a3a87f8f82fed317b .av-special-heading-tag .heading-char{
font-size:25px;
}
.av-special-heading.av-1wfsvd-ca3648d6f172647a3a87f8f82fed317b .av-subheading{
font-size:15px;
}
</style>
<div  class='av-special-heading av-1wfsvd-ca3648d6f172647a3a87f8f82fed317b av-special-heading-h1  avia-builder-el-2  el_before_av_textblock  avia-builder-el-first '><h1 class='av-special-heading-tag'  itemprop="headline"  >Kosovon sota</h1><div class="special-heading-border"><div class="special-heading-inner-border"></div></div></div><br />
<section  class='av_textblock_section av-lezr0od0-94e7bd8ef786eea3c9a8d27065495667 '   itemscope="itemscope" itemtype="https://schema.org/CreativeWork" ><div class='avia_textblock'  itemprop="text" ><p><em><strong>Albaaniväestö kapinaan</strong></em></p>
<p>Serbian maakuntana olleen Kosovon tilanne kärjistyi kesällä 1998 albaaniväestön noustua kapinaan. Serbihallinto käytti sen kukistamisessa kovia otteita, jolloin Nato uhkasi tehdä intervention. Yleisesti pelättiin, että Kosovosta tulisi Bosnian kaltainen, pitkäaikainen sota-alue. Syksyllä Kosovoon kuitenkin saatiin aselepo, jota valvomaan ryhmitettiin Ety-järjestön johtamia tarkkailijoita.</p>
<p><em><strong>Jugoslavian pommitukset</strong></em></p>
<p>Aselevon rikkouduttua talven kuluessa ja rauhanneuvottelujen epäonnistuttua sotilasliitto Nato aloitti maaliskuussa 1999 Jugoslavian pommitukset. Ne kestivät 78 päivää ja yhdessä lisääntyneen kansainvälisen painostuksen kanssa pakottivat serbijoukot kesäkuussa poistumaan Kosovosta. Sinne perustettiin YK:n hallinto, joka sai tuekseen vahvat Nato-johtoiset rauhanturvajoukot (KFOR).</p>
<p><em><strong>Albaanien kapina Makedoniassa</strong></em></p>
<p>Entisen Jugoslavian alueen muuten jo rauhoituttua tilanne Kosovon naapurissa Makedoniassa kiristyi vuonna 2001 albaanien noustua kapinaan slaavijohtoista hallitusta vastaan. Tuokin kriisi saatiin lopulta hallintaan kansainvälisin toimin, ja tilanne vakiintui koko entisen Jugoslavian alueella.</p>
<p><em><strong>Länsi-Balkan pysyi epävakaana</strong></em></p>
<p>Kosovon sota ja sitä seurannut Makedonian albaaniväestön kapina päättivät Jugoslavian hajoamissodat, mutta epävakaa tilanne alueella jatkui vielä useita vuosia ja sitoi merkittävästi kansainvälisten organisaatioiden voimavaroja. Jugoslavian väkivaltainen hajoaminen kokonaisuudessaan oli myös osoitus siitä, etteivät kansainväliset kriisinhallintatoimet olleet kehittyneet kovinkaan tehokkaiksi. Sotatoimien leviäminen naapurimaihin kyettiin kuitenkin estämään.</p>
</div></section></p></div>
