{"id":1163,"date":"2023-03-08T18:01:25","date_gmt":"2023-03-08T18:01:25","guid":{"rendered":"http:\/\/us.ylirotu.fi\/?page_id=1163"},"modified":"2023-08-17T09:07:30","modified_gmt":"2023-08-17T09:07:30","slug":"yhdysvaltojen-ja-irakin-valinen-konflikti","status":"publish","type":"page","link":"https:\/\/maailmanmuutos.org\/index.php\/kylmasta-sodasta-2000-luvulle\/yhdysvallat-ja-sota-terrorismia-vastaan\/irakin-sota-vuodesta-2003\/yhdysvaltojen-ja-irakin-valinen-konflikti\/","title":{"rendered":"Yhdysvaltojen ja Irakin v\u00e4linen konflikti\u00a0"},"content":{"rendered":"<div id='full_slider_1'  class='avia-fullwidth-slider main_color avia-shadow   avia-builder-el-0  el_before_av_one_full  avia-builder-el-first   container_wrap sidebar_right'  >\n<style type=\"text\/css\" data-created_by=\"avia_inline_auto\" id=\"style-css-av-kd4hz9nx-fb331aa0faaa9c578e2f07ccc45f5aa0\">\n#top #wrap_all .avia-slideshow .av-slideshow-caption.av-kd4hz9nx-fb331aa0faaa9c578e2f07ccc45f5aa0__0 .avia-caption-title{\nfont-size:22px;\n}\n#top .avia-slideshow .av-slideshow-caption.av-kd4hz9nx-fb331aa0faaa9c578e2f07ccc45f5aa0__0 .avia-caption-content{\nfont-size:14px;\n}\n#top .avia-slideshow .av-slideshow-caption.av-kd4hz9nx-fb331aa0faaa9c578e2f07ccc45f5aa0__0 .avia-caption-content p{\nfont-size:14px;\n}\n\n@media only screen and (min-width: 768px) and (max-width: 989px){ \n#top #wrap_all .avia-slideshow .av-slideshow-caption.av-kd4hz9nx-fb331aa0faaa9c578e2f07ccc45f5aa0__0 .avia-caption-title{\nfont-size:16px;\n}\n#top .avia-slideshow .av-slideshow-caption.av-kd4hz9nx-fb331aa0faaa9c578e2f07ccc45f5aa0__0 .avia-caption-content{\nfont-size:16px;\n}\n#top .avia-slideshow .av-slideshow-caption.av-kd4hz9nx-fb331aa0faaa9c578e2f07ccc45f5aa0__0 .avia-caption-content p{\nfont-size:16px;\n}\n}\n\n@media only screen and (min-width: 480px) and (max-width: 767px){ \n#top #wrap_all .avia-slideshow .av-slideshow-caption.av-kd4hz9nx-fb331aa0faaa9c578e2f07ccc45f5aa0__0 .avia-caption-title{\nfont-size:14px;\n}\n#top .avia-slideshow .av-slideshow-caption.av-kd4hz9nx-fb331aa0faaa9c578e2f07ccc45f5aa0__0 .avia-caption-content{\nfont-size:14px;\n}\n#top .avia-slideshow .av-slideshow-caption.av-kd4hz9nx-fb331aa0faaa9c578e2f07ccc45f5aa0__0 .avia-caption-content p{\nfont-size:14px;\n}\n}\n\n@media only screen and (max-width: 479px){ \n#top #wrap_all .avia-slideshow .av-slideshow-caption.av-kd4hz9nx-fb331aa0faaa9c578e2f07ccc45f5aa0__0 .avia-caption-title{\ndisplay:none;\n}\n#top .avia-slideshow .av-slideshow-caption.av-kd4hz9nx-fb331aa0faaa9c578e2f07ccc45f5aa0__0 .avia-caption-content{\ndisplay:none;\n}\n#top .avia-slideshow .av-slideshow-caption.av-kd4hz9nx-fb331aa0faaa9c578e2f07ccc45f5aa0__0 .avia-caption-content p{\ndisplay:none;\n}\n}\n<\/style>\n<div  class='avia-slideshow av-kd4hz9nx-fb331aa0faaa9c578e2f07ccc45f5aa0 avia-slideshow-featured av_slideshow_full avia-slide-slider av-slideshow-ui av-control-default av-slideshow-manual av-loop-once av-loop-manual-endless av-default-height-applied   avia-slideshow-1' data-slideshow-options=\"{&quot;animation&quot;:&quot;slide&quot;,&quot;autoplay&quot;:false,&quot;loop_autoplay&quot;:&quot;once&quot;,&quot;interval&quot;:5,&quot;loop_manual&quot;:&quot;manual-endless&quot;,&quot;autoplay_stopper&quot;:false,&quot;noNavigation&quot;:false,&quot;bg_slider&quot;:false,&quot;keep_padding&quot;:false,&quot;hoverpause&quot;:false,&quot;show_slide_delay&quot;:0}\"  itemprop=\"image\" itemscope=\"itemscope\" itemtype=\"https:\/\/schema.org\/ImageObject\" ><ul class='avia-slideshow-inner ' style='padding-bottom: 28.72411489646%;'><li  class='avia-slideshow-slide av-kd4hz9nx-fb331aa0faaa9c578e2f07ccc45f5aa0__0  av-single-slide slide-1 slide-odd'><div data-rel='slideshow-1' class='avia-slide-wrap '   ><img decoding=\"async\" fetchpriority=\"high\" class=\"wp-image-3121 avia-img-lazy-loading-not-3121\"  src=\"https:\/\/maailmanmuutos.org\/wp-content\/uploads\/2023\/08\/irakin-konflikti.jpg\" width=\"1497\" height=\"430\" title='kuvituskuvat' alt=''  itemprop=\"thumbnailUrl\" srcset=\"https:\/\/maailmanmuutos.org\/wp-content\/uploads\/2023\/08\/irakin-konflikti.jpg 1500w, https:\/\/maailmanmuutos.org\/wp-content\/uploads\/2023\/08\/irakin-konflikti-800x230.jpg 800w, https:\/\/maailmanmuutos.org\/wp-content\/uploads\/2023\/08\/irakin-konflikti-120x34.jpg 120w, https:\/\/maailmanmuutos.org\/wp-content\/uploads\/2023\/08\/irakin-konflikti-768x221.jpg 768w, https:\/\/maailmanmuutos.org\/wp-content\/uploads\/2023\/08\/irakin-konflikti-705x203.jpg 705w\" sizes=\"(max-width: 1497px) 100vw, 1497px\" \/><\/div><\/li><\/ul><\/div><\/div><div id='after_full_slider_1'  class='main_color av_default_container_wrap container_wrap sidebar_right'  ><div class='container av-section-cont-open' ><div class='template-page content  av-content-small alpha units'><div class='post-entry post-entry-type-page post-entry-1163'><div class='entry-content-wrapper clearfix'>\n\n<style type=\"text\/css\" data-created_by=\"avia_inline_auto\" id=\"style-css-av-5spn6-3d3e8ead61d02f87ad7c9f2fc625dc24\">\n.flex_column.av-5spn6-3d3e8ead61d02f87ad7c9f2fc625dc24{\nborder-radius:0px 0px 0px 0px;\npadding:0px 0px 0px 0px;\n}\n<\/style>\n<div  class='flex_column av-5spn6-3d3e8ead61d02f87ad7c9f2fc625dc24 av_one_full  avia-builder-el-1  el_after_av_slideshow_full  avia-builder-el-no-sibling  first flex_column_div av-zero-column-padding  '     ><p>\n<style type=\"text\/css\" data-created_by=\"avia_inline_auto\" id=\"style-css-av-25xg9n-5ccbb672c939eafb2bc44704759485e8\">\n#top .av-special-heading.av-25xg9n-5ccbb672c939eafb2bc44704759485e8{\npadding-bottom:10px;\n}\nbody .av-special-heading.av-25xg9n-5ccbb672c939eafb2bc44704759485e8 .av-special-heading-tag .heading-char{\nfont-size:25px;\n}\n.av-special-heading.av-25xg9n-5ccbb672c939eafb2bc44704759485e8 .av-subheading{\nfont-size:15px;\n}\n<\/style>\n<div  class='av-special-heading av-25xg9n-5ccbb672c939eafb2bc44704759485e8 av-special-heading-h1  avia-builder-el-2  el_before_av_hr  avia-builder-el-first '><h1 class='av-special-heading-tag'  itemprop=\"headline\"  >Yhdysvaltojen ja Irakin v\u00e4linen konflikti <\/h1><div class=\"special-heading-border\"><div class=\"special-heading-inner-border\"><\/div><\/div><\/div><br \/>\n\n<style type=\"text\/css\" data-created_by=\"avia_inline_auto\" id=\"style-css-av-lezyltli-bd1c5f5e641227e2541fd37d1a3f1139\">\n#top .hr.hr-invisible.av-lezyltli-bd1c5f5e641227e2541fd37d1a3f1139{\nheight:50px;\n}\n<\/style>\n<div  class='hr av-lezyltli-bd1c5f5e641227e2541fd37d1a3f1139 hr-invisible  avia-builder-el-3  el_after_av_heading  el_before_av_textblock '><span class='hr-inner '><span class=\"hr-inner-style\"><\/span><\/span><\/div><br \/>\n<section  class='av_textblock_section av-lezr0od0-94e7bd8ef786eea3c9a8d27065495667 '   itemscope=\"itemscope\" itemtype=\"https:\/\/schema.org\/CreativeWork\" ><div class='avia_textblock'  itemprop=\"text\" ><p><em><strong>Irak maalitauluksi<\/strong><\/em><\/p>\n<p>Yhdysvalloissa Irakin vastaiset toimenpiteet saivat vauhtia kev\u00e4\u00e4ll\u00e4 2002. Yleisesti arvioitiin, ett\u00e4 presidentti Bush oli p\u00e4\u00e4tt\u00e4nyt kukistaa Saddam Husseinin ja toiminta voisi alkaa hyvinkin nopeasti. Lehdist\u00f6\u00f6n ilmestyi arvioita erilaisista vaihtoehdoista ja niiden vaatimista voimista.<\/p>\n<p>Useissa kriittisiss\u00e4 arvioissa kiinnitettiin huomiota L\u00e4hi-id\u00e4n kokonaistilanteen merkitykseen \u00a0ja sotatoimiin liittyviin suuriin riskeihin sek\u00e4 ep\u00e4iltiin Yhdysvaltojen resurssien riitt\u00e4vyytt\u00e4 nopeaan toimintaan. My\u00f6sk\u00e4\u00e4n v\u00e4itteit\u00e4 Irakin ja etenkin sen johtajan Saddam Husseinin vaarallisuudesta ei t\u00e4ysin hyv\u00e4ksytty, sill\u00e4 Irak oli ollut jo kauan tarkan seurannan ja saarron alaisena. Lis\u00e4ksi sit\u00e4 oli jatkuvasti pommitettu.<\/p>\n<p><em><strong>Arabimaat vastahakoisia<\/strong><\/em><\/p>\n<p>Irakin naapurimaat torjuivat alueensa k\u00e4yt\u00f6n sotatoimiin Irakia vastaan. Arabimaiden kannanotoissa kehotettiin Yhdysvaltoja ensin lopettamaan tukensa Israelille ja vasta sitten keskustelemaan muista toimista. Arabiliiton kokouksessa Irakille ilmaistiin tukea hy\u00f6kk\u00e4\u00e4mist\u00e4 vastustavalla julkilausumalla.<\/p>\n<p><em><strong>Liittolaiset ep\u00e4r\u00f6iv\u00e4t<\/strong><\/em><\/p>\n<p>My\u00f6s eurooppalaiset liittolaiset Englantia ehk\u00e4 lukuun ottamatta suhtautuivat kielteisesti asevoiman k\u00e4ytt\u00f6\u00f6n. Sit\u00e4 ei olisi pidetty en\u00e4\u00e4 syyskuun 2001 terrori-iskujen oikeuttamana itsepuolustustoimena. Vaadittiin pit\u00e4vi\u00e4 n\u00e4ytt\u00f6j\u00e4 Irakin yhteyksist\u00e4 al-Qaidaan, mutta niit\u00e4 ei l\u00f6ytynyt.<\/p>\n<p>Kysymys Irakin vastaisista toimista j\u00e4i kev\u00e4\u00e4ll\u00e4 2002 taka-alalle sek\u00e4 L\u00e4hi-id\u00e4n yleistilanteen kehityksen ett\u00e4 Yhdysvaltojen hallinnon sis\u00e4isten erimielisyyksien vuoksi.<\/p>\n<\/div><\/section><\/p><\/div>\n","protected":false},"excerpt":{"rendered":"","protected":false},"author":1,"featured_media":0,"parent":1081,"menu_order":1,"comment_status":"closed","ping_status":"closed","template":"","meta":{"footnotes":""},"class_list":["post-1163","page","type-page","status-publish","hentry"],"_links":{"self":[{"href":"https:\/\/maailmanmuutos.org\/index.php\/wp-json\/wp\/v2\/pages\/1163","targetHints":{"allow":["GET"]}}],"collection":[{"href":"https:\/\/maailmanmuutos.org\/index.php\/wp-json\/wp\/v2\/pages"}],"about":[{"href":"https:\/\/maailmanmuutos.org\/index.php\/wp-json\/wp\/v2\/types\/page"}],"author":[{"embeddable":true,"href":"https:\/\/maailmanmuutos.org\/index.php\/wp-json\/wp\/v2\/users\/1"}],"replies":[{"embeddable":true,"href":"https:\/\/maailmanmuutos.org\/index.php\/wp-json\/wp\/v2\/comments?post=1163"}],"version-history":[{"count":6,"href":"https:\/\/maailmanmuutos.org\/index.php\/wp-json\/wp\/v2\/pages\/1163\/revisions"}],"predecessor-version":[{"id":4305,"href":"https:\/\/maailmanmuutos.org\/index.php\/wp-json\/wp\/v2\/pages\/1163\/revisions\/4305"}],"up":[{"embeddable":true,"href":"https:\/\/maailmanmuutos.org\/index.php\/wp-json\/wp\/v2\/pages\/1081"}],"wp:attachment":[{"href":"https:\/\/maailmanmuutos.org\/index.php\/wp-json\/wp\/v2\/media?parent=1163"}],"curies":[{"name":"wp","href":"https:\/\/api.w.org\/{rel}","templated":true}]}}

Yhdysvaltojen ja Irakin välinen konflikti

<div id='full_slider_1'  class='avia-fullwidth-slider main_color avia-shadow   avia-builder-el-0  el_before_av_one_full  avia-builder-el-first   container_wrap sidebar_right'  >
<style type="text/css" data-created_by="avia_inline_auto" id="style-css-av-kd4hz9nx-fb331aa0faaa9c578e2f07ccc45f5aa0">
#top #wrap_all .avia-slideshow .av-slideshow-caption.av-kd4hz9nx-fb331aa0faaa9c578e2f07ccc45f5aa0__0 .avia-caption-title{
font-size:22px;
}
#top .avia-slideshow .av-slideshow-caption.av-kd4hz9nx-fb331aa0faaa9c578e2f07ccc45f5aa0__0 .avia-caption-content{
font-size:14px;
}
#top .avia-slideshow .av-slideshow-caption.av-kd4hz9nx-fb331aa0faaa9c578e2f07ccc45f5aa0__0 .avia-caption-content p{
font-size:14px;
}

@media only screen and (min-width: 768px) and (max-width: 989px){ 
#top #wrap_all .avia-slideshow .av-slideshow-caption.av-kd4hz9nx-fb331aa0faaa9c578e2f07ccc45f5aa0__0 .avia-caption-title{
font-size:16px;
}
#top .avia-slideshow .av-slideshow-caption.av-kd4hz9nx-fb331aa0faaa9c578e2f07ccc45f5aa0__0 .avia-caption-content{
font-size:16px;
}
#top .avia-slideshow .av-slideshow-caption.av-kd4hz9nx-fb331aa0faaa9c578e2f07ccc45f5aa0__0 .avia-caption-content p{
font-size:16px;
}
}

@media only screen and (min-width: 480px) and (max-width: 767px){ 
#top #wrap_all .avia-slideshow .av-slideshow-caption.av-kd4hz9nx-fb331aa0faaa9c578e2f07ccc45f5aa0__0 .avia-caption-title{
font-size:14px;
}
#top .avia-slideshow .av-slideshow-caption.av-kd4hz9nx-fb331aa0faaa9c578e2f07ccc45f5aa0__0 .avia-caption-content{
font-size:14px;
}
#top .avia-slideshow .av-slideshow-caption.av-kd4hz9nx-fb331aa0faaa9c578e2f07ccc45f5aa0__0 .avia-caption-content p{
font-size:14px;
}
}

@media only screen and (max-width: 479px){ 
#top #wrap_all .avia-slideshow .av-slideshow-caption.av-kd4hz9nx-fb331aa0faaa9c578e2f07ccc45f5aa0__0 .avia-caption-title{
display:none;
}
#top .avia-slideshow .av-slideshow-caption.av-kd4hz9nx-fb331aa0faaa9c578e2f07ccc45f5aa0__0 .avia-caption-content{
display:none;
}
#top .avia-slideshow .av-slideshow-caption.av-kd4hz9nx-fb331aa0faaa9c578e2f07ccc45f5aa0__0 .avia-caption-content p{
display:none;
}
}
</style>
<div  class='avia-slideshow av-kd4hz9nx-fb331aa0faaa9c578e2f07ccc45f5aa0 avia-slideshow-featured av_slideshow_full avia-slide-slider av-slideshow-ui av-control-default av-slideshow-manual av-loop-once av-loop-manual-endless av-default-height-applied   avia-slideshow-1' data-slideshow-options="{&quot;animation&quot;:&quot;slide&quot;,&quot;autoplay&quot;:false,&quot;loop_autoplay&quot;:&quot;once&quot;,&quot;interval&quot;:5,&quot;loop_manual&quot;:&quot;manual-endless&quot;,&quot;autoplay_stopper&quot;:false,&quot;noNavigation&quot;:false,&quot;bg_slider&quot;:false,&quot;keep_padding&quot;:false,&quot;hoverpause&quot;:false,&quot;show_slide_delay&quot;:0}"  itemprop="image" itemscope="itemscope" itemtype="https://schema.org/ImageObject" ><ul class='avia-slideshow-inner ' style='padding-bottom: 28.72411489646%;'><li  class='avia-slideshow-slide av-kd4hz9nx-fb331aa0faaa9c578e2f07ccc45f5aa0__0  av-single-slide slide-1 slide-odd'><div data-rel='slideshow-1' class='avia-slide-wrap '   ><img decoding="async" fetchpriority="high" class="wp-image-3121 avia-img-lazy-loading-not-3121"  src="https://maailmanmuutos.org/wp-content/uploads/2023/08/irakin-konflikti.jpg" width="1497" height="430" title='kuvituskuvat' alt=''  itemprop="thumbnailUrl" srcset="https://maailmanmuutos.org/wp-content/uploads/2023/08/irakin-konflikti.jpg 1500w, https://maailmanmuutos.org/wp-content/uploads/2023/08/irakin-konflikti-800x230.jpg 800w, https://maailmanmuutos.org/wp-content/uploads/2023/08/irakin-konflikti-120x34.jpg 120w, https://maailmanmuutos.org/wp-content/uploads/2023/08/irakin-konflikti-768x221.jpg 768w, https://maailmanmuutos.org/wp-content/uploads/2023/08/irakin-konflikti-705x203.jpg 705w" sizes="(max-width: 1497px) 100vw, 1497px" /></div></li></ul></div></div><div id='after_full_slider_1'  class='main_color av_default_container_wrap container_wrap sidebar_right'  ><div class='container av-section-cont-open' ><div class='template-page content  av-content-small alpha units'><div class='post-entry post-entry-type-page post-entry-1163'><div class='entry-content-wrapper clearfix'>

<style type="text/css" data-created_by="avia_inline_auto" id="style-css-av-5spn6-3d3e8ead61d02f87ad7c9f2fc625dc24">
.flex_column.av-5spn6-3d3e8ead61d02f87ad7c9f2fc625dc24{
border-radius:0px 0px 0px 0px;
padding:0px 0px 0px 0px;
}
</style>
<div  class='flex_column av-5spn6-3d3e8ead61d02f87ad7c9f2fc625dc24 av_one_full  avia-builder-el-1  el_after_av_slideshow_full  avia-builder-el-no-sibling  first flex_column_div av-zero-column-padding  '     ><p>
<style type="text/css" data-created_by="avia_inline_auto" id="style-css-av-25xg9n-5ccbb672c939eafb2bc44704759485e8">
#top .av-special-heading.av-25xg9n-5ccbb672c939eafb2bc44704759485e8{
padding-bottom:10px;
}
body .av-special-heading.av-25xg9n-5ccbb672c939eafb2bc44704759485e8 .av-special-heading-tag .heading-char{
font-size:25px;
}
.av-special-heading.av-25xg9n-5ccbb672c939eafb2bc44704759485e8 .av-subheading{
font-size:15px;
}
</style>
<div  class='av-special-heading av-25xg9n-5ccbb672c939eafb2bc44704759485e8 av-special-heading-h1  avia-builder-el-2  el_before_av_hr  avia-builder-el-first '><h1 class='av-special-heading-tag'  itemprop="headline"  >Yhdysvaltojen ja Irakin välinen konflikti </h1><div class="special-heading-border"><div class="special-heading-inner-border"></div></div></div><br />

<style type="text/css" data-created_by="avia_inline_auto" id="style-css-av-lezyltli-bd1c5f5e641227e2541fd37d1a3f1139">
#top .hr.hr-invisible.av-lezyltli-bd1c5f5e641227e2541fd37d1a3f1139{
height:50px;
}
</style>
<div  class='hr av-lezyltli-bd1c5f5e641227e2541fd37d1a3f1139 hr-invisible  avia-builder-el-3  el_after_av_heading  el_before_av_textblock '><span class='hr-inner '><span class="hr-inner-style"></span></span></div><br />
<section  class='av_textblock_section av-lezr0od0-94e7bd8ef786eea3c9a8d27065495667 '   itemscope="itemscope" itemtype="https://schema.org/CreativeWork" ><div class='avia_textblock'  itemprop="text" ><p><em><strong>Irak maalitauluksi</strong></em></p>
<p>Yhdysvalloissa Irakin vastaiset toimenpiteet saivat vauhtia keväällä 2002. Yleisesti arvioitiin, että presidentti Bush oli päättänyt kukistaa Saddam Husseinin ja toiminta voisi alkaa hyvinkin nopeasti. Lehdistöön ilmestyi arvioita erilaisista vaihtoehdoista ja niiden vaatimista voimista.</p>
<p>Useissa kriittisissä arvioissa kiinnitettiin huomiota Lähi-idän kokonaistilanteen merkitykseen  ja sotatoimiin liittyviin suuriin riskeihin sekä epäiltiin Yhdysvaltojen resurssien riittävyyttä nopeaan toimintaan. Myöskään väitteitä Irakin ja etenkin sen johtajan Saddam Husseinin vaarallisuudesta ei täysin hyväksytty, sillä Irak oli ollut jo kauan tarkan seurannan ja saarron alaisena. Lisäksi sitä oli jatkuvasti pommitettu.</p>
<p><em><strong>Arabimaat vastahakoisia</strong></em></p>
<p>Irakin naapurimaat torjuivat alueensa käytön sotatoimiin Irakia vastaan. Arabimaiden kannanotoissa kehotettiin Yhdysvaltoja ensin lopettamaan tukensa Israelille ja vasta sitten keskustelemaan muista toimista. Arabiliiton kokouksessa Irakille ilmaistiin tukea hyökkäämistä vastustavalla julkilausumalla.</p>
<p><em><strong>Liittolaiset epäröivät</strong></em></p>
<p>Myös eurooppalaiset liittolaiset Englantia ehkä lukuun ottamatta suhtautuivat kielteisesti asevoiman käyttöön. Sitä ei olisi pidetty enää syyskuun 2001 terrori-iskujen oikeuttamana itsepuolustustoimena. Vaadittiin pitäviä näyttöjä Irakin yhteyksistä al-Qaidaan, mutta niitä ei löytynyt.</p>
<p>Kysymys Irakin vastaisista toimista jäi keväällä 2002 taka-alalle sekä Lähi-idän yleistilanteen kehityksen että Yhdysvaltojen hallinnon sisäisten erimielisyyksien vuoksi.</p>
</div></section></p></div>
