{"id":1171,"date":"2023-03-08T18:02:10","date_gmt":"2023-03-08T18:02:10","guid":{"rendered":"http:\/\/us.ylirotu.fi\/?page_id=1171"},"modified":"2023-08-17T09:10:45","modified_gmt":"2023-08-17T09:10:45","slug":"irakin-sodan-vaikutukset-usan-asemaan-ja-lahi-idassa","status":"publish","type":"page","link":"https:\/\/maailmanmuutos.org\/index.php\/kylmasta-sodasta-2000-luvulle\/yhdysvallat-ja-sota-terrorismia-vastaan\/irakin-sota-vuodesta-2003\/irakin-sodan-vaikutukset-usan-asemaan-ja-lahi-idassa\/","title":{"rendered":"Irakin sodan vaikutukset USAn asemaan ja L\u00e4hi-id\u00e4ss\u00e4\u00a0"},"content":{"rendered":"<div id='full_slider_1'  class='avia-fullwidth-slider main_color avia-shadow   avia-builder-el-0  el_before_av_one_full  avia-builder-el-first   container_wrap sidebar_right'  >\n<style type=\"text\/css\" data-created_by=\"avia_inline_auto\" id=\"style-css-av-kd4hz9nx-fb331aa0faaa9c578e2f07ccc45f5aa0\">\n#top #wrap_all .avia-slideshow .av-slideshow-caption.av-kd4hz9nx-fb331aa0faaa9c578e2f07ccc45f5aa0__0 .avia-caption-title{\nfont-size:22px;\n}\n#top .avia-slideshow .av-slideshow-caption.av-kd4hz9nx-fb331aa0faaa9c578e2f07ccc45f5aa0__0 .avia-caption-content{\nfont-size:14px;\n}\n#top .avia-slideshow .av-slideshow-caption.av-kd4hz9nx-fb331aa0faaa9c578e2f07ccc45f5aa0__0 .avia-caption-content p{\nfont-size:14px;\n}\n\n@media only screen and (min-width: 768px) and (max-width: 989px){ \n#top #wrap_all .avia-slideshow .av-slideshow-caption.av-kd4hz9nx-fb331aa0faaa9c578e2f07ccc45f5aa0__0 .avia-caption-title{\nfont-size:16px;\n}\n#top .avia-slideshow .av-slideshow-caption.av-kd4hz9nx-fb331aa0faaa9c578e2f07ccc45f5aa0__0 .avia-caption-content{\nfont-size:16px;\n}\n#top .avia-slideshow .av-slideshow-caption.av-kd4hz9nx-fb331aa0faaa9c578e2f07ccc45f5aa0__0 .avia-caption-content p{\nfont-size:16px;\n}\n}\n\n@media only screen and (min-width: 480px) and (max-width: 767px){ \n#top #wrap_all .avia-slideshow .av-slideshow-caption.av-kd4hz9nx-fb331aa0faaa9c578e2f07ccc45f5aa0__0 .avia-caption-title{\nfont-size:14px;\n}\n#top .avia-slideshow .av-slideshow-caption.av-kd4hz9nx-fb331aa0faaa9c578e2f07ccc45f5aa0__0 .avia-caption-content{\nfont-size:14px;\n}\n#top .avia-slideshow .av-slideshow-caption.av-kd4hz9nx-fb331aa0faaa9c578e2f07ccc45f5aa0__0 .avia-caption-content p{\nfont-size:14px;\n}\n}\n\n@media only screen and (max-width: 479px){ \n#top #wrap_all .avia-slideshow .av-slideshow-caption.av-kd4hz9nx-fb331aa0faaa9c578e2f07ccc45f5aa0__0 .avia-caption-title{\ndisplay:none;\n}\n#top .avia-slideshow .av-slideshow-caption.av-kd4hz9nx-fb331aa0faaa9c578e2f07ccc45f5aa0__0 .avia-caption-content{\ndisplay:none;\n}\n#top .avia-slideshow .av-slideshow-caption.av-kd4hz9nx-fb331aa0faaa9c578e2f07ccc45f5aa0__0 .avia-caption-content p{\ndisplay:none;\n}\n}\n<\/style>\n<div  class='avia-slideshow av-kd4hz9nx-fb331aa0faaa9c578e2f07ccc45f5aa0 avia-slideshow-featured av_slideshow_full avia-slide-slider av-slideshow-ui av-control-default av-slideshow-manual av-loop-once av-loop-manual-endless av-default-height-applied   avia-slideshow-1' data-slideshow-options=\"{&quot;animation&quot;:&quot;slide&quot;,&quot;autoplay&quot;:false,&quot;loop_autoplay&quot;:&quot;once&quot;,&quot;interval&quot;:5,&quot;loop_manual&quot;:&quot;manual-endless&quot;,&quot;autoplay_stopper&quot;:false,&quot;noNavigation&quot;:false,&quot;bg_slider&quot;:false,&quot;keep_padding&quot;:false,&quot;hoverpause&quot;:false,&quot;show_slide_delay&quot;:0}\"  itemprop=\"image\" itemscope=\"itemscope\" itemtype=\"https:\/\/schema.org\/ImageObject\" ><ul class='avia-slideshow-inner ' style='padding-bottom: 28.72411489646%;'><li  class='avia-slideshow-slide av-kd4hz9nx-fb331aa0faaa9c578e2f07ccc45f5aa0__0  av-single-slide slide-1 slide-odd'><div data-rel='slideshow-1' class='avia-slide-wrap '   ><img decoding=\"async\" fetchpriority=\"high\" class=\"wp-image-3149 avia-img-lazy-loading-not-3149\"  src=\"https:\/\/maailmanmuutos.org\/wp-content\/uploads\/2023\/08\/obam-irak.jpg\" width=\"1497\" height=\"430\" title='kuvituskuvat' alt=''  itemprop=\"thumbnailUrl\" srcset=\"https:\/\/maailmanmuutos.org\/wp-content\/uploads\/2023\/08\/obam-irak.jpg 1500w, https:\/\/maailmanmuutos.org\/wp-content\/uploads\/2023\/08\/obam-irak-800x230.jpg 800w, https:\/\/maailmanmuutos.org\/wp-content\/uploads\/2023\/08\/obam-irak-120x34.jpg 120w, https:\/\/maailmanmuutos.org\/wp-content\/uploads\/2023\/08\/obam-irak-768x221.jpg 768w, https:\/\/maailmanmuutos.org\/wp-content\/uploads\/2023\/08\/obam-irak-705x203.jpg 705w\" sizes=\"(max-width: 1497px) 100vw, 1497px\" \/><\/div><\/li><\/ul><\/div><\/div><div id='after_full_slider_1'  class='main_color av_default_container_wrap container_wrap sidebar_right'  ><div class='container av-section-cont-open' ><div class='template-page content  av-content-small alpha units'><div class='post-entry post-entry-type-page post-entry-1171'><div class='entry-content-wrapper clearfix'>\n\n<style type=\"text\/css\" data-created_by=\"avia_inline_auto\" id=\"style-css-av-5spn6-3d3e8ead61d02f87ad7c9f2fc625dc24\">\n.flex_column.av-5spn6-3d3e8ead61d02f87ad7c9f2fc625dc24{\nborder-radius:0px 0px 0px 0px;\npadding:0px 0px 0px 0px;\n}\n<\/style>\n<div  class='flex_column av-5spn6-3d3e8ead61d02f87ad7c9f2fc625dc24 av_one_full  avia-builder-el-1  el_after_av_slideshow_full  avia-builder-el-no-sibling  first flex_column_div av-zero-column-padding  '     ><p>\n<style type=\"text\/css\" data-created_by=\"avia_inline_auto\" id=\"style-css-av-av_heading-01b950042fb5b508f1d7aa414d438b58\">\n#top .av-special-heading.av-av_heading-01b950042fb5b508f1d7aa414d438b58{\npadding-bottom:10px;\n}\nbody .av-special-heading.av-av_heading-01b950042fb5b508f1d7aa414d438b58 .av-special-heading-tag .heading-char{\nfont-size:25px;\n}\n.av-special-heading.av-av_heading-01b950042fb5b508f1d7aa414d438b58 .av-subheading{\nfont-size:15px;\n}\n<\/style>\n<div  class='av-special-heading av-av_heading-01b950042fb5b508f1d7aa414d438b58 av-special-heading-h1  avia-builder-el-2  el_before_av_hr  avia-builder-el-first '><h1 class='av-special-heading-tag'  itemprop=\"headline\"  >Irakin sodan vaikutukset USAn asemaan ja L\u00e4hi-id\u00e4ss\u00e4 <\/h1><div class=\"special-heading-border\"><div class=\"special-heading-inner-border\"><\/div><\/div><\/div><br \/>\n\n<style type=\"text\/css\" data-created_by=\"avia_inline_auto\" id=\"style-css-av-lezyltli-bd1c5f5e641227e2541fd37d1a3f1139\">\n#top .hr.hr-invisible.av-lezyltli-bd1c5f5e641227e2541fd37d1a3f1139{\nheight:50px;\n}\n<\/style>\n<div  class='hr av-lezyltli-bd1c5f5e641227e2541fd37d1a3f1139 hr-invisible  avia-builder-el-3  el_after_av_heading  el_before_av_textblock '><span class='hr-inner '><span class=\"hr-inner-style\"><\/span><\/span><\/div><br \/>\n<section  class='av_textblock_section av-lezr0od0-94e7bd8ef786eea3c9a8d27065495667 '   itemscope=\"itemscope\" itemtype=\"https:\/\/schema.org\/CreativeWork\" ><div class='avia_textblock'  itemprop=\"text\" ><p><em><strong>Presidentin vaalit 2008<\/strong><\/em><\/p>\n<p>Vaalikamppailussa presidentinvirasta vuonna 2008 tyytym\u00e4tt\u00f6myys Irakin sotaa kohtaan heikensi republikaanien mahdollisuuksia vaalivoittoon. Demokraattien ehdokas Barack Obama lupasi vet\u00e4\u00e4 amerikkalaissotilaat Irakista 16 kuukauden kuluessa.<\/p>\n<p><em><strong>Taistelut hiljeniv\u00e4t<\/strong><\/em><\/p>\n<p>Yhdysvallat oli kasvattanut joukkojen m\u00e4\u00e4r\u00e4\u00e4 Irakissa vuodesta 2007 l\u00e4htien ja luovuttanut vastuuta maakuntien turvallisuudesta Irakin shiia-johtoiselle hallitukselle. Maan l\u00e4ntiset osat alkoivat rauhoittua, ja my\u00f6s Bagdadin turvallisuustilanne parani vuoden 2008 kuluessa.<\/p>\n<p>Tilanteen vakiintumiseen vaikuttivat monet tekij\u00e4t. N\u00e4ist\u00e4 t\u00e4rkein oli Irakin kesken\u00e4\u00e4n taistelleiden ryhmittymien p\u00e4\u00e4seminen hiljaiseen sopuun alueidensa rajanvedosta ja hallinnasta. V\u00e4est\u00f6ryhmien alueilta olivat v\u00e4hemmist\u00f6t jo l\u00e4hes poistuneet, joten \u201detninen puhdistus\u201d oli k\u00e4yt\u00e4nn\u00f6ss\u00e4 tapahtunut. Kotimaassa oli yli kaksi miljoonaa sis\u00e4ist\u00e4 pakolaista sek\u00e4 kaksi miljoonaa ihmist\u00e4 paennut ulkomaille. Lis\u00e4ksi tilanteen vakiintumiseen vaikutti Irakin hallituksen lupaus asettaa Yhdysvaltojen joukkojen poistumiselle aikataulu.<\/p>\n<p><em><strong>Amerikkalaisjoukot vet\u00e4ytyv\u00e4t<\/strong><\/em><\/p>\n<p>Sopimus Yhdysvaltojen joukkojen asemasta Irakissa ja v\u00e4hitt\u00e4isest\u00e4 poistumisesta tuli voimaan vuoden 2009 alussa. Presidentti Barack Obama piti kiinni lupauksestaan kiirehti\u00e4 joukkojen vet\u00e4mist\u00e4 Irakista. Elokuussa 2010 ilmoitettiin, etteiv\u00e4t amerikkalaissotilaat en\u00e4\u00e4 osallistu varsinaisiin taisteluihin Irakissa. Heit\u00e4 j\u00e4i toistaiseksi Irakiin toimintaan tukiteht\u00e4viss\u00e4 noin 50 000.<\/p>\n<p><em><strong>L\u00e4hi-id\u00e4n kokonaistilanne avoinna<\/strong><\/em><\/p>\n<p>Yhdysvaltojen erityisen\u00e4 ongelmana L\u00e4hi-id\u00e4ss\u00e4 on Afganistanin ja Pakistanin tilanteen vaikeutuminen vuodesta 2009 alkaen. Siihen liittyy Iranin kielt\u00e4ytyminen avaamasta ydinenergian tuotantolaitoksiaan perusteellisille tarkastuksille.<\/p>\n<p>L\u00e4hi-id\u00e4n tilanteen kehityksen edes p\u00e4\u00e4piirteinen ennustaminen on vaikeaa. Yhdysvaltojen toimintavapaus on merkitt\u00e4v\u00e4sti rajoittunut Irakiin kev\u00e4\u00e4ll\u00e4 2003 tehdyn hy\u00f6kk\u00e4yksen seurauksena. Samalla l\u00e4nsimaiden mahdollisuudet hallita asevoimin tilanteita L\u00e4hi-id\u00e4ss\u00e4 ja etel\u00e4isess\u00e4 Aasiassa ovat tuntuvasti heikentyneet.<\/p>\n<p><em><strong>Yhdysvaltojen asema heikkeni<\/strong><\/em><\/p>\n<p>Yleisesti on arvioitu, ett\u00e4 Irakin sodalla on ollut negatiivisia seurausvaikutuksia Yhdysvaltojen asemalle maailmassa. Suuriksi paisuneet sotakustannukset ovat pakottaneet hallituksen lainaamaan rahaa ulkomailta, l\u00e4hinn\u00e4 Aasian maista.<\/p>\n<p>Yhdysvaltojen kannalta on ollut t\u00e4rke\u00e4\u00e4 vakauttaa Persianlahden tilannetta \u00f6ljynsaannin turvaamiseksi, mutta alueen ep\u00e4varmuudesta kertoo kilpavarustelun kiihtyminen. Suurena kysymyksen\u00e4 on yh\u00e4 Yhdysvaltojen ja Iranin v\u00e4listen suhteiden kehitys, mutta my\u00f6s Irakin sodasta seuraavia vaikutuksia Saudi-Arabialle on verraten vaikea arvioida. N\u00e4ytt\u00e4\u00e4 kuitenkin selv\u00e4lt\u00e4, ett\u00e4 Yhdysvaltojen suhteet arabeihin ja muihin muslimeihin k\u00e4rsiv\u00e4t Irakin sodan vuoksi vakavia takaiskuja.<\/p>\n<p><em><strong>Vaikutukset maailman voimasuhteisiin<\/strong><\/em><\/p>\n<p>Irakin kriisist\u00e4 ja sodasta aiheutuneisiin poliittisiin vaurioihin on liitett\u00e4v\u00e4 my\u00f6s l\u00e4ntiselle liittoj\u00e4rjestelm\u00e4lle koituneet ongelmat. Sotilasliitto Naton rakoilu kriisin k\u00e4rjistyess\u00e4 oli kaikkien n\u00e4ht\u00e4vill\u00e4, ja kokemuksia k\u00e4ytettiin perusteluna tarpeelle kehitt\u00e4\u00e4 EU:lle yhteist\u00e4 puolustusta. Varsinkin vanhoissa EU:n ydinmaissa Ranskassa ja Saksassa vahvistui pyrkimys suurempaan riippumattomuuteen Yhdysvalloista, vaikka unionin piiriin j\u00e4i asiasta viel\u00e4 merkitt\u00e4vi\u00e4 erimielisyyksi\u00e4.<\/p>\n<p>Useat amerikkalaiset asiantuntijat ovat kiinnitt\u00e4neet lis\u00e4ksi huomiota siihen, ett\u00e4 Yhdysvaltojen voimavarojen ja mielenkiinnon sitoutuessa Irakiin ja Afganistaniin Kiina ja Ven\u00e4j\u00e4 ovat kyenneet kasvattamaan vaikutusvaltaansa maailmassa ja aivan erityisesti Keski-Aasiassa. T\u00e4h\u00e4n liittyy kiihtyv\u00e4 kilpailu maailman energiavaroista, eik\u00e4 amerikkalaisten ylivoimaisella aseistuksella en\u00e4\u00e4 hallita tilanteen kehityst\u00e4 Aasiassa.<\/p>\n<\/div><\/section><\/p><\/div>\n","protected":false},"excerpt":{"rendered":"","protected":false},"author":1,"featured_media":0,"parent":1081,"menu_order":8,"comment_status":"closed","ping_status":"closed","template":"","meta":{"footnotes":""},"class_list":["post-1171","page","type-page","status-publish","hentry"],"_links":{"self":[{"href":"https:\/\/maailmanmuutos.org\/index.php\/wp-json\/wp\/v2\/pages\/1171","targetHints":{"allow":["GET"]}}],"collection":[{"href":"https:\/\/maailmanmuutos.org\/index.php\/wp-json\/wp\/v2\/pages"}],"about":[{"href":"https:\/\/maailmanmuutos.org\/index.php\/wp-json\/wp\/v2\/types\/page"}],"author":[{"embeddable":true,"href":"https:\/\/maailmanmuutos.org\/index.php\/wp-json\/wp\/v2\/users\/1"}],"replies":[{"embeddable":true,"href":"https:\/\/maailmanmuutos.org\/index.php\/wp-json\/wp\/v2\/comments?post=1171"}],"version-history":[{"count":8,"href":"https:\/\/maailmanmuutos.org\/index.php\/wp-json\/wp\/v2\/pages\/1171\/revisions"}],"predecessor-version":[{"id":4322,"href":"https:\/\/maailmanmuutos.org\/index.php\/wp-json\/wp\/v2\/pages\/1171\/revisions\/4322"}],"up":[{"embeddable":true,"href":"https:\/\/maailmanmuutos.org\/index.php\/wp-json\/wp\/v2\/pages\/1081"}],"wp:attachment":[{"href":"https:\/\/maailmanmuutos.org\/index.php\/wp-json\/wp\/v2\/media?parent=1171"}],"curies":[{"name":"wp","href":"https:\/\/api.w.org\/{rel}","templated":true}]}}

Irakin sodan vaikutukset USAn asemaan ja Lähi-idässä

<div id='full_slider_1'  class='avia-fullwidth-slider main_color avia-shadow   avia-builder-el-0  el_before_av_one_full  avia-builder-el-first   container_wrap sidebar_right'  >
<style type="text/css" data-created_by="avia_inline_auto" id="style-css-av-kd4hz9nx-fb331aa0faaa9c578e2f07ccc45f5aa0">
#top #wrap_all .avia-slideshow .av-slideshow-caption.av-kd4hz9nx-fb331aa0faaa9c578e2f07ccc45f5aa0__0 .avia-caption-title{
font-size:22px;
}
#top .avia-slideshow .av-slideshow-caption.av-kd4hz9nx-fb331aa0faaa9c578e2f07ccc45f5aa0__0 .avia-caption-content{
font-size:14px;
}
#top .avia-slideshow .av-slideshow-caption.av-kd4hz9nx-fb331aa0faaa9c578e2f07ccc45f5aa0__0 .avia-caption-content p{
font-size:14px;
}

@media only screen and (min-width: 768px) and (max-width: 989px){ 
#top #wrap_all .avia-slideshow .av-slideshow-caption.av-kd4hz9nx-fb331aa0faaa9c578e2f07ccc45f5aa0__0 .avia-caption-title{
font-size:16px;
}
#top .avia-slideshow .av-slideshow-caption.av-kd4hz9nx-fb331aa0faaa9c578e2f07ccc45f5aa0__0 .avia-caption-content{
font-size:16px;
}
#top .avia-slideshow .av-slideshow-caption.av-kd4hz9nx-fb331aa0faaa9c578e2f07ccc45f5aa0__0 .avia-caption-content p{
font-size:16px;
}
}

@media only screen and (min-width: 480px) and (max-width: 767px){ 
#top #wrap_all .avia-slideshow .av-slideshow-caption.av-kd4hz9nx-fb331aa0faaa9c578e2f07ccc45f5aa0__0 .avia-caption-title{
font-size:14px;
}
#top .avia-slideshow .av-slideshow-caption.av-kd4hz9nx-fb331aa0faaa9c578e2f07ccc45f5aa0__0 .avia-caption-content{
font-size:14px;
}
#top .avia-slideshow .av-slideshow-caption.av-kd4hz9nx-fb331aa0faaa9c578e2f07ccc45f5aa0__0 .avia-caption-content p{
font-size:14px;
}
}

@media only screen and (max-width: 479px){ 
#top #wrap_all .avia-slideshow .av-slideshow-caption.av-kd4hz9nx-fb331aa0faaa9c578e2f07ccc45f5aa0__0 .avia-caption-title{
display:none;
}
#top .avia-slideshow .av-slideshow-caption.av-kd4hz9nx-fb331aa0faaa9c578e2f07ccc45f5aa0__0 .avia-caption-content{
display:none;
}
#top .avia-slideshow .av-slideshow-caption.av-kd4hz9nx-fb331aa0faaa9c578e2f07ccc45f5aa0__0 .avia-caption-content p{
display:none;
}
}
</style>
<div  class='avia-slideshow av-kd4hz9nx-fb331aa0faaa9c578e2f07ccc45f5aa0 avia-slideshow-featured av_slideshow_full avia-slide-slider av-slideshow-ui av-control-default av-slideshow-manual av-loop-once av-loop-manual-endless av-default-height-applied   avia-slideshow-1' data-slideshow-options="{&quot;animation&quot;:&quot;slide&quot;,&quot;autoplay&quot;:false,&quot;loop_autoplay&quot;:&quot;once&quot;,&quot;interval&quot;:5,&quot;loop_manual&quot;:&quot;manual-endless&quot;,&quot;autoplay_stopper&quot;:false,&quot;noNavigation&quot;:false,&quot;bg_slider&quot;:false,&quot;keep_padding&quot;:false,&quot;hoverpause&quot;:false,&quot;show_slide_delay&quot;:0}"  itemprop="image" itemscope="itemscope" itemtype="https://schema.org/ImageObject" ><ul class='avia-slideshow-inner ' style='padding-bottom: 28.72411489646%;'><li  class='avia-slideshow-slide av-kd4hz9nx-fb331aa0faaa9c578e2f07ccc45f5aa0__0  av-single-slide slide-1 slide-odd'><div data-rel='slideshow-1' class='avia-slide-wrap '   ><img decoding="async" fetchpriority="high" class="wp-image-3149 avia-img-lazy-loading-not-3149"  src="https://maailmanmuutos.org/wp-content/uploads/2023/08/obam-irak.jpg" width="1497" height="430" title='kuvituskuvat' alt=''  itemprop="thumbnailUrl" srcset="https://maailmanmuutos.org/wp-content/uploads/2023/08/obam-irak.jpg 1500w, https://maailmanmuutos.org/wp-content/uploads/2023/08/obam-irak-800x230.jpg 800w, https://maailmanmuutos.org/wp-content/uploads/2023/08/obam-irak-120x34.jpg 120w, https://maailmanmuutos.org/wp-content/uploads/2023/08/obam-irak-768x221.jpg 768w, https://maailmanmuutos.org/wp-content/uploads/2023/08/obam-irak-705x203.jpg 705w" sizes="(max-width: 1497px) 100vw, 1497px" /></div></li></ul></div></div><div id='after_full_slider_1'  class='main_color av_default_container_wrap container_wrap sidebar_right'  ><div class='container av-section-cont-open' ><div class='template-page content  av-content-small alpha units'><div class='post-entry post-entry-type-page post-entry-1171'><div class='entry-content-wrapper clearfix'>

<style type="text/css" data-created_by="avia_inline_auto" id="style-css-av-5spn6-3d3e8ead61d02f87ad7c9f2fc625dc24">
.flex_column.av-5spn6-3d3e8ead61d02f87ad7c9f2fc625dc24{
border-radius:0px 0px 0px 0px;
padding:0px 0px 0px 0px;
}
</style>
<div  class='flex_column av-5spn6-3d3e8ead61d02f87ad7c9f2fc625dc24 av_one_full  avia-builder-el-1  el_after_av_slideshow_full  avia-builder-el-no-sibling  first flex_column_div av-zero-column-padding  '     ><p>
<style type="text/css" data-created_by="avia_inline_auto" id="style-css-av-av_heading-01b950042fb5b508f1d7aa414d438b58">
#top .av-special-heading.av-av_heading-01b950042fb5b508f1d7aa414d438b58{
padding-bottom:10px;
}
body .av-special-heading.av-av_heading-01b950042fb5b508f1d7aa414d438b58 .av-special-heading-tag .heading-char{
font-size:25px;
}
.av-special-heading.av-av_heading-01b950042fb5b508f1d7aa414d438b58 .av-subheading{
font-size:15px;
}
</style>
<div  class='av-special-heading av-av_heading-01b950042fb5b508f1d7aa414d438b58 av-special-heading-h1  avia-builder-el-2  el_before_av_hr  avia-builder-el-first '><h1 class='av-special-heading-tag'  itemprop="headline"  >Irakin sodan vaikutukset USAn asemaan ja Lähi-idässä </h1><div class="special-heading-border"><div class="special-heading-inner-border"></div></div></div><br />

<style type="text/css" data-created_by="avia_inline_auto" id="style-css-av-lezyltli-bd1c5f5e641227e2541fd37d1a3f1139">
#top .hr.hr-invisible.av-lezyltli-bd1c5f5e641227e2541fd37d1a3f1139{
height:50px;
}
</style>
<div  class='hr av-lezyltli-bd1c5f5e641227e2541fd37d1a3f1139 hr-invisible  avia-builder-el-3  el_after_av_heading  el_before_av_textblock '><span class='hr-inner '><span class="hr-inner-style"></span></span></div><br />
<section  class='av_textblock_section av-lezr0od0-94e7bd8ef786eea3c9a8d27065495667 '   itemscope="itemscope" itemtype="https://schema.org/CreativeWork" ><div class='avia_textblock'  itemprop="text" ><p><em><strong>Presidentin vaalit 2008</strong></em></p>
<p>Vaalikamppailussa presidentinvirasta vuonna 2008 tyytymättömyys Irakin sotaa kohtaan heikensi republikaanien mahdollisuuksia vaalivoittoon. Demokraattien ehdokas Barack Obama lupasi vetää amerikkalaissotilaat Irakista 16 kuukauden kuluessa.</p>
<p><em><strong>Taistelut hiljenivät</strong></em></p>
<p>Yhdysvallat oli kasvattanut joukkojen määrää Irakissa vuodesta 2007 lähtien ja luovuttanut vastuuta maakuntien turvallisuudesta Irakin shiia-johtoiselle hallitukselle. Maan läntiset osat alkoivat rauhoittua, ja myös Bagdadin turvallisuustilanne parani vuoden 2008 kuluessa.</p>
<p>Tilanteen vakiintumiseen vaikuttivat monet tekijät. Näistä tärkein oli Irakin keskenään taistelleiden ryhmittymien pääseminen hiljaiseen sopuun alueidensa rajanvedosta ja hallinnasta. Väestöryhmien alueilta olivat vähemmistöt jo lähes poistuneet, joten ”etninen puhdistus” oli käytännössä tapahtunut. Kotimaassa oli yli kaksi miljoonaa sisäistä pakolaista sekä kaksi miljoonaa ihmistä paennut ulkomaille. Lisäksi tilanteen vakiintumiseen vaikutti Irakin hallituksen lupaus asettaa Yhdysvaltojen joukkojen poistumiselle aikataulu.</p>
<p><em><strong>Amerikkalaisjoukot vetäytyvät</strong></em></p>
<p>Sopimus Yhdysvaltojen joukkojen asemasta Irakissa ja vähittäisestä poistumisesta tuli voimaan vuoden 2009 alussa. Presidentti Barack Obama piti kiinni lupauksestaan kiirehtiä joukkojen vetämistä Irakista. Elokuussa 2010 ilmoitettiin, etteivät amerikkalaissotilaat enää osallistu varsinaisiin taisteluihin Irakissa. Heitä jäi toistaiseksi Irakiin toimintaan tukitehtävissä noin 50 000.</p>
<p><em><strong>Lähi-idän kokonaistilanne avoinna</strong></em></p>
<p>Yhdysvaltojen erityisenä ongelmana Lähi-idässä on Afganistanin ja Pakistanin tilanteen vaikeutuminen vuodesta 2009 alkaen. Siihen liittyy Iranin kieltäytyminen avaamasta ydinenergian tuotantolaitoksiaan perusteellisille tarkastuksille.</p>
<p>Lähi-idän tilanteen kehityksen edes pääpiirteinen ennustaminen on vaikeaa. Yhdysvaltojen toimintavapaus on merkittävästi rajoittunut Irakiin keväällä 2003 tehdyn hyökkäyksen seurauksena. Samalla länsimaiden mahdollisuudet hallita asevoimin tilanteita Lähi-idässä ja eteläisessä Aasiassa ovat tuntuvasti heikentyneet.</p>
<p><em><strong>Yhdysvaltojen asema heikkeni</strong></em></p>
<p>Yleisesti on arvioitu, että Irakin sodalla on ollut negatiivisia seurausvaikutuksia Yhdysvaltojen asemalle maailmassa. Suuriksi paisuneet sotakustannukset ovat pakottaneet hallituksen lainaamaan rahaa ulkomailta, lähinnä Aasian maista.</p>
<p>Yhdysvaltojen kannalta on ollut tärkeää vakauttaa Persianlahden tilannetta öljynsaannin turvaamiseksi, mutta alueen epävarmuudesta kertoo kilpavarustelun kiihtyminen. Suurena kysymyksenä on yhä Yhdysvaltojen ja Iranin välisten suhteiden kehitys, mutta myös Irakin sodasta seuraavia vaikutuksia Saudi-Arabialle on verraten vaikea arvioida. Näyttää kuitenkin selvältä, että Yhdysvaltojen suhteet arabeihin ja muihin muslimeihin kärsivät Irakin sodan vuoksi vakavia takaiskuja.</p>
<p><em><strong>Vaikutukset maailman voimasuhteisiin</strong></em></p>
<p>Irakin kriisistä ja sodasta aiheutuneisiin poliittisiin vaurioihin on liitettävä myös läntiselle liittojärjestelmälle koituneet ongelmat. Sotilasliitto Naton rakoilu kriisin kärjistyessä oli kaikkien nähtävillä, ja kokemuksia käytettiin perusteluna tarpeelle kehittää EU:lle yhteistä puolustusta. Varsinkin vanhoissa EU:n ydinmaissa Ranskassa ja Saksassa vahvistui pyrkimys suurempaan riippumattomuuteen Yhdysvalloista, vaikka unionin piiriin jäi asiasta vielä merkittäviä erimielisyyksiä.</p>
<p>Useat amerikkalaiset asiantuntijat ovat kiinnittäneet lisäksi huomiota siihen, että Yhdysvaltojen voimavarojen ja mielenkiinnon sitoutuessa Irakiin ja Afganistaniin Kiina ja Venäjä ovat kyenneet kasvattamaan vaikutusvaltaansa maailmassa ja aivan erityisesti Keski-Aasiassa. Tähän liittyy kiihtyvä kilpailu maailman energiavaroista, eikä amerikkalaisten ylivoimaisella aseistuksella enää hallita tilanteen kehitystä Aasiassa.</p>
</div></section></p></div>
