{"id":1183,"date":"2023-03-08T18:05:01","date_gmt":"2023-03-08T18:05:01","guid":{"rendered":"http:\/\/us.ylirotu.fi\/index.php\/maailman-muutos\/euroopan-turvallisuuspoliittinen-kehitys-1990-luvulla\/euroopan-unionin-kehitys-1990-luvulla\/yhteisen-ulko-ja-turvallisuuspolitiikan-alkuvaiheet-2\/"},"modified":"2023-08-17T08:33:04","modified_gmt":"2023-08-17T08:33:04","slug":"euroopan-parlamentin-aseman-vahvistuminen","status":"publish","type":"page","link":"https:\/\/maailmanmuutos.org\/index.php\/kylmasta-sodasta-2000-luvulle\/euroopan-turvallisuuspoliittinen-kehitys-1990-luvulla\/euroopan-unionin-kehitys-1990-luvulla\/euroopan-parlamentin-aseman-vahvistuminen\/","title":{"rendered":"Euroopan parlamentin aseman vahvistuminen\u00a0"},"content":{"rendered":"<div id='full_slider_1'  class='avia-fullwidth-slider main_color avia-shadow   avia-builder-el-0  el_before_av_one_full  avia-builder-el-first   container_wrap sidebar_right'  >\n<style type=\"text\/css\" data-created_by=\"avia_inline_auto\" id=\"style-css-av-kd4hz9nx-fb331aa0faaa9c578e2f07ccc45f5aa0\">\n#top #wrap_all .avia-slideshow .av-slideshow-caption.av-kd4hz9nx-fb331aa0faaa9c578e2f07ccc45f5aa0__0 .avia-caption-title{\nfont-size:22px;\n}\n#top .avia-slideshow .av-slideshow-caption.av-kd4hz9nx-fb331aa0faaa9c578e2f07ccc45f5aa0__0 .avia-caption-content{\nfont-size:14px;\n}\n#top .avia-slideshow .av-slideshow-caption.av-kd4hz9nx-fb331aa0faaa9c578e2f07ccc45f5aa0__0 .avia-caption-content p{\nfont-size:14px;\n}\n\n@media only screen and (min-width: 768px) and (max-width: 989px){ \n#top #wrap_all .avia-slideshow .av-slideshow-caption.av-kd4hz9nx-fb331aa0faaa9c578e2f07ccc45f5aa0__0 .avia-caption-title{\nfont-size:16px;\n}\n#top .avia-slideshow .av-slideshow-caption.av-kd4hz9nx-fb331aa0faaa9c578e2f07ccc45f5aa0__0 .avia-caption-content{\nfont-size:16px;\n}\n#top .avia-slideshow .av-slideshow-caption.av-kd4hz9nx-fb331aa0faaa9c578e2f07ccc45f5aa0__0 .avia-caption-content p{\nfont-size:16px;\n}\n}\n\n@media only screen and (min-width: 480px) and (max-width: 767px){ \n#top #wrap_all .avia-slideshow .av-slideshow-caption.av-kd4hz9nx-fb331aa0faaa9c578e2f07ccc45f5aa0__0 .avia-caption-title{\nfont-size:14px;\n}\n#top .avia-slideshow .av-slideshow-caption.av-kd4hz9nx-fb331aa0faaa9c578e2f07ccc45f5aa0__0 .avia-caption-content{\nfont-size:14px;\n}\n#top .avia-slideshow .av-slideshow-caption.av-kd4hz9nx-fb331aa0faaa9c578e2f07ccc45f5aa0__0 .avia-caption-content p{\nfont-size:14px;\n}\n}\n\n@media only screen and (max-width: 479px){ \n#top #wrap_all .avia-slideshow .av-slideshow-caption.av-kd4hz9nx-fb331aa0faaa9c578e2f07ccc45f5aa0__0 .avia-caption-title{\ndisplay:none;\n}\n#top .avia-slideshow .av-slideshow-caption.av-kd4hz9nx-fb331aa0faaa9c578e2f07ccc45f5aa0__0 .avia-caption-content{\ndisplay:none;\n}\n#top .avia-slideshow .av-slideshow-caption.av-kd4hz9nx-fb331aa0faaa9c578e2f07ccc45f5aa0__0 .avia-caption-content p{\ndisplay:none;\n}\n}\n<\/style>\n<div  class='avia-slideshow av-kd4hz9nx-fb331aa0faaa9c578e2f07ccc45f5aa0 avia-slideshow-featured av_slideshow_full avia-slide-slider av-slideshow-ui av-control-default av-slideshow-manual av-loop-once av-loop-manual-endless av-default-height-applied   avia-slideshow-1' data-slideshow-options=\"{&quot;animation&quot;:&quot;slide&quot;,&quot;autoplay&quot;:false,&quot;loop_autoplay&quot;:&quot;once&quot;,&quot;interval&quot;:5,&quot;loop_manual&quot;:&quot;manual-endless&quot;,&quot;autoplay_stopper&quot;:false,&quot;noNavigation&quot;:false,&quot;bg_slider&quot;:false,&quot;keep_padding&quot;:false,&quot;hoverpause&quot;:false,&quot;show_slide_delay&quot;:0}\"  itemprop=\"image\" itemscope=\"itemscope\" itemtype=\"https:\/\/schema.org\/ImageObject\" ><ul class='avia-slideshow-inner ' style='padding-bottom: 28.72411489646%;'><li  class='avia-slideshow-slide av-kd4hz9nx-fb331aa0faaa9c578e2f07ccc45f5aa0__0  av-single-slide slide-1 slide-odd'><div data-rel='slideshow-1' class='avia-slide-wrap '   ><img decoding=\"async\" fetchpriority=\"high\" class=\"wp-image-2991 avia-img-lazy-loading-not-2991\"  src=\"https:\/\/maailmanmuutos.org\/wp-content\/uploads\/2023\/08\/euroopan_parlamentti.jpg\" width=\"1497\" height=\"430\" title='kuvituskuvat' alt=''  itemprop=\"thumbnailUrl\" srcset=\"https:\/\/maailmanmuutos.org\/wp-content\/uploads\/2023\/08\/euroopan_parlamentti.jpg 1500w, https:\/\/maailmanmuutos.org\/wp-content\/uploads\/2023\/08\/euroopan_parlamentti-800x230.jpg 800w, https:\/\/maailmanmuutos.org\/wp-content\/uploads\/2023\/08\/euroopan_parlamentti-120x34.jpg 120w, https:\/\/maailmanmuutos.org\/wp-content\/uploads\/2023\/08\/euroopan_parlamentti-768x221.jpg 768w, https:\/\/maailmanmuutos.org\/wp-content\/uploads\/2023\/08\/euroopan_parlamentti-705x203.jpg 705w\" sizes=\"(max-width: 1497px) 100vw, 1497px\" \/><\/div><\/li><\/ul><\/div><\/div><div id='after_full_slider_1'  class='main_color av_default_container_wrap container_wrap sidebar_right'  ><div class='container av-section-cont-open' ><div class='template-page content  av-content-small alpha units'><div class='post-entry post-entry-type-page post-entry-1183'><div class='entry-content-wrapper clearfix'>\n\n<style type=\"text\/css\" data-created_by=\"avia_inline_auto\" id=\"style-css-av-5spn6-3d3e8ead61d02f87ad7c9f2fc625dc24\">\n.flex_column.av-5spn6-3d3e8ead61d02f87ad7c9f2fc625dc24{\nborder-radius:0px 0px 0px 0px;\npadding:0px 0px 0px 0px;\n}\n<\/style>\n<div  class='flex_column av-5spn6-3d3e8ead61d02f87ad7c9f2fc625dc24 av_one_full  avia-builder-el-1  el_after_av_slideshow_full  avia-builder-el-no-sibling  first flex_column_div av-zero-column-padding  '     ><p>\n<style type=\"text\/css\" data-created_by=\"avia_inline_auto\" id=\"style-css-av-av_heading-b2459c62eea0226d8307bdd6ca9d3bd5\">\n#top .av-special-heading.av-av_heading-b2459c62eea0226d8307bdd6ca9d3bd5{\npadding-bottom:10px;\n}\nbody .av-special-heading.av-av_heading-b2459c62eea0226d8307bdd6ca9d3bd5 .av-special-heading-tag .heading-char{\nfont-size:25px;\n}\n.av-special-heading.av-av_heading-b2459c62eea0226d8307bdd6ca9d3bd5 .av-subheading{\nfont-size:15px;\n}\n<\/style>\n<div  class='av-special-heading av-av_heading-b2459c62eea0226d8307bdd6ca9d3bd5 av-special-heading-h1  avia-builder-el-2  el_before_av_hr  avia-builder-el-first '><h1 class='av-special-heading-tag'  itemprop=\"headline\"  >Euroopan parlamentin aseman vahvistuminen <\/h1><div class=\"special-heading-border\"><div class=\"special-heading-inner-border\"><\/div><\/div><\/div><br \/>\n\n<style type=\"text\/css\" data-created_by=\"avia_inline_auto\" id=\"style-css-av-2207en-8e5a8c72209eff642d8a9890723566df\">\n#top .hr.hr-invisible.av-2207en-8e5a8c72209eff642d8a9890723566df{\nheight:50px;\n}\n<\/style>\n<div  class='hr av-2207en-8e5a8c72209eff642d8a9890723566df hr-invisible  avia-builder-el-3  el_after_av_heading  el_before_av_textblock '><span class='hr-inner '><span class=\"hr-inner-style\"><\/span><\/span><\/div><br \/>\n<section  class='av_textblock_section av-lezr0od0-94e7bd8ef786eea3c9a8d27065495667 '   itemscope=\"itemscope\" itemtype=\"https:\/\/schema.org\/CreativeWork\" ><div class='avia_textblock'  itemprop=\"text\" ><p><em><strong>Euroopan parlamentin valtuuksien laajeneminen<\/strong><\/em><\/p>\n<p>Euroopan parlamentin valtuuksien laajeneminen Euroopan parlamentin valtuudet osallistua EU:n lains\u00e4\u00e4d\u00e4nt\u00f6\u00f6n ministerineuvoston ohella ja valvoa komission toimintaa laajenivat jo vuonna 1987 hyv\u00e4ksytyn yhten\u00e4isyysasiakirjan perusteella. Maastrichtin sopimuksella t\u00e4smennettiin parlamentin valtuuksia osallistua p\u00e4\u00e4t\u00f6ksentekoon, jolloin my\u00f6s kansalaisten kiinnostus sit\u00e4 kohtaan selv\u00e4sti lis\u00e4\u00e4ntyi 1990-luvun kuluessa.<\/p>\n<p><em><strong>EU-parlamentille lis\u00e4\u00e4 valtaa<\/strong><\/em><\/p>\n<p>Parlamentti sai unionisopimuksen perusteella valtuudet hyv\u00e4ksy\u00e4 tai hyl\u00e4t\u00e4 monella alalla ministerineuvoston tekem\u00e4t p\u00e4\u00e4t\u00f6kset tai vaatia niihin muutoksia. EU-kansalaisia edustavan parlamentin roolina oli edelleen yhteisty\u00f6 EU:n muiden instituutioiden kanssa sek\u00e4 lakien ja budjettien hyv\u00e4ksyminen.\u00a0 J\u00e4senvaltioita edustava ministerineuvosto pysyi kuitenkin ensisijaisena lains\u00e4\u00e4t\u00e4j\u00e4n\u00e4 ja p\u00e4\u00e4t\u00f6ksien tekij\u00e4n\u00e4.<\/p>\n<p><em><strong>Kansalaisten kiinnostus v\u00e4h\u00e4ist\u00e4<\/strong><\/em><\/p>\n<p>Parlamentin vallan kasvaessa ja toimintamuotojen monipuolistuessa my\u00f6s julkinen mielenkiinto kohdistui sen ty\u00f6skentelyyn entist\u00e4 enemm\u00e4n. T\u00e4m\u00e4 ei kuitenkaan kuvastunut kansalaisten kiinnostuksena EU-vaaleja kohtaan, sill\u00e4 \u00e4\u00e4nestysvilkkaus niiss\u00e4 oli selv\u00e4sti heikompi kuin kansallisten parlamenttien vaaleissa. Kansalaisten oli vaikea seurata EU:n parlamentin ty\u00f6skentely\u00e4, ja siell\u00e4 toimivat puolueryhmittym\u00e4t pysyiv\u00e4t yh\u00e4 vieraina.<\/p>\n<\/div><\/section><\/p><\/div>\n","protected":false},"excerpt":{"rendered":"","protected":false},"author":1,"featured_media":0,"parent":1152,"menu_order":4,"comment_status":"closed","ping_status":"closed","template":"","meta":{"footnotes":""},"class_list":["post-1183","page","type-page","status-publish","hentry"],"_links":{"self":[{"href":"https:\/\/maailmanmuutos.org\/index.php\/wp-json\/wp\/v2\/pages\/1183","targetHints":{"allow":["GET"]}}],"collection":[{"href":"https:\/\/maailmanmuutos.org\/index.php\/wp-json\/wp\/v2\/pages"}],"about":[{"href":"https:\/\/maailmanmuutos.org\/index.php\/wp-json\/wp\/v2\/types\/page"}],"author":[{"embeddable":true,"href":"https:\/\/maailmanmuutos.org\/index.php\/wp-json\/wp\/v2\/users\/1"}],"replies":[{"embeddable":true,"href":"https:\/\/maailmanmuutos.org\/index.php\/wp-json\/wp\/v2\/comments?post=1183"}],"version-history":[{"count":7,"href":"https:\/\/maailmanmuutos.org\/index.php\/wp-json\/wp\/v2\/pages\/1183\/revisions"}],"predecessor-version":[{"id":4227,"href":"https:\/\/maailmanmuutos.org\/index.php\/wp-json\/wp\/v2\/pages\/1183\/revisions\/4227"}],"up":[{"embeddable":true,"href":"https:\/\/maailmanmuutos.org\/index.php\/wp-json\/wp\/v2\/pages\/1152"}],"wp:attachment":[{"href":"https:\/\/maailmanmuutos.org\/index.php\/wp-json\/wp\/v2\/media?parent=1183"}],"curies":[{"name":"wp","href":"https:\/\/api.w.org\/{rel}","templated":true}]}}

<div id='full_slider_1'  class='avia-fullwidth-slider main_color avia-shadow   avia-builder-el-0  el_before_av_one_full  avia-builder-el-first   container_wrap sidebar_right'  >
<style type="text/css" data-created_by="avia_inline_auto" id="style-css-av-kd4hz9nx-fb331aa0faaa9c578e2f07ccc45f5aa0">
#top #wrap_all .avia-slideshow .av-slideshow-caption.av-kd4hz9nx-fb331aa0faaa9c578e2f07ccc45f5aa0__0 .avia-caption-title{
font-size:22px;
}
#top .avia-slideshow .av-slideshow-caption.av-kd4hz9nx-fb331aa0faaa9c578e2f07ccc45f5aa0__0 .avia-caption-content{
font-size:14px;
}
#top .avia-slideshow .av-slideshow-caption.av-kd4hz9nx-fb331aa0faaa9c578e2f07ccc45f5aa0__0 .avia-caption-content p{
font-size:14px;
}

@media only screen and (min-width: 768px) and (max-width: 989px){ 
#top #wrap_all .avia-slideshow .av-slideshow-caption.av-kd4hz9nx-fb331aa0faaa9c578e2f07ccc45f5aa0__0 .avia-caption-title{
font-size:16px;
}
#top .avia-slideshow .av-slideshow-caption.av-kd4hz9nx-fb331aa0faaa9c578e2f07ccc45f5aa0__0 .avia-caption-content{
font-size:16px;
}
#top .avia-slideshow .av-slideshow-caption.av-kd4hz9nx-fb331aa0faaa9c578e2f07ccc45f5aa0__0 .avia-caption-content p{
font-size:16px;
}
}

@media only screen and (min-width: 480px) and (max-width: 767px){ 
#top #wrap_all .avia-slideshow .av-slideshow-caption.av-kd4hz9nx-fb331aa0faaa9c578e2f07ccc45f5aa0__0 .avia-caption-title{
font-size:14px;
}
#top .avia-slideshow .av-slideshow-caption.av-kd4hz9nx-fb331aa0faaa9c578e2f07ccc45f5aa0__0 .avia-caption-content{
font-size:14px;
}
#top .avia-slideshow .av-slideshow-caption.av-kd4hz9nx-fb331aa0faaa9c578e2f07ccc45f5aa0__0 .avia-caption-content p{
font-size:14px;
}
}

@media only screen and (max-width: 479px){ 
#top #wrap_all .avia-slideshow .av-slideshow-caption.av-kd4hz9nx-fb331aa0faaa9c578e2f07ccc45f5aa0__0 .avia-caption-title{
display:none;
}
#top .avia-slideshow .av-slideshow-caption.av-kd4hz9nx-fb331aa0faaa9c578e2f07ccc45f5aa0__0 .avia-caption-content{
display:none;
}
#top .avia-slideshow .av-slideshow-caption.av-kd4hz9nx-fb331aa0faaa9c578e2f07ccc45f5aa0__0 .avia-caption-content p{
display:none;
}
}
</style>
<div  class='avia-slideshow av-kd4hz9nx-fb331aa0faaa9c578e2f07ccc45f5aa0 avia-slideshow-featured av_slideshow_full avia-slide-slider av-slideshow-ui av-control-default av-slideshow-manual av-loop-once av-loop-manual-endless av-default-height-applied   avia-slideshow-1' data-slideshow-options="{&quot;animation&quot;:&quot;slide&quot;,&quot;autoplay&quot;:false,&quot;loop_autoplay&quot;:&quot;once&quot;,&quot;interval&quot;:5,&quot;loop_manual&quot;:&quot;manual-endless&quot;,&quot;autoplay_stopper&quot;:false,&quot;noNavigation&quot;:false,&quot;bg_slider&quot;:false,&quot;keep_padding&quot;:false,&quot;hoverpause&quot;:false,&quot;show_slide_delay&quot;:0}"  itemprop="image" itemscope="itemscope" itemtype="https://schema.org/ImageObject" ><ul class='avia-slideshow-inner ' style='padding-bottom: 28.72411489646%;'><li  class='avia-slideshow-slide av-kd4hz9nx-fb331aa0faaa9c578e2f07ccc45f5aa0__0  av-single-slide slide-1 slide-odd'><div data-rel='slideshow-1' class='avia-slide-wrap '   ><img decoding="async" fetchpriority="high" class="wp-image-2991 avia-img-lazy-loading-not-2991"  src="https://maailmanmuutos.org/wp-content/uploads/2023/08/euroopan_parlamentti.jpg" width="1497" height="430" title='kuvituskuvat' alt=''  itemprop="thumbnailUrl" srcset="https://maailmanmuutos.org/wp-content/uploads/2023/08/euroopan_parlamentti.jpg 1500w, https://maailmanmuutos.org/wp-content/uploads/2023/08/euroopan_parlamentti-800x230.jpg 800w, https://maailmanmuutos.org/wp-content/uploads/2023/08/euroopan_parlamentti-120x34.jpg 120w, https://maailmanmuutos.org/wp-content/uploads/2023/08/euroopan_parlamentti-768x221.jpg 768w, https://maailmanmuutos.org/wp-content/uploads/2023/08/euroopan_parlamentti-705x203.jpg 705w" sizes="(max-width: 1497px) 100vw, 1497px" /></div></li></ul></div></div><div id='after_full_slider_1'  class='main_color av_default_container_wrap container_wrap sidebar_right'  ><div class='container av-section-cont-open' ><div class='template-page content  av-content-small alpha units'><div class='post-entry post-entry-type-page post-entry-1183'><div class='entry-content-wrapper clearfix'>

<style type="text/css" data-created_by="avia_inline_auto" id="style-css-av-5spn6-3d3e8ead61d02f87ad7c9f2fc625dc24">
.flex_column.av-5spn6-3d3e8ead61d02f87ad7c9f2fc625dc24{
border-radius:0px 0px 0px 0px;
padding:0px 0px 0px 0px;
}
</style>
<div  class='flex_column av-5spn6-3d3e8ead61d02f87ad7c9f2fc625dc24 av_one_full  avia-builder-el-1  el_after_av_slideshow_full  avia-builder-el-no-sibling  first flex_column_div av-zero-column-padding  '     ><p>
<style type="text/css" data-created_by="avia_inline_auto" id="style-css-av-av_heading-b2459c62eea0226d8307bdd6ca9d3bd5">
#top .av-special-heading.av-av_heading-b2459c62eea0226d8307bdd6ca9d3bd5{
padding-bottom:10px;
}
body .av-special-heading.av-av_heading-b2459c62eea0226d8307bdd6ca9d3bd5 .av-special-heading-tag .heading-char{
font-size:25px;
}
.av-special-heading.av-av_heading-b2459c62eea0226d8307bdd6ca9d3bd5 .av-subheading{
font-size:15px;
}
</style>
<div  class='av-special-heading av-av_heading-b2459c62eea0226d8307bdd6ca9d3bd5 av-special-heading-h1  avia-builder-el-2  el_before_av_hr  avia-builder-el-first '><h1 class='av-special-heading-tag'  itemprop="headline"  >Euroopan parlamentin aseman vahvistuminen </h1><div class="special-heading-border"><div class="special-heading-inner-border"></div></div></div><br />

<style type="text/css" data-created_by="avia_inline_auto" id="style-css-av-2207en-8e5a8c72209eff642d8a9890723566df">
#top .hr.hr-invisible.av-2207en-8e5a8c72209eff642d8a9890723566df{
height:50px;
}
</style>
<div  class='hr av-2207en-8e5a8c72209eff642d8a9890723566df hr-invisible  avia-builder-el-3  el_after_av_heading  el_before_av_textblock '><span class='hr-inner '><span class="hr-inner-style"></span></span></div><br />
<section  class='av_textblock_section av-lezr0od0-94e7bd8ef786eea3c9a8d27065495667 '   itemscope="itemscope" itemtype="https://schema.org/CreativeWork" ><div class='avia_textblock'  itemprop="text" ><p><em><strong>Euroopan parlamentin valtuuksien laajeneminen</strong></em></p>
<p>Euroopan parlamentin valtuuksien laajeneminen Euroopan parlamentin valtuudet osallistua EU:n lainsäädäntöön ministerineuvoston ohella ja valvoa komission toimintaa laajenivat jo vuonna 1987 hyväksytyn yhtenäisyysasiakirjan perusteella. Maastrichtin sopimuksella täsmennettiin parlamentin valtuuksia osallistua päätöksentekoon, jolloin myös kansalaisten kiinnostus sitä kohtaan selvästi lisääntyi 1990-luvun kuluessa.</p>
<p><em><strong>EU-parlamentille lisää valtaa</strong></em></p>
<p>Parlamentti sai unionisopimuksen perusteella valtuudet hyväksyä tai hylätä monella alalla ministerineuvoston tekemät päätökset tai vaatia niihin muutoksia. EU-kansalaisia edustavan parlamentin roolina oli edelleen yhteistyö EU:n muiden instituutioiden kanssa sekä lakien ja budjettien hyväksyminen.  Jäsenvaltioita edustava ministerineuvosto pysyi kuitenkin ensisijaisena lainsäätäjänä ja päätöksien tekijänä.</p>
<p><em><strong>Kansalaisten kiinnostus vähäistä</strong></em></p>
<p>Parlamentin vallan kasvaessa ja toimintamuotojen monipuolistuessa myös julkinen mielenkiinto kohdistui sen työskentelyyn entistä enemmän. Tämä ei kuitenkaan kuvastunut kansalaisten kiinnostuksena EU-vaaleja kohtaan, sillä äänestysvilkkaus niissä oli selvästi heikompi kuin kansallisten parlamenttien vaaleissa. Kansalaisten oli vaikea seurata EU:n parlamentin työskentelyä, ja siellä toimivat puolueryhmittymät pysyivät yhä vieraina.</p>
</div></section></p></div>
