{"id":1214,"date":"2023-03-08T18:14:26","date_gmt":"2023-03-08T18:14:26","guid":{"rendered":"http:\/\/us.ylirotu.fi\/?page_id=1214"},"modified":"2023-08-14T13:44:38","modified_gmt":"2023-08-14T13:44:38","slug":"yhdysvaltojen-suhteet-arabimaihin","status":"publish","type":"page","link":"https:\/\/maailmanmuutos.org\/index.php\/kylmasta-sodasta-2000-luvulle\/yhdysvallat-ja-sota-terrorismia-vastaan\/lahi-idan-ja-etelaisen-aasian-tilannekehitys\/yhdysvaltojen-suhteet-arabimaihin\/","title":{"rendered":"Yhdysvaltojen\u00a0suhteet\u00a0arabimaihin\u00a0"},"content":{"rendered":"<div id='full_slider_1'  class='avia-fullwidth-slider main_color avia-shadow   avia-builder-el-0  el_before_av_one_full  avia-builder-el-first   container_wrap sidebar_right'  >\n<style type=\"text\/css\" data-created_by=\"avia_inline_auto\" id=\"style-css-av-kd4hz9nx-fb331aa0faaa9c578e2f07ccc45f5aa0\">\n#top #wrap_all .avia-slideshow .av-slideshow-caption.av-kd4hz9nx-fb331aa0faaa9c578e2f07ccc45f5aa0__0 .avia-caption-title{\nfont-size:22px;\n}\n#top .avia-slideshow .av-slideshow-caption.av-kd4hz9nx-fb331aa0faaa9c578e2f07ccc45f5aa0__0 .avia-caption-content{\nfont-size:14px;\n}\n#top .avia-slideshow .av-slideshow-caption.av-kd4hz9nx-fb331aa0faaa9c578e2f07ccc45f5aa0__0 .avia-caption-content p{\nfont-size:14px;\n}\n\n@media only screen and (min-width: 768px) and (max-width: 989px){ \n#top #wrap_all .avia-slideshow .av-slideshow-caption.av-kd4hz9nx-fb331aa0faaa9c578e2f07ccc45f5aa0__0 .avia-caption-title{\nfont-size:16px;\n}\n#top .avia-slideshow .av-slideshow-caption.av-kd4hz9nx-fb331aa0faaa9c578e2f07ccc45f5aa0__0 .avia-caption-content{\nfont-size:16px;\n}\n#top .avia-slideshow .av-slideshow-caption.av-kd4hz9nx-fb331aa0faaa9c578e2f07ccc45f5aa0__0 .avia-caption-content p{\nfont-size:16px;\n}\n}\n\n@media only screen and (min-width: 480px) and (max-width: 767px){ \n#top #wrap_all .avia-slideshow .av-slideshow-caption.av-kd4hz9nx-fb331aa0faaa9c578e2f07ccc45f5aa0__0 .avia-caption-title{\nfont-size:14px;\n}\n#top .avia-slideshow .av-slideshow-caption.av-kd4hz9nx-fb331aa0faaa9c578e2f07ccc45f5aa0__0 .avia-caption-content{\nfont-size:14px;\n}\n#top .avia-slideshow .av-slideshow-caption.av-kd4hz9nx-fb331aa0faaa9c578e2f07ccc45f5aa0__0 .avia-caption-content p{\nfont-size:14px;\n}\n}\n\n@media only screen and (max-width: 479px){ \n#top #wrap_all .avia-slideshow .av-slideshow-caption.av-kd4hz9nx-fb331aa0faaa9c578e2f07ccc45f5aa0__0 .avia-caption-title{\ndisplay:none;\n}\n#top .avia-slideshow .av-slideshow-caption.av-kd4hz9nx-fb331aa0faaa9c578e2f07ccc45f5aa0__0 .avia-caption-content{\ndisplay:none;\n}\n#top .avia-slideshow .av-slideshow-caption.av-kd4hz9nx-fb331aa0faaa9c578e2f07ccc45f5aa0__0 .avia-caption-content p{\ndisplay:none;\n}\n}\n<\/style>\n<div  class='avia-slideshow av-kd4hz9nx-fb331aa0faaa9c578e2f07ccc45f5aa0 avia-slideshow-featured av_slideshow_full avia-slide-slider av-slideshow-ui av-control-default av-slideshow-manual av-loop-once av-loop-manual-endless av-default-height-applied   avia-slideshow-1' data-slideshow-options=\"{&quot;animation&quot;:&quot;slide&quot;,&quot;autoplay&quot;:false,&quot;loop_autoplay&quot;:&quot;once&quot;,&quot;interval&quot;:5,&quot;loop_manual&quot;:&quot;manual-endless&quot;,&quot;autoplay_stopper&quot;:false,&quot;noNavigation&quot;:false,&quot;bg_slider&quot;:false,&quot;keep_padding&quot;:false,&quot;hoverpause&quot;:false,&quot;show_slide_delay&quot;:0}\"  itemprop=\"image\" itemscope=\"itemscope\" itemtype=\"https:\/\/schema.org\/ImageObject\" ><ul class='avia-slideshow-inner ' style='padding-bottom: 28.72411489646%;'><li  class='avia-slideshow-slide av-kd4hz9nx-fb331aa0faaa9c578e2f07ccc45f5aa0__0  av-single-slide slide-1 slide-odd'><div data-rel='slideshow-1' class='avia-slide-wrap '   ><img decoding=\"async\" fetchpriority=\"high\" class=\"wp-image-3206 avia-img-lazy-loading-not-3206\"  src=\"https:\/\/maailmanmuutos.org\/wp-content\/uploads\/2023\/08\/egyptin-armeija-laskuvarjojoukkoja.jpg\" width=\"1497\" height=\"430\" title='kuvituskuvat' alt=''  itemprop=\"thumbnailUrl\" srcset=\"https:\/\/maailmanmuutos.org\/wp-content\/uploads\/2023\/08\/egyptin-armeija-laskuvarjojoukkoja.jpg 1500w, https:\/\/maailmanmuutos.org\/wp-content\/uploads\/2023\/08\/egyptin-armeija-laskuvarjojoukkoja-800x230.jpg 800w, https:\/\/maailmanmuutos.org\/wp-content\/uploads\/2023\/08\/egyptin-armeija-laskuvarjojoukkoja-120x34.jpg 120w, https:\/\/maailmanmuutos.org\/wp-content\/uploads\/2023\/08\/egyptin-armeija-laskuvarjojoukkoja-768x221.jpg 768w, https:\/\/maailmanmuutos.org\/wp-content\/uploads\/2023\/08\/egyptin-armeija-laskuvarjojoukkoja-705x203.jpg 705w\" sizes=\"(max-width: 1497px) 100vw, 1497px\" \/><\/div><\/li><\/ul><\/div><\/div><div id='after_full_slider_1'  class='main_color av_default_container_wrap container_wrap sidebar_right'  ><div class='container av-section-cont-open' ><div class='template-page content  av-content-small alpha units'><div class='post-entry post-entry-type-page post-entry-1214'><div class='entry-content-wrapper clearfix'>\n\n<style type=\"text\/css\" data-created_by=\"avia_inline_auto\" id=\"style-css-av-5spn6-3d3e8ead61d02f87ad7c9f2fc625dc24\">\n.flex_column.av-5spn6-3d3e8ead61d02f87ad7c9f2fc625dc24{\nborder-radius:0px 0px 0px 0px;\npadding:0px 0px 0px 0px;\n}\n<\/style>\n<div  class='flex_column av-5spn6-3d3e8ead61d02f87ad7c9f2fc625dc24 av_one_full  avia-builder-el-1  el_after_av_slideshow_full  avia-builder-el-no-sibling  first flex_column_div av-zero-column-padding  '     ><p>\n<style type=\"text\/css\" data-created_by=\"avia_inline_auto\" id=\"style-css-av-2qqjwe-35545b49280964ab30b38d22c5d1face\">\n#top .av-special-heading.av-2qqjwe-35545b49280964ab30b38d22c5d1face{\npadding-bottom:10px;\n}\nbody .av-special-heading.av-2qqjwe-35545b49280964ab30b38d22c5d1face .av-special-heading-tag .heading-char{\nfont-size:25px;\n}\n.av-special-heading.av-2qqjwe-35545b49280964ab30b38d22c5d1face .av-subheading{\nfont-size:15px;\n}\n<\/style>\n<div  class='av-special-heading av-2qqjwe-35545b49280964ab30b38d22c5d1face av-special-heading-h1  avia-builder-el-2  el_before_av_hr  avia-builder-el-first '><h1 class='av-special-heading-tag'  itemprop=\"headline\"  >Yhdysvaltojen suhteet arabimaihin <\/h1><div class=\"special-heading-border\"><div class=\"special-heading-inner-border\"><\/div><\/div><\/div><br \/>\n\n<style type=\"text\/css\" data-created_by=\"avia_inline_auto\" id=\"style-css-av-llauqx7v-6c6095874d116723ca0aefcb119b2605\">\n#top .hr.hr-invisible.av-llauqx7v-6c6095874d116723ca0aefcb119b2605{\nheight:50px;\n}\n<\/style>\n<div  class='hr av-llauqx7v-6c6095874d116723ca0aefcb119b2605 hr-invisible  avia-builder-el-3  el_after_av_heading  el_before_av_textblock '><span class='hr-inner '><span class=\"hr-inner-style\"><\/span><\/span><\/div><br \/>\n<section  class='av_textblock_section av-lezr0od0-94e7bd8ef786eea3c9a8d27065495667 '   itemscope=\"itemscope\" itemtype=\"https:\/\/schema.org\/CreativeWork\" ><div class='avia_textblock'  itemprop=\"text\" ><p><em><strong>Arabimaiden vakaus uhattuna<\/strong><\/em><\/p>\n<p>Muslimimaailman r\u00e4j\u00e4hdyksen vaara arvioitiin suureksi Afganistanin sodan alkaessa syksyll\u00e4 2001. Yhdysvaltojen onnistui taitavalla diplomatialla ja my\u00f6nnytyksi\u00e4 tekem\u00e4ll\u00e4 pit\u00e4\u00e4 tilanne hallinnassa. Israelin ja palestiinalaisten v\u00e4lisen konfliktin k\u00e4rjistyminen j\u00e4lleen lis\u00e4si muslimimaiden sis\u00e4isen kuohunnan ja siit\u00e4 ehk\u00e4 seuraavien vallankumousten uhkaa.<\/p>\n<p>T\u00e4rkeiden arabimaiden Saudi-Arabian, Egyptin ja Jordanian vakaus oli erityisesti uhattuna, jos yleistilanne L\u00e4hi-id\u00e4ss\u00e4 yh\u00e4 kiristyisi esimerkiksi Irakiin teht\u00e4v\u00e4n hy\u00f6kk\u00e4yksen vuoksi. My\u00f6sk\u00e4\u00e4n Pakistanin ja Indonesian sis\u00e4inen tilanne ei s\u00e4ilynyt vakaana, vaan paikalliset v\u00e4kivaltaisuudet jatkuivat.<\/p>\n<p><em><strong>Saudi-Arabia avainasemassa<\/strong><\/em><\/p>\n<p>Tiedot Saudi-Arabian kehityksest\u00e4 kertoivat, ettei yhteiskunnallisen kuohunnan vaara suinkaan ole poistunut. Yhdysvallat on joutunut jo syksyst\u00e4 2001 alkaen varautumaan siihen, ett\u00e4 Saudi-Arabiaa ei en\u00e4\u00e4 voi varmuudella k\u00e4ytt\u00e4\u00e4 tukialueena sotatoimiin ja jopa \u00f6ljyn toimitukset saattavat vaarantua.<\/p>\n<p>T\u00e4rke\u00e4n\u00e4 syyn\u00e4 muidenkin Persianlahden maiden kriisiherkkyyteen ovat olleet taloudelliset ja v\u00e4est\u00f6n kasvusta aiheutuvat ongelmat. \u00d6ljytulot olivat suhteellisesti v\u00e4hentyneet verrattuna parin vuosikymmenen takaiseen tilanteeseen, samalla kun niill\u00e4 el\u00e4tett\u00e4vien ihmisten m\u00e4\u00e4r\u00e4 on kasvanut.<\/p>\n<p>Yhteiskunnallista ep\u00e4vakautta lis\u00e4\u00e4 vierasty\u00f6l\u00e4isten suuri m\u00e4\u00e4r\u00e4. N\u00e4iss\u00e4 oloissa viha helposti saattaa k\u00e4\u00e4nty\u00e4 ulkomaalaisia ja vieraita kulttuureita sek\u00e4 l\u00e4nsimaiden kanssa veljeilevi\u00e4 autoritaarisia hallituksia kohtaan.<\/p>\n<p><em><strong>Saudi-Arabian sis\u00e4iset j\u00e4nnitteet<\/strong><\/em><\/p>\n<p>Saudi-Arabian ongelmia ei siis voida selitt\u00e4\u00e4 yksinomaan uskonnollisilla ja kulttuurisilla tekij\u00f6ill\u00e4, jotka puolestaan ovat my\u00f6t\u00e4vaikuttaneet j\u00e4yk\u00e4n ja ep\u00e4demokraattisen hallinnon syntymiseen. Taloustilanteen heikkenemiseen vaikutti merkitt\u00e4v\u00e4sti vuonna 1991 k\u00e4yty Persianlahden sota, joka maksoi Saudi-Arabialle 60 miljardia dollaria. Siit\u00e4 suuri osa meni amerikkalaisten sotakulujen korvaamiseen.<\/p>\n<p>Sen j\u00e4lkeen saudit ovat ostaneet kymmenill\u00e4 miljardeilla dollareilla amerikkalaista sotakalustoa, jolla ei ole ollut paljonkaan k\u00e4ytt\u00f6\u00e4. Talouden alam\u00e4ki oli ruokkinut sis\u00e4poliittista tyytym\u00e4tt\u00f6myytt\u00e4 ja amerikkalaisvastaisuutta.<\/p>\n<p>Osama bin Laden nousi vastarinnan symboliksi mutta ei erityisesti uskonnolliseksi vaikuttajaksi.<\/p>\n<\/div><\/section><\/p><\/div>\n","protected":false},"excerpt":{"rendered":"","protected":false},"author":1,"featured_media":0,"parent":1086,"menu_order":2,"comment_status":"closed","ping_status":"closed","template":"","meta":{"footnotes":""},"class_list":["post-1214","page","type-page","status-publish","hentry"],"_links":{"self":[{"href":"https:\/\/maailmanmuutos.org\/index.php\/wp-json\/wp\/v2\/pages\/1214","targetHints":{"allow":["GET"]}}],"collection":[{"href":"https:\/\/maailmanmuutos.org\/index.php\/wp-json\/wp\/v2\/pages"}],"about":[{"href":"https:\/\/maailmanmuutos.org\/index.php\/wp-json\/wp\/v2\/types\/page"}],"author":[{"embeddable":true,"href":"https:\/\/maailmanmuutos.org\/index.php\/wp-json\/wp\/v2\/users\/1"}],"replies":[{"embeddable":true,"href":"https:\/\/maailmanmuutos.org\/index.php\/wp-json\/wp\/v2\/comments?post=1214"}],"version-history":[{"count":9,"href":"https:\/\/maailmanmuutos.org\/index.php\/wp-json\/wp\/v2\/pages\/1214\/revisions"}],"predecessor-version":[{"id":3208,"href":"https:\/\/maailmanmuutos.org\/index.php\/wp-json\/wp\/v2\/pages\/1214\/revisions\/3208"}],"up":[{"embeddable":true,"href":"https:\/\/maailmanmuutos.org\/index.php\/wp-json\/wp\/v2\/pages\/1086"}],"wp:attachment":[{"href":"https:\/\/maailmanmuutos.org\/index.php\/wp-json\/wp\/v2\/media?parent=1214"}],"curies":[{"name":"wp","href":"https:\/\/api.w.org\/{rel}","templated":true}]}}