{"id":1218,"date":"2023-03-08T18:14:26","date_gmt":"2023-03-08T18:14:26","guid":{"rendered":"http:\/\/us.ylirotu.fi\/?page_id=1218"},"modified":"2023-08-14T12:58:33","modified_gmt":"2023-08-14T12:58:33","slug":"afganistanin-sodan-uudet-vaiheet","status":"publish","type":"page","link":"https:\/\/maailmanmuutos.org\/index.php\/kylmasta-sodasta-2000-luvulle\/yhdysvallat-ja-sota-terrorismia-vastaan\/lahi-idan-ja-etelaisen-aasian-tilannekehitys\/afganistanin-sodan-uudet-vaiheet\/","title":{"rendered":"Afganistanin\u00a0sodan\u00a0uudet\u00a0vaiheet\u00a0"},"content":{"rendered":"<div id='full_slider_1'  class='avia-fullwidth-slider main_color avia-shadow   avia-builder-el-0  el_before_av_one_full  avia-builder-el-first   container_wrap sidebar_right'  >\n<style type=\"text\/css\" data-created_by=\"avia_inline_auto\" id=\"style-css-av-kd4hz9nx-fb331aa0faaa9c578e2f07ccc45f5aa0\">\n#top #wrap_all .avia-slideshow .av-slideshow-caption.av-kd4hz9nx-fb331aa0faaa9c578e2f07ccc45f5aa0__0 .avia-caption-title{\nfont-size:22px;\n}\n#top .avia-slideshow .av-slideshow-caption.av-kd4hz9nx-fb331aa0faaa9c578e2f07ccc45f5aa0__0 .avia-caption-content{\nfont-size:14px;\n}\n#top .avia-slideshow .av-slideshow-caption.av-kd4hz9nx-fb331aa0faaa9c578e2f07ccc45f5aa0__0 .avia-caption-content p{\nfont-size:14px;\n}\n\n@media only screen and (min-width: 768px) and (max-width: 989px){ \n#top #wrap_all .avia-slideshow .av-slideshow-caption.av-kd4hz9nx-fb331aa0faaa9c578e2f07ccc45f5aa0__0 .avia-caption-title{\nfont-size:16px;\n}\n#top .avia-slideshow .av-slideshow-caption.av-kd4hz9nx-fb331aa0faaa9c578e2f07ccc45f5aa0__0 .avia-caption-content{\nfont-size:16px;\n}\n#top .avia-slideshow .av-slideshow-caption.av-kd4hz9nx-fb331aa0faaa9c578e2f07ccc45f5aa0__0 .avia-caption-content p{\nfont-size:16px;\n}\n}\n\n@media only screen and (min-width: 480px) and (max-width: 767px){ \n#top #wrap_all .avia-slideshow .av-slideshow-caption.av-kd4hz9nx-fb331aa0faaa9c578e2f07ccc45f5aa0__0 .avia-caption-title{\nfont-size:14px;\n}\n#top .avia-slideshow .av-slideshow-caption.av-kd4hz9nx-fb331aa0faaa9c578e2f07ccc45f5aa0__0 .avia-caption-content{\nfont-size:14px;\n}\n#top .avia-slideshow .av-slideshow-caption.av-kd4hz9nx-fb331aa0faaa9c578e2f07ccc45f5aa0__0 .avia-caption-content p{\nfont-size:14px;\n}\n}\n\n@media only screen and (max-width: 479px){ \n#top #wrap_all .avia-slideshow .av-slideshow-caption.av-kd4hz9nx-fb331aa0faaa9c578e2f07ccc45f5aa0__0 .avia-caption-title{\ndisplay:none;\n}\n#top .avia-slideshow .av-slideshow-caption.av-kd4hz9nx-fb331aa0faaa9c578e2f07ccc45f5aa0__0 .avia-caption-content{\ndisplay:none;\n}\n#top .avia-slideshow .av-slideshow-caption.av-kd4hz9nx-fb331aa0faaa9c578e2f07ccc45f5aa0__0 .avia-caption-content p{\ndisplay:none;\n}\n}\n<\/style>\n<div  class='avia-slideshow av-kd4hz9nx-fb331aa0faaa9c578e2f07ccc45f5aa0 avia-slideshow-featured av_slideshow_full avia-slide-slider av-slideshow-ui av-control-default av-slideshow-manual av-loop-once av-loop-manual-endless av-default-height-applied   avia-slideshow-1' data-slideshow-options=\"{&quot;animation&quot;:&quot;slide&quot;,&quot;autoplay&quot;:false,&quot;loop_autoplay&quot;:&quot;once&quot;,&quot;interval&quot;:5,&quot;loop_manual&quot;:&quot;manual-endless&quot;,&quot;autoplay_stopper&quot;:false,&quot;noNavigation&quot;:false,&quot;bg_slider&quot;:false,&quot;keep_padding&quot;:false,&quot;hoverpause&quot;:false,&quot;show_slide_delay&quot;:0}\"  itemprop=\"image\" itemscope=\"itemscope\" itemtype=\"https:\/\/schema.org\/ImageObject\" ><ul class='avia-slideshow-inner ' style='padding-bottom: 28.72411489646%;'><li  class='avia-slideshow-slide av-kd4hz9nx-fb331aa0faaa9c578e2f07ccc45f5aa0__0  av-single-slide slide-1 slide-odd'><div data-rel='slideshow-1' class='avia-slide-wrap '   ><img decoding=\"async\" fetchpriority=\"high\" class=\"wp-image-3184 avia-img-lazy-loading-not-3184\"  src=\"https:\/\/maailmanmuutos.org\/wp-content\/uploads\/2023\/08\/isaf.jpg\" width=\"1497\" height=\"430\" title='kuvituskuvat' alt=''  itemprop=\"thumbnailUrl\" srcset=\"https:\/\/maailmanmuutos.org\/wp-content\/uploads\/2023\/08\/isaf.jpg 1500w, https:\/\/maailmanmuutos.org\/wp-content\/uploads\/2023\/08\/isaf-800x230.jpg 800w, https:\/\/maailmanmuutos.org\/wp-content\/uploads\/2023\/08\/isaf-120x34.jpg 120w, https:\/\/maailmanmuutos.org\/wp-content\/uploads\/2023\/08\/isaf-768x221.jpg 768w, https:\/\/maailmanmuutos.org\/wp-content\/uploads\/2023\/08\/isaf-705x203.jpg 705w\" sizes=\"(max-width: 1497px) 100vw, 1497px\" \/><\/div><\/li><\/ul><\/div><\/div><div id='after_full_slider_1'  class='main_color av_default_container_wrap container_wrap sidebar_right'  ><div class='container av-section-cont-open' ><div class='template-page content  av-content-small alpha units'><div class='post-entry post-entry-type-page post-entry-1218'><div class='entry-content-wrapper clearfix'>\n\n<style type=\"text\/css\" data-created_by=\"avia_inline_auto\" id=\"style-css-av-5spn6-3d3e8ead61d02f87ad7c9f2fc625dc24\">\n.flex_column.av-5spn6-3d3e8ead61d02f87ad7c9f2fc625dc24{\nborder-radius:0px 0px 0px 0px;\npadding:0px 0px 0px 0px;\n}\n<\/style>\n<div  class='flex_column av-5spn6-3d3e8ead61d02f87ad7c9f2fc625dc24 av_one_full  avia-builder-el-1  el_after_av_slideshow_full  avia-builder-el-no-sibling  first flex_column_div av-zero-column-padding  '     ><p>\n<style type=\"text\/css\" data-created_by=\"avia_inline_auto\" id=\"style-css-av-av_heading-d64874b7b361eb6229aa772031a8f7b8\">\n#top .av-special-heading.av-av_heading-d64874b7b361eb6229aa772031a8f7b8{\npadding-bottom:10px;\n}\nbody .av-special-heading.av-av_heading-d64874b7b361eb6229aa772031a8f7b8 .av-special-heading-tag .heading-char{\nfont-size:25px;\n}\n.av-special-heading.av-av_heading-d64874b7b361eb6229aa772031a8f7b8 .av-subheading{\nfont-size:15px;\n}\n<\/style>\n<div  class='av-special-heading av-av_heading-d64874b7b361eb6229aa772031a8f7b8 av-special-heading-h1  avia-builder-el-2  el_before_av_hr  avia-builder-el-first '><h1 class='av-special-heading-tag'  itemprop=\"headline\"  >Afganistanin sodan uudet vaiheet <\/h1><div class=\"special-heading-border\"><div class=\"special-heading-inner-border\"><\/div><\/div><\/div><br \/>\n\n<style type=\"text\/css\" data-created_by=\"avia_inline_auto\" id=\"style-css-av-llavlvh3-cda05f2418800e5c93775c56c55b8633\">\n#top .hr.hr-invisible.av-llavlvh3-cda05f2418800e5c93775c56c55b8633{\nheight:50px;\n}\n<\/style>\n<div  class='hr av-llavlvh3-cda05f2418800e5c93775c56c55b8633 hr-invisible  avia-builder-el-3  el_after_av_heading  el_before_av_textblock '><span class='hr-inner '><span class=\"hr-inner-style\"><\/span><\/span><\/div><br \/>\n<section  class='av_textblock_section av-lezr0od0-94e7bd8ef786eea3c9a8d27065495667 '   itemscope=\"itemscope\" itemtype=\"https:\/\/schema.org\/CreativeWork\" ><div class='avia_textblock'  itemprop=\"text\" ><p><em><strong>Rauhanturvajoukko ISAF<\/strong><\/em><\/p>\n<p>Talibanien ja al-Qaidan taistelijat v\u00e4istyiv\u00e4t Yhdysvaltojen johtaman liittoutuman hy\u00f6kk\u00e4yksi\u00e4 kev\u00e4\u00e4ll\u00e4 2002 Pakistanin rajan vuoristoseuduille tai sulautuivat v\u00e4est\u00f6n sekaan. Jo seuraavana syksyn\u00e4 alkoi uusien kapinallisjoukkojen muodostaminen l\u00e4hell\u00e4 Pakistanin rajaa tai Pakistanin puolella.<\/p>\n<p>Yhdysvaltojen joukot jatkoivat al-Qaidan tukikohtien etsint\u00e4\u00e4 maan etel\u00e4osissa, ja YK:n valtuutuksella joulukuussa 2001 perustettu vakautusjoukko ISAF toimi Kabulissa. Sotilasliitto Nato otti sen johtamisvastuun vuonna 2003.<\/p>\n<p><em><strong>Taliban-kapinalliset aktivoituvat<\/strong><\/em><\/p>\n<p>Parin vuoden hiljaiselon j\u00e4lkeen taliban-kapinalliset alkoivat kev\u00e4\u00e4ll\u00e4 2006 tehd\u00e4 yh\u00e4 tuhoisampia iskuja Afganistanin armeijaa ja poliisijoukkoja sek\u00e4 ulkomaalaisia sotilaita vastaan. Silloin ISAF-joukkojen toiminta-aluetta laajennettiin koko maan kattavaksi. My\u00f6s osa Yhdysvaltojen asevoimista liitettiin ISAF-joukkoihin, mink\u00e4 j\u00e4lkeen ne aloittivat aktiivisen sissien etsinn\u00e4n Afganistanin etel\u00e4osissa. Samalla ISAF-joukoille alkoi tulla yh\u00e4 enemm\u00e4n tappioita.<\/p>\n<p>Vuosina 2007-2008 sek\u00e4 sissien iskut ett\u00e4 ISAF-joukkojen k\u00e4ynnist\u00e4m\u00e4t taistelutoimet yh\u00e4 kiihtyiv\u00e4t ja tappiot kasvoivat. Taistelut voimistuivat my\u00f6s Pakistanin puolella rajaa, miss\u00e4 Taliban-liike liittolaisineen hallitsi laajoja alueita. Niit\u00e4 vastaan toimivat sek\u00e4 Pakistanin hallituksen joukot ett\u00e4 amerikkalaiset ilmavoimat. Naton huoltoyhteydet Pakistanissa joutuivatuhanalaisiksi sissien jatkuvien hy\u00f6kk\u00e4ysten vuoksi.<\/p>\n<p><em><strong>Afganistan ongelma Natolle<\/strong><\/em><\/p>\n<p>Vuosina 2009-2010 Afganistanin hallitusta vastustavat kapinalliset laajensivat toimintaansa my\u00f6s maan pohjoisosiin. Toisaalta etel\u00e4ss\u00e4 Yhdysvallat vahvisti tuntuvasti voimiaan ja aloitti hy\u00f6kk\u00e4ykset talibanien tukialueille. Mit\u00e4\u00e4n ratkaisua ei kuitenkaan saatu aikaan. Useat Nato-maat alkoivat valmistella \u00a0joukkojensa vet\u00e4mist\u00e4 pois Afganistanista. Hollantilaiset l\u00e4htiv\u00e4t vuonna 2010, ja muun muassa Kanada ilmoitti vet\u00e4v\u00e4ns\u00e4 sotilaat pois taisteluista vuonna 2011. Sotilasliiton piiriss\u00e4 Afganistanin sota koettiin yh\u00e4 vakavammaksi, koko liiton tulevaisuutta \u00a0uhkaavaksi kriisiksi.<\/p>\n<p><em><strong>Poliittinen tilanne kire\u00e4<\/strong><\/em><\/p>\n<p>Afganistanin poliittinen tilanne pysyi ep\u00e4vakaana. Vaaleissa tapahtui paljon v\u00e4\u00e4rink\u00e4yt\u00f6ksi\u00e4 ja tietoon tuli muutenkin laaja korruptio, mink\u00e4 johdosta l\u00e4nsimaissa vahvistui k\u00e4sitys, ettei \u201dkansakunnan rakentaminen\u201d l\u00e4nsimaisten normien mukaiseksi tule onnistumaan. Yhdysvallat ei en\u00e4\u00e4 pit\u00e4nyt tavoitteenaan maan demokratisoimista vaan asetti p\u00e4\u00e4m\u00e4\u00e4r\u00e4ksi est\u00e4\u00e4 Afganistanin alueen k\u00e4yt\u00f6n terroristien tukikohtana. Tiedustelutietojen mukaan al-Qaidan taistelijoita oli Afganistanissa vain muutamia kymmeni\u00e4, mutta Pakistanin puolelta heit\u00e4 saattoi pian palata takaisin enemm\u00e4nkin.<\/p>\n<\/div><\/section><\/p><\/div>\n","protected":false},"excerpt":{"rendered":"","protected":false},"author":1,"featured_media":0,"parent":1086,"menu_order":6,"comment_status":"closed","ping_status":"closed","template":"","meta":{"footnotes":""},"class_list":["post-1218","page","type-page","status-publish","hentry"],"_links":{"self":[{"href":"https:\/\/maailmanmuutos.org\/index.php\/wp-json\/wp\/v2\/pages\/1218","targetHints":{"allow":["GET"]}}],"collection":[{"href":"https:\/\/maailmanmuutos.org\/index.php\/wp-json\/wp\/v2\/pages"}],"about":[{"href":"https:\/\/maailmanmuutos.org\/index.php\/wp-json\/wp\/v2\/types\/page"}],"author":[{"embeddable":true,"href":"https:\/\/maailmanmuutos.org\/index.php\/wp-json\/wp\/v2\/users\/1"}],"replies":[{"embeddable":true,"href":"https:\/\/maailmanmuutos.org\/index.php\/wp-json\/wp\/v2\/comments?post=1218"}],"version-history":[{"count":7,"href":"https:\/\/maailmanmuutos.org\/index.php\/wp-json\/wp\/v2\/pages\/1218\/revisions"}],"predecessor-version":[{"id":3186,"href":"https:\/\/maailmanmuutos.org\/index.php\/wp-json\/wp\/v2\/pages\/1218\/revisions\/3186"}],"up":[{"embeddable":true,"href":"https:\/\/maailmanmuutos.org\/index.php\/wp-json\/wp\/v2\/pages\/1086"}],"wp:attachment":[{"href":"https:\/\/maailmanmuutos.org\/index.php\/wp-json\/wp\/v2\/media?parent=1218"}],"curies":[{"name":"wp","href":"https:\/\/api.w.org\/{rel}","templated":true}]}}