{"id":1289,"date":"2023-03-08T18:43:26","date_gmt":"2023-03-08T18:43:26","guid":{"rendered":"http:\/\/us.ylirotu.fi\/?page_id=1289"},"modified":"2023-08-15T13:57:13","modified_gmt":"2023-08-15T13:57:13","slug":"globaali-media-ja-viestintaverkot","status":"publish","type":"page","link":"https:\/\/maailmanmuutos.org\/index.php\/kylmasta-sodasta-2000-luvulle\/maailman-valtasuhteiden-muutos\/globalisaation-eteneminen\/globaali-media-ja-viestintaverkot\/","title":{"rendered":"Globaali media ja viestint\u00e4verkot\u00a0"},"content":{"rendered":"<div id='full_slider_1'  class='avia-fullwidth-slider main_color avia-shadow   avia-builder-el-0  el_before_av_one_full  avia-builder-el-first   container_wrap sidebar_right'  >\n<style type=\"text\/css\" data-created_by=\"avia_inline_auto\" id=\"style-css-av-kd4hz9nx-fb331aa0faaa9c578e2f07ccc45f5aa0\">\n#top #wrap_all .avia-slideshow .av-slideshow-caption.av-kd4hz9nx-fb331aa0faaa9c578e2f07ccc45f5aa0__0 .avia-caption-title{\nfont-size:22px;\n}\n#top .avia-slideshow .av-slideshow-caption.av-kd4hz9nx-fb331aa0faaa9c578e2f07ccc45f5aa0__0 .avia-caption-content{\nfont-size:14px;\n}\n#top .avia-slideshow .av-slideshow-caption.av-kd4hz9nx-fb331aa0faaa9c578e2f07ccc45f5aa0__0 .avia-caption-content p{\nfont-size:14px;\n}\n\n@media only screen and (min-width: 768px) and (max-width: 989px){ \n#top #wrap_all .avia-slideshow .av-slideshow-caption.av-kd4hz9nx-fb331aa0faaa9c578e2f07ccc45f5aa0__0 .avia-caption-title{\nfont-size:16px;\n}\n#top .avia-slideshow .av-slideshow-caption.av-kd4hz9nx-fb331aa0faaa9c578e2f07ccc45f5aa0__0 .avia-caption-content{\nfont-size:16px;\n}\n#top .avia-slideshow .av-slideshow-caption.av-kd4hz9nx-fb331aa0faaa9c578e2f07ccc45f5aa0__0 .avia-caption-content p{\nfont-size:16px;\n}\n}\n\n@media only screen and (min-width: 480px) and (max-width: 767px){ \n#top #wrap_all .avia-slideshow .av-slideshow-caption.av-kd4hz9nx-fb331aa0faaa9c578e2f07ccc45f5aa0__0 .avia-caption-title{\nfont-size:14px;\n}\n#top .avia-slideshow .av-slideshow-caption.av-kd4hz9nx-fb331aa0faaa9c578e2f07ccc45f5aa0__0 .avia-caption-content{\nfont-size:14px;\n}\n#top .avia-slideshow .av-slideshow-caption.av-kd4hz9nx-fb331aa0faaa9c578e2f07ccc45f5aa0__0 .avia-caption-content p{\nfont-size:14px;\n}\n}\n\n@media only screen and (max-width: 479px){ \n#top #wrap_all .avia-slideshow .av-slideshow-caption.av-kd4hz9nx-fb331aa0faaa9c578e2f07ccc45f5aa0__0 .avia-caption-title{\ndisplay:none;\n}\n#top .avia-slideshow .av-slideshow-caption.av-kd4hz9nx-fb331aa0faaa9c578e2f07ccc45f5aa0__0 .avia-caption-content{\ndisplay:none;\n}\n#top .avia-slideshow .av-slideshow-caption.av-kd4hz9nx-fb331aa0faaa9c578e2f07ccc45f5aa0__0 .avia-caption-content p{\ndisplay:none;\n}\n}\n<\/style>\n<div  class='avia-slideshow av-kd4hz9nx-fb331aa0faaa9c578e2f07ccc45f5aa0 avia-slideshow-featured av_slideshow_full avia-slide-slider av-slideshow-ui av-control-default av-slideshow-manual av-loop-once av-loop-manual-endless av-default-height-applied   avia-slideshow-1' data-slideshow-options=\"{&quot;animation&quot;:&quot;slide&quot;,&quot;autoplay&quot;:false,&quot;loop_autoplay&quot;:&quot;once&quot;,&quot;interval&quot;:5,&quot;loop_manual&quot;:&quot;manual-endless&quot;,&quot;autoplay_stopper&quot;:false,&quot;noNavigation&quot;:false,&quot;bg_slider&quot;:false,&quot;keep_padding&quot;:false,&quot;hoverpause&quot;:false,&quot;show_slide_delay&quot;:0}\"  itemprop=\"image\" itemscope=\"itemscope\" itemtype=\"https:\/\/schema.org\/ImageObject\" ><ul class='avia-slideshow-inner ' style='padding-bottom: 28.72411489646%;'><li  class='avia-slideshow-slide av-kd4hz9nx-fb331aa0faaa9c578e2f07ccc45f5aa0__0  av-single-slide slide-1 slide-odd'><div data-rel='slideshow-1' class='avia-slide-wrap '   ><img decoding=\"async\" fetchpriority=\"high\" class=\"wp-image-3496 avia-img-lazy-loading-not-3496\"  src=\"https:\/\/maailmanmuutos.org\/wp-content\/uploads\/2023\/08\/globaali-media.jpg\" width=\"1497\" height=\"430\" title='globaali media' alt=''  itemprop=\"thumbnailUrl\" srcset=\"https:\/\/maailmanmuutos.org\/wp-content\/uploads\/2023\/08\/globaali-media.jpg 1500w, https:\/\/maailmanmuutos.org\/wp-content\/uploads\/2023\/08\/globaali-media-800x230.jpg 800w, https:\/\/maailmanmuutos.org\/wp-content\/uploads\/2023\/08\/globaali-media-120x34.jpg 120w, https:\/\/maailmanmuutos.org\/wp-content\/uploads\/2023\/08\/globaali-media-768x221.jpg 768w, https:\/\/maailmanmuutos.org\/wp-content\/uploads\/2023\/08\/globaali-media-705x203.jpg 705w\" sizes=\"(max-width: 1497px) 100vw, 1497px\" \/><\/div><\/li><\/ul><\/div><\/div><div id='after_full_slider_1'  class='main_color av_default_container_wrap container_wrap sidebar_right'  ><div class='container av-section-cont-open' ><div class='template-page content  av-content-small alpha units'><div class='post-entry post-entry-type-page post-entry-1289'><div class='entry-content-wrapper clearfix'>\n\n<style type=\"text\/css\" data-created_by=\"avia_inline_auto\" id=\"style-css-av-5spn6-3d3e8ead61d02f87ad7c9f2fc625dc24\">\n.flex_column.av-5spn6-3d3e8ead61d02f87ad7c9f2fc625dc24{\nborder-radius:0px 0px 0px 0px;\npadding:0px 0px 0px 0px;\n}\n<\/style>\n<div  class='flex_column av-5spn6-3d3e8ead61d02f87ad7c9f2fc625dc24 av_one_full  avia-builder-el-1  el_after_av_slideshow_full  el_before_av_textblock  avia-builder-el-first  first flex_column_div av-zero-column-padding  '     ><p>\n<style type=\"text\/css\" data-created_by=\"avia_inline_auto\" id=\"style-css-av-1vul3d-f4c869439805c0ad6a267d6b946b2445\">\n#top .av-special-heading.av-1vul3d-f4c869439805c0ad6a267d6b946b2445{\npadding-bottom:10px;\n}\nbody .av-special-heading.av-1vul3d-f4c869439805c0ad6a267d6b946b2445 .av-special-heading-tag .heading-char{\nfont-size:25px;\n}\n.av-special-heading.av-1vul3d-f4c869439805c0ad6a267d6b946b2445 .av-subheading{\nfont-size:15px;\n}\n<\/style>\n<div  class='av-special-heading av-1vul3d-f4c869439805c0ad6a267d6b946b2445 av-special-heading-h1  avia-builder-el-2  el_before_av_hr  avia-builder-el-first '><h1 class='av-special-heading-tag'  itemprop=\"headline\"  >Globaali media ja viestint\u00e4verkot <\/h1><div class=\"special-heading-border\"><div class=\"special-heading-inner-border\"><\/div><\/div><\/div><br \/>\n\n<style type=\"text\/css\" data-created_by=\"avia_inline_auto\" id=\"style-css-av-llcd6th5-0e343a7db0c11532b3b8e2f4e3e27161\">\n#top .hr.hr-invisible.av-llcd6th5-0e343a7db0c11532b3b8e2f4e3e27161{\nheight:50px;\n}\n<\/style>\n<div  class='hr av-llcd6th5-0e343a7db0c11532b3b8e2f4e3e27161 hr-invisible  avia-builder-el-3  el_after_av_heading  el_before_av_textblock '><span class='hr-inner '><span class=\"hr-inner-style\"><\/span><\/span><\/div><br \/>\n<section  class='av_textblock_section av-lezr0od0-94e7bd8ef786eea3c9a8d27065495667 '   itemscope=\"itemscope\" itemtype=\"https:\/\/schema.org\/CreativeWork\" ><div class='avia_textblock'  itemprop=\"text\" ><p><em><strong>Uutistoiminta reaaliaikaiseksi<\/strong><\/em><\/p>\n<p>Maailmanlaajuisten televisioverkkojen kasvu on tehnyt uutistoiminnasta yh\u00e4 enemm\u00e4n reaaliaikaista ja koko ihmiskunnalle yhteist\u00e4. Aikaisemmin selv\u00e4sti paikallisina tai korkeintaan kansallisen tason uutisina pysyneet tapahtumat, kuten esimerkiksi Kauhajoella syksyll\u00e4 2008 sattunut kouluampuminen, saattavat levit\u00e4 parissa tunnissa satojen miljoonien ihmisten tietoisuuteen toiselle puolelle maapallon.<\/p>\n<p><em><strong>Internetin uudet palvelut<\/strong><\/em><\/p>\n<p>Internetin uudet palvelut ovat tuoneet lis\u00e4\u00e4 tietoverkkojen k\u00e4ytt\u00e4ji\u00e4 mutta my\u00f6s muuttaneet tiedonv\u00e4lityksen luonnetta entist\u00e4 pirstaleisemmaksi ja enemm\u00e4n ihmisten arkip\u00e4iv\u00e4isiin kokemuksiin keskittyv\u00e4ksi. Tiedon hallinta ei ole nykyisin mahdollista edes suurvalloille, vaan uutiset ja mielipiteet levi\u00e4v\u00e4t usein hyvin satunnaisesti ja muuntuen samalla arvaamattomasti. Toisaalta informaatiota varastoituu vaikeasti valvottavalla tavalla sek\u00e4 tietopankkeihin ett\u00e4 verkoissa liikkuvaksi, ja vapaasti tuotettujen tietojen oikeellisuuden varmistaminen on samalla hankaloitunut.<\/p>\n<p>Globaalit tietoverkot muuttavat maailmankuvaa, mutta kukaan ei tunnu tiet\u00e4v\u00e4n, mit\u00e4 vaikutuksia sill\u00e4 lopulta on. Kulttuurien ja muodin maailmanlaajuisen samankaltaistumisen ohella my\u00f6s erilaiset v\u00e4hemmist\u00f6kulttuurit p\u00e4\u00e4sev\u00e4t entist\u00e4 paremmin esille. Samalla paranevat kansalaisj\u00e4rjest\u00f6jen mahdollisuudet tuoda edustamiaan asioita yleiseen tietoisuuteen, vaikka niiden sanoma saattaa my\u00f6s hukkua tiedon tulvaan.<\/p>\n<p><em><strong>Media viihteellistyy<\/strong><\/em><\/p>\n<p>Tiedon saatavuuden parantuminen antaa yhteiskunnalliselle demokratiakehitykselle suotuisat olosuhteet, joskaan se ei v\u00e4ltt\u00e4m\u00e4tt\u00e4 \u00a0johda demokratian lis\u00e4\u00e4ntymiseen ainakaan lyhyell\u00e4 aikav\u00e4lill\u00e4. Nopean mutta entist\u00e4 viihteellisemm\u00e4n s\u00e4hk\u00f6isen median kehitys syrj\u00e4ytt\u00e4\u00e4 perinteist\u00e4 lehdist\u00f6\u00e4 ja kirjallisuutta, joka on tarjonnut taustoitettuja uutisia ja perusteltuja, asioiden syvemp\u00e4\u00e4n pohdiskeluun kannustavia mielipiteit\u00e4. Samalla propaganda kehittyy yh\u00e4 enemm\u00e4n asenteiden muuttamiseen pyrkiv\u00e4ksi piilovaikuttamiseksi, jolloin sit\u00e4 on vaikea erottaa monin eri keinoin levitett\u00e4v\u00e4n viihteen ja uutistarjonnan seasta.<\/p>\n<p><em><strong>Tietovuodot<\/strong><\/em><\/p>\n<p>Uusinta kehityst\u00e4 edustavat Wikileaks ja muut tietoverkot, jotka keskittyv\u00e4t l\u00e4hinn\u00e4 salattujen viranomaistietojen julkaisemiseen laajalle k\u00e4ytt\u00e4j\u00e4kunnalle. Tekniset mahdollisuudet mink\u00e4 tahansa tiedon paljastumiseen ja levi\u00e4miseen pakottavat kansainv\u00e4lisi\u00e4 asioita hoitavia poliitikkoja, virkamiehi\u00e4 ja diplomaatteja pohtimaan yhteydenpidon ja tiedonv\u00e4lityksen k\u00e4yt\u00e4nt\u00f6jen muutoksia.<\/p>\n<p><em><strong>\u201dJulkisuuden hallinta\u201d<\/strong><\/em><\/p>\n<p>Nykyaikaisessa mediaymp\u00e4rist\u00f6ss\u00e4 hallitukset ja j\u00e4rjest\u00f6t kehitt\u00e4v\u00e4t valmiuksiaan \u201djulkisuuden hallintaan\u201d, sill\u00e4 valtioiden johtajat joutuvat joka hetki varautumaan yll\u00e4tt\u00e4vien asioiden esille nousemiseen. T\u00e4st\u00e4 saattaa olla seurauksena tarve keskitty\u00e4 ajankohtaisten asioiden hoitoon pidemm\u00e4lle ulottuvan \u201dstrategisen ajattelun\u201d sijasta.<\/p>\n<\/div><\/section><\/p><\/div>\n<section  class='av_textblock_section av-llcd7h2i-e18f08cbbad5cf241237f78603d95b99 '   itemscope=\"itemscope\" itemtype=\"https:\/\/schema.org\/CreativeWork\" ><div class='avia_textblock'  itemprop=\"text\" ><p>Kuva: Wikimedia<\/p>\n<\/div><\/section>\n","protected":false},"excerpt":{"rendered":"","protected":false},"author":1,"featured_media":0,"parent":1251,"menu_order":3,"comment_status":"closed","ping_status":"closed","template":"","meta":{"footnotes":""},"class_list":["post-1289","page","type-page","status-publish","hentry"],"_links":{"self":[{"href":"https:\/\/maailmanmuutos.org\/index.php\/wp-json\/wp\/v2\/pages\/1289","targetHints":{"allow":["GET"]}}],"collection":[{"href":"https:\/\/maailmanmuutos.org\/index.php\/wp-json\/wp\/v2\/pages"}],"about":[{"href":"https:\/\/maailmanmuutos.org\/index.php\/wp-json\/wp\/v2\/types\/page"}],"author":[{"embeddable":true,"href":"https:\/\/maailmanmuutos.org\/index.php\/wp-json\/wp\/v2\/users\/1"}],"replies":[{"embeddable":true,"href":"https:\/\/maailmanmuutos.org\/index.php\/wp-json\/wp\/v2\/comments?post=1289"}],"version-history":[{"count":6,"href":"https:\/\/maailmanmuutos.org\/index.php\/wp-json\/wp\/v2\/pages\/1289\/revisions"}],"predecessor-version":[{"id":3494,"href":"https:\/\/maailmanmuutos.org\/index.php\/wp-json\/wp\/v2\/pages\/1289\/revisions\/3494"}],"up":[{"embeddable":true,"href":"https:\/\/maailmanmuutos.org\/index.php\/wp-json\/wp\/v2\/pages\/1251"}],"wp:attachment":[{"href":"https:\/\/maailmanmuutos.org\/index.php\/wp-json\/wp\/v2\/media?parent=1289"}],"curies":[{"name":"wp","href":"https:\/\/api.w.org\/{rel}","templated":true}]}}