{"id":1306,"date":"2023-03-08T18:49:41","date_gmt":"2023-03-08T18:49:41","guid":{"rendered":"http:\/\/us.ylirotu.fi\/index.php\/maailman-muutos\/euroopan-turvallisuuspoliittinen-kehitys-1990-luvulla\/naton-kehitys-1990-luvulla\/kylman-sodan-paattymisen-vaikutukset-natoon-2\/"},"modified":"2023-08-17T08:40:05","modified_gmt":"2023-08-17T08:40:05","slug":"naton-osallistuminen-jugoslavian-kriisinhallintaan","status":"publish","type":"page","link":"https:\/\/maailmanmuutos.org\/index.php\/kylmasta-sodasta-2000-luvulle\/euroopan-turvallisuuspoliittinen-kehitys-1990-luvulla\/naton-kehitys-1990-luvulla\/naton-osallistuminen-jugoslavian-kriisinhallintaan\/","title":{"rendered":"Naton osallistuminen Jugoslavian kriisinhallintaan\u00a0"},"content":{"rendered":"<div id='full_slider_1'  class='avia-fullwidth-slider main_color avia-shadow   avia-builder-el-0  el_before_av_one_full  avia-builder-el-first   container_wrap sidebar_right'  >\n<style type=\"text\/css\" data-created_by=\"avia_inline_auto\" id=\"style-css-av-kd4hz9nx-fb331aa0faaa9c578e2f07ccc45f5aa0\">\n#top #wrap_all .avia-slideshow .av-slideshow-caption.av-kd4hz9nx-fb331aa0faaa9c578e2f07ccc45f5aa0__0 .avia-caption-title{\nfont-size:22px;\n}\n#top .avia-slideshow .av-slideshow-caption.av-kd4hz9nx-fb331aa0faaa9c578e2f07ccc45f5aa0__0 .avia-caption-content{\nfont-size:14px;\n}\n#top .avia-slideshow .av-slideshow-caption.av-kd4hz9nx-fb331aa0faaa9c578e2f07ccc45f5aa0__0 .avia-caption-content p{\nfont-size:14px;\n}\n\n@media only screen and (min-width: 768px) and (max-width: 989px){ \n#top #wrap_all .avia-slideshow .av-slideshow-caption.av-kd4hz9nx-fb331aa0faaa9c578e2f07ccc45f5aa0__0 .avia-caption-title{\nfont-size:16px;\n}\n#top .avia-slideshow .av-slideshow-caption.av-kd4hz9nx-fb331aa0faaa9c578e2f07ccc45f5aa0__0 .avia-caption-content{\nfont-size:16px;\n}\n#top .avia-slideshow .av-slideshow-caption.av-kd4hz9nx-fb331aa0faaa9c578e2f07ccc45f5aa0__0 .avia-caption-content p{\nfont-size:16px;\n}\n}\n\n@media only screen and (min-width: 480px) and (max-width: 767px){ \n#top #wrap_all .avia-slideshow .av-slideshow-caption.av-kd4hz9nx-fb331aa0faaa9c578e2f07ccc45f5aa0__0 .avia-caption-title{\nfont-size:14px;\n}\n#top .avia-slideshow .av-slideshow-caption.av-kd4hz9nx-fb331aa0faaa9c578e2f07ccc45f5aa0__0 .avia-caption-content{\nfont-size:14px;\n}\n#top .avia-slideshow .av-slideshow-caption.av-kd4hz9nx-fb331aa0faaa9c578e2f07ccc45f5aa0__0 .avia-caption-content p{\nfont-size:14px;\n}\n}\n\n@media only screen and (max-width: 479px){ \n#top #wrap_all .avia-slideshow .av-slideshow-caption.av-kd4hz9nx-fb331aa0faaa9c578e2f07ccc45f5aa0__0 .avia-caption-title{\ndisplay:none;\n}\n#top .avia-slideshow .av-slideshow-caption.av-kd4hz9nx-fb331aa0faaa9c578e2f07ccc45f5aa0__0 .avia-caption-content{\ndisplay:none;\n}\n#top .avia-slideshow .av-slideshow-caption.av-kd4hz9nx-fb331aa0faaa9c578e2f07ccc45f5aa0__0 .avia-caption-content p{\ndisplay:none;\n}\n}\n<\/style>\n<div  class='avia-slideshow av-kd4hz9nx-fb331aa0faaa9c578e2f07ccc45f5aa0 avia-slideshow-featured av_slideshow_full avia-slide-slider av-slideshow-ui av-control-default av-slideshow-manual av-loop-once av-loop-manual-endless av-default-height-applied   avia-slideshow-1' data-slideshow-options=\"{&quot;animation&quot;:&quot;slide&quot;,&quot;autoplay&quot;:false,&quot;loop_autoplay&quot;:&quot;once&quot;,&quot;interval&quot;:5,&quot;loop_manual&quot;:&quot;manual-endless&quot;,&quot;autoplay_stopper&quot;:false,&quot;noNavigation&quot;:false,&quot;bg_slider&quot;:false,&quot;keep_padding&quot;:false,&quot;hoverpause&quot;:false,&quot;show_slide_delay&quot;:0}\"  itemprop=\"image\" itemscope=\"itemscope\" itemtype=\"https:\/\/schema.org\/ImageObject\" ><ul class='avia-slideshow-inner ' style='padding-bottom: 28.72411489646%;'><li  class='avia-slideshow-slide av-kd4hz9nx-fb331aa0faaa9c578e2f07ccc45f5aa0__0  av-single-slide slide-1 slide-odd'><div data-rel='slideshow-1' class='avia-slide-wrap '   ><img decoding=\"async\" fetchpriority=\"high\" class=\"wp-image-3015 avia-img-lazy-loading-not-3015\"  src=\"https:\/\/maailmanmuutos.org\/wp-content\/uploads\/2023\/08\/kosovo-nato.jpg\" width=\"1497\" height=\"430\" title='kuvituskuvat' alt=''  itemprop=\"thumbnailUrl\" srcset=\"https:\/\/maailmanmuutos.org\/wp-content\/uploads\/2023\/08\/kosovo-nato.jpg 1500w, https:\/\/maailmanmuutos.org\/wp-content\/uploads\/2023\/08\/kosovo-nato-800x230.jpg 800w, https:\/\/maailmanmuutos.org\/wp-content\/uploads\/2023\/08\/kosovo-nato-120x34.jpg 120w, https:\/\/maailmanmuutos.org\/wp-content\/uploads\/2023\/08\/kosovo-nato-768x221.jpg 768w, https:\/\/maailmanmuutos.org\/wp-content\/uploads\/2023\/08\/kosovo-nato-705x203.jpg 705w\" sizes=\"(max-width: 1497px) 100vw, 1497px\" \/><\/div><\/li><\/ul><\/div><\/div><div id='after_full_slider_1'  class='main_color av_default_container_wrap container_wrap sidebar_right'  ><div class='container av-section-cont-open' ><div class='template-page content  av-content-small alpha units'><div class='post-entry post-entry-type-page post-entry-1306'><div class='entry-content-wrapper clearfix'>\n\n<style type=\"text\/css\" data-created_by=\"avia_inline_auto\" id=\"style-css-av-5spn6-3d3e8ead61d02f87ad7c9f2fc625dc24\">\n.flex_column.av-5spn6-3d3e8ead61d02f87ad7c9f2fc625dc24{\nborder-radius:0px 0px 0px 0px;\npadding:0px 0px 0px 0px;\n}\n<\/style>\n<div  class='flex_column av-5spn6-3d3e8ead61d02f87ad7c9f2fc625dc24 av_one_full  avia-builder-el-1  el_after_av_slideshow_full  avia-builder-el-no-sibling  first flex_column_div av-zero-column-padding  '     ><p>\n<style type=\"text\/css\" data-created_by=\"avia_inline_auto\" id=\"style-css-av-2okr1m-61aafecdd004cc1b1a28e6d64e68f03a\">\n#top .av-special-heading.av-2okr1m-61aafecdd004cc1b1a28e6d64e68f03a{\npadding-bottom:10px;\n}\nbody .av-special-heading.av-2okr1m-61aafecdd004cc1b1a28e6d64e68f03a .av-special-heading-tag .heading-char{\nfont-size:25px;\n}\n.av-special-heading.av-2okr1m-61aafecdd004cc1b1a28e6d64e68f03a .av-subheading{\nfont-size:15px;\n}\n<\/style>\n<div  class='av-special-heading av-2okr1m-61aafecdd004cc1b1a28e6d64e68f03a av-special-heading-h1  avia-builder-el-2  el_before_av_hr  avia-builder-el-first '><h1 class='av-special-heading-tag'  itemprop=\"headline\"  >Naton osallistuminen Jugoslavian kriisinhallintaan <\/h1><div class=\"special-heading-border\"><div class=\"special-heading-inner-border\"><\/div><\/div><\/div><br \/>\n\n<style type=\"text\/css\" data-created_by=\"avia_inline_auto\" id=\"style-css-av-2lu5nu-46dc3a83a1537c34abc55963454b56b3\">\n#top .hr.hr-invisible.av-2lu5nu-46dc3a83a1537c34abc55963454b56b3{\nheight:50px;\n}\n<\/style>\n<div  class='hr av-2lu5nu-46dc3a83a1537c34abc55963454b56b3 hr-invisible  avia-builder-el-3  el_after_av_heading  el_before_av_textblock '><span class='hr-inner '><span class=\"hr-inner-style\"><\/span><\/span><\/div><br \/>\n<section  class='av_textblock_section av-lezr0od0-94e7bd8ef786eea3c9a8d27065495667 '   itemscope=\"itemscope\" itemtype=\"https:\/\/schema.org\/CreativeWork\" ><div class='avia_textblock'  itemprop=\"text\" ><p><em><strong>Nato pyrki pysyttelem\u00e4\u00e4n erossa sodasta<\/strong><\/em><\/p>\n<p>Jugoslavian hajoamissotien alkaessa vuonna 1991 Nato pyrki pysyttelem\u00e4\u00e4n niist\u00e4 erossa. Useat eurooppalaiset j\u00e4senmaat osallistuivat kuitenkin YK:n perustamiin rauhanturvajoukkoihin. Vasta Bosnian sodan pitkittyminen pakotti Natoa lis\u00e4\u00e4m\u00e4\u00e4n ensin rauhanturvaoperaatioiden tukemista ja lopulta kes\u00e4ll\u00e4 1995 tekem\u00e4\u00e4n intervention sodan lopettamiseksi. Siihen osallistui l\u00e4hinn\u00e4 Yhdysvaltojen ilmavoimia.<\/p>\n<p><em><strong>Rauhansopimusten toimeenpano<\/strong><\/em><\/p>\n<p>Nato perusti Daytonin rauhansopimuksen j\u00e4lkeen syksyll\u00e4 1995 Bosnia-Hertsegovinaan voimakkaan, noin 50 000 sotilaan joukon (Implemention Force, IFOR) valvomaan rauhansopimuksen toimeenpanoa. Amerikkalaisten osuus oli siin\u00e4 merkitt\u00e4v\u00e4. Vuoden kuluttua vahvuutta hieman supistettiin ja nimi muutettiin vakauttamisjoukoksi (Stabilisation Force, SFOR).<\/p>\n<p>Kosovon tilanteeseen Nato puuttui jo kes\u00e4ll\u00e4 1998 vaatimalla serbihallintoa lopettamaan sotatoimet albaanikapinallisia vastaan. Vaatimusta tehostettiin uhkauksella pommituksista. Syksyll\u00e4 Kosovoon aikaansaatua aselepoa Nato valvoi l\u00e4hinn\u00e4 vain ilmatiedustelulla mutta piti ilmavoimia valmiina aloittamaan sotatoimet. Aselevon rikkoonnuttua Nato aloitti maaliskuussa Jugoslavian pommitukset, ja toimeenpani kes\u00e4kuun alussa uuden aselevon j\u00e4lkeen Kosovon miehityksen vahvoin joukoin.<\/p>\n<\/div><\/section><\/p><\/div>\n","protected":false},"excerpt":{"rendered":"","protected":false},"author":1,"featured_media":0,"parent":1287,"menu_order":2,"comment_status":"closed","ping_status":"closed","template":"","meta":{"footnotes":""},"class_list":["post-1306","page","type-page","status-publish","hentry"],"_links":{"self":[{"href":"https:\/\/maailmanmuutos.org\/index.php\/wp-json\/wp\/v2\/pages\/1306","targetHints":{"allow":["GET"]}}],"collection":[{"href":"https:\/\/maailmanmuutos.org\/index.php\/wp-json\/wp\/v2\/pages"}],"about":[{"href":"https:\/\/maailmanmuutos.org\/index.php\/wp-json\/wp\/v2\/types\/page"}],"author":[{"embeddable":true,"href":"https:\/\/maailmanmuutos.org\/index.php\/wp-json\/wp\/v2\/users\/1"}],"replies":[{"embeddable":true,"href":"https:\/\/maailmanmuutos.org\/index.php\/wp-json\/wp\/v2\/comments?post=1306"}],"version-history":[{"count":7,"href":"https:\/\/maailmanmuutos.org\/index.php\/wp-json\/wp\/v2\/pages\/1306\/revisions"}],"predecessor-version":[{"id":4246,"href":"https:\/\/maailmanmuutos.org\/index.php\/wp-json\/wp\/v2\/pages\/1306\/revisions\/4246"}],"up":[{"embeddable":true,"href":"https:\/\/maailmanmuutos.org\/index.php\/wp-json\/wp\/v2\/pages\/1287"}],"wp:attachment":[{"href":"https:\/\/maailmanmuutos.org\/index.php\/wp-json\/wp\/v2\/media?parent=1306"}],"curies":[{"name":"wp","href":"https:\/\/api.w.org\/{rel}","templated":true}]}}

<div id='full_slider_1'  class='avia-fullwidth-slider main_color avia-shadow   avia-builder-el-0  el_before_av_one_full  avia-builder-el-first   container_wrap sidebar_right'  >
<style type="text/css" data-created_by="avia_inline_auto" id="style-css-av-kd4hz9nx-fb331aa0faaa9c578e2f07ccc45f5aa0">
#top #wrap_all .avia-slideshow .av-slideshow-caption.av-kd4hz9nx-fb331aa0faaa9c578e2f07ccc45f5aa0__0 .avia-caption-title{
font-size:22px;
}
#top .avia-slideshow .av-slideshow-caption.av-kd4hz9nx-fb331aa0faaa9c578e2f07ccc45f5aa0__0 .avia-caption-content{
font-size:14px;
}
#top .avia-slideshow .av-slideshow-caption.av-kd4hz9nx-fb331aa0faaa9c578e2f07ccc45f5aa0__0 .avia-caption-content p{
font-size:14px;
}

@media only screen and (min-width: 768px) and (max-width: 989px){ 
#top #wrap_all .avia-slideshow .av-slideshow-caption.av-kd4hz9nx-fb331aa0faaa9c578e2f07ccc45f5aa0__0 .avia-caption-title{
font-size:16px;
}
#top .avia-slideshow .av-slideshow-caption.av-kd4hz9nx-fb331aa0faaa9c578e2f07ccc45f5aa0__0 .avia-caption-content{
font-size:16px;
}
#top .avia-slideshow .av-slideshow-caption.av-kd4hz9nx-fb331aa0faaa9c578e2f07ccc45f5aa0__0 .avia-caption-content p{
font-size:16px;
}
}

@media only screen and (min-width: 480px) and (max-width: 767px){ 
#top #wrap_all .avia-slideshow .av-slideshow-caption.av-kd4hz9nx-fb331aa0faaa9c578e2f07ccc45f5aa0__0 .avia-caption-title{
font-size:14px;
}
#top .avia-slideshow .av-slideshow-caption.av-kd4hz9nx-fb331aa0faaa9c578e2f07ccc45f5aa0__0 .avia-caption-content{
font-size:14px;
}
#top .avia-slideshow .av-slideshow-caption.av-kd4hz9nx-fb331aa0faaa9c578e2f07ccc45f5aa0__0 .avia-caption-content p{
font-size:14px;
}
}

@media only screen and (max-width: 479px){ 
#top #wrap_all .avia-slideshow .av-slideshow-caption.av-kd4hz9nx-fb331aa0faaa9c578e2f07ccc45f5aa0__0 .avia-caption-title{
display:none;
}
#top .avia-slideshow .av-slideshow-caption.av-kd4hz9nx-fb331aa0faaa9c578e2f07ccc45f5aa0__0 .avia-caption-content{
display:none;
}
#top .avia-slideshow .av-slideshow-caption.av-kd4hz9nx-fb331aa0faaa9c578e2f07ccc45f5aa0__0 .avia-caption-content p{
display:none;
}
}
</style>
<div  class='avia-slideshow av-kd4hz9nx-fb331aa0faaa9c578e2f07ccc45f5aa0 avia-slideshow-featured av_slideshow_full avia-slide-slider av-slideshow-ui av-control-default av-slideshow-manual av-loop-once av-loop-manual-endless av-default-height-applied   avia-slideshow-1' data-slideshow-options="{&quot;animation&quot;:&quot;slide&quot;,&quot;autoplay&quot;:false,&quot;loop_autoplay&quot;:&quot;once&quot;,&quot;interval&quot;:5,&quot;loop_manual&quot;:&quot;manual-endless&quot;,&quot;autoplay_stopper&quot;:false,&quot;noNavigation&quot;:false,&quot;bg_slider&quot;:false,&quot;keep_padding&quot;:false,&quot;hoverpause&quot;:false,&quot;show_slide_delay&quot;:0}"  itemprop="image" itemscope="itemscope" itemtype="https://schema.org/ImageObject" ><ul class='avia-slideshow-inner ' style='padding-bottom: 28.72411489646%;'><li  class='avia-slideshow-slide av-kd4hz9nx-fb331aa0faaa9c578e2f07ccc45f5aa0__0  av-single-slide slide-1 slide-odd'><div data-rel='slideshow-1' class='avia-slide-wrap '   ><img decoding="async" fetchpriority="high" class="wp-image-3015 avia-img-lazy-loading-not-3015"  src="https://maailmanmuutos.org/wp-content/uploads/2023/08/kosovo-nato.jpg" width="1497" height="430" title='kuvituskuvat' alt=''  itemprop="thumbnailUrl" srcset="https://maailmanmuutos.org/wp-content/uploads/2023/08/kosovo-nato.jpg 1500w, https://maailmanmuutos.org/wp-content/uploads/2023/08/kosovo-nato-800x230.jpg 800w, https://maailmanmuutos.org/wp-content/uploads/2023/08/kosovo-nato-120x34.jpg 120w, https://maailmanmuutos.org/wp-content/uploads/2023/08/kosovo-nato-768x221.jpg 768w, https://maailmanmuutos.org/wp-content/uploads/2023/08/kosovo-nato-705x203.jpg 705w" sizes="(max-width: 1497px) 100vw, 1497px" /></div></li></ul></div></div><div id='after_full_slider_1'  class='main_color av_default_container_wrap container_wrap sidebar_right'  ><div class='container av-section-cont-open' ><div class='template-page content  av-content-small alpha units'><div class='post-entry post-entry-type-page post-entry-1306'><div class='entry-content-wrapper clearfix'>

<style type="text/css" data-created_by="avia_inline_auto" id="style-css-av-5spn6-3d3e8ead61d02f87ad7c9f2fc625dc24">
.flex_column.av-5spn6-3d3e8ead61d02f87ad7c9f2fc625dc24{
border-radius:0px 0px 0px 0px;
padding:0px 0px 0px 0px;
}
</style>
<div  class='flex_column av-5spn6-3d3e8ead61d02f87ad7c9f2fc625dc24 av_one_full  avia-builder-el-1  el_after_av_slideshow_full  avia-builder-el-no-sibling  first flex_column_div av-zero-column-padding  '     ><p>
<style type="text/css" data-created_by="avia_inline_auto" id="style-css-av-2okr1m-61aafecdd004cc1b1a28e6d64e68f03a">
#top .av-special-heading.av-2okr1m-61aafecdd004cc1b1a28e6d64e68f03a{
padding-bottom:10px;
}
body .av-special-heading.av-2okr1m-61aafecdd004cc1b1a28e6d64e68f03a .av-special-heading-tag .heading-char{
font-size:25px;
}
.av-special-heading.av-2okr1m-61aafecdd004cc1b1a28e6d64e68f03a .av-subheading{
font-size:15px;
}
</style>
<div  class='av-special-heading av-2okr1m-61aafecdd004cc1b1a28e6d64e68f03a av-special-heading-h1  avia-builder-el-2  el_before_av_hr  avia-builder-el-first '><h1 class='av-special-heading-tag'  itemprop="headline"  >Naton osallistuminen Jugoslavian kriisinhallintaan </h1><div class="special-heading-border"><div class="special-heading-inner-border"></div></div></div><br />

<style type="text/css" data-created_by="avia_inline_auto" id="style-css-av-2lu5nu-46dc3a83a1537c34abc55963454b56b3">
#top .hr.hr-invisible.av-2lu5nu-46dc3a83a1537c34abc55963454b56b3{
height:50px;
}
</style>
<div  class='hr av-2lu5nu-46dc3a83a1537c34abc55963454b56b3 hr-invisible  avia-builder-el-3  el_after_av_heading  el_before_av_textblock '><span class='hr-inner '><span class="hr-inner-style"></span></span></div><br />
<section  class='av_textblock_section av-lezr0od0-94e7bd8ef786eea3c9a8d27065495667 '   itemscope="itemscope" itemtype="https://schema.org/CreativeWork" ><div class='avia_textblock'  itemprop="text" ><p><em><strong>Nato pyrki pysyttelemään erossa sodasta</strong></em></p>
<p>Jugoslavian hajoamissotien alkaessa vuonna 1991 Nato pyrki pysyttelemään niistä erossa. Useat eurooppalaiset jäsenmaat osallistuivat kuitenkin YK:n perustamiin rauhanturvajoukkoihin. Vasta Bosnian sodan pitkittyminen pakotti Natoa lisäämään ensin rauhanturvaoperaatioiden tukemista ja lopulta kesällä 1995 tekemään intervention sodan lopettamiseksi. Siihen osallistui lähinnä Yhdysvaltojen ilmavoimia.</p>
<p><em><strong>Rauhansopimusten toimeenpano</strong></em></p>
<p>Nato perusti Daytonin rauhansopimuksen jälkeen syksyllä 1995 Bosnia-Hertsegovinaan voimakkaan, noin 50 000 sotilaan joukon (Implemention Force, IFOR) valvomaan rauhansopimuksen toimeenpanoa. Amerikkalaisten osuus oli siinä merkittävä. Vuoden kuluttua vahvuutta hieman supistettiin ja nimi muutettiin vakauttamisjoukoksi (Stabilisation Force, SFOR).</p>
<p>Kosovon tilanteeseen Nato puuttui jo kesällä 1998 vaatimalla serbihallintoa lopettamaan sotatoimet albaanikapinallisia vastaan. Vaatimusta tehostettiin uhkauksella pommituksista. Syksyllä Kosovoon aikaansaatua aselepoa Nato valvoi lähinnä vain ilmatiedustelulla mutta piti ilmavoimia valmiina aloittamaan sotatoimet. Aselevon rikkoonnuttua Nato aloitti maaliskuussa Jugoslavian pommitukset, ja toimeenpani kesäkuun alussa uuden aselevon jälkeen Kosovon miehityksen vahvoin joukoin.</p>
</div></section></p></div>
