{"id":1319,"date":"2023-03-08T18:53:44","date_gmt":"2023-03-08T18:53:44","guid":{"rendered":"http:\/\/us.ylirotu.fi\/?page_id=1319"},"modified":"2023-08-15T14:53:04","modified_gmt":"2023-08-15T14:53:04","slug":"turvallisuuspoliittiset-nakymat-aasiassa","status":"publish","type":"page","link":"https:\/\/maailmanmuutos.org\/index.php\/kylmasta-sodasta-2000-luvulle\/maailman-valtasuhteiden-muutos\/aasian-jattilaiset\/turvallisuuspoliittiset-nakymat-aasiassa\/","title":{"rendered":"Turvallisuuspoliittiset n\u00e4kym\u00e4t Aasiassa\u00a0"},"content":{"rendered":"<div id='full_slider_1'  class='avia-fullwidth-slider main_color avia-shadow   avia-builder-el-0  el_before_av_one_full  avia-builder-el-first   container_wrap sidebar_right'  >\n<style type=\"text\/css\" data-created_by=\"avia_inline_auto\" id=\"style-css-av-kd4hz9nx-fb331aa0faaa9c578e2f07ccc45f5aa0\">\n#top #wrap_all .avia-slideshow .av-slideshow-caption.av-kd4hz9nx-fb331aa0faaa9c578e2f07ccc45f5aa0__0 .avia-caption-title{\nfont-size:22px;\n}\n#top .avia-slideshow .av-slideshow-caption.av-kd4hz9nx-fb331aa0faaa9c578e2f07ccc45f5aa0__0 .avia-caption-content{\nfont-size:14px;\n}\n#top .avia-slideshow .av-slideshow-caption.av-kd4hz9nx-fb331aa0faaa9c578e2f07ccc45f5aa0__0 .avia-caption-content p{\nfont-size:14px;\n}\n\n@media only screen and (min-width: 768px) and (max-width: 989px){ \n#top #wrap_all .avia-slideshow .av-slideshow-caption.av-kd4hz9nx-fb331aa0faaa9c578e2f07ccc45f5aa0__0 .avia-caption-title{\nfont-size:16px;\n}\n#top .avia-slideshow .av-slideshow-caption.av-kd4hz9nx-fb331aa0faaa9c578e2f07ccc45f5aa0__0 .avia-caption-content{\nfont-size:16px;\n}\n#top .avia-slideshow .av-slideshow-caption.av-kd4hz9nx-fb331aa0faaa9c578e2f07ccc45f5aa0__0 .avia-caption-content p{\nfont-size:16px;\n}\n}\n\n@media only screen and (min-width: 480px) and (max-width: 767px){ \n#top #wrap_all .avia-slideshow .av-slideshow-caption.av-kd4hz9nx-fb331aa0faaa9c578e2f07ccc45f5aa0__0 .avia-caption-title{\nfont-size:14px;\n}\n#top .avia-slideshow .av-slideshow-caption.av-kd4hz9nx-fb331aa0faaa9c578e2f07ccc45f5aa0__0 .avia-caption-content{\nfont-size:14px;\n}\n#top .avia-slideshow .av-slideshow-caption.av-kd4hz9nx-fb331aa0faaa9c578e2f07ccc45f5aa0__0 .avia-caption-content p{\nfont-size:14px;\n}\n}\n\n@media only screen and (max-width: 479px){ \n#top #wrap_all .avia-slideshow .av-slideshow-caption.av-kd4hz9nx-fb331aa0faaa9c578e2f07ccc45f5aa0__0 .avia-caption-title{\ndisplay:none;\n}\n#top .avia-slideshow .av-slideshow-caption.av-kd4hz9nx-fb331aa0faaa9c578e2f07ccc45f5aa0__0 .avia-caption-content{\ndisplay:none;\n}\n#top .avia-slideshow .av-slideshow-caption.av-kd4hz9nx-fb331aa0faaa9c578e2f07ccc45f5aa0__0 .avia-caption-content p{\ndisplay:none;\n}\n}\n<\/style>\n<div  class='avia-slideshow av-kd4hz9nx-fb331aa0faaa9c578e2f07ccc45f5aa0 avia-slideshow-featured av_slideshow_full avia-slide-slider av-slideshow-ui av-control-default av-slideshow-manual av-loop-once av-loop-manual-endless av-default-height-applied   avia-slideshow-1' data-slideshow-options=\"{&quot;animation&quot;:&quot;slide&quot;,&quot;autoplay&quot;:false,&quot;loop_autoplay&quot;:&quot;once&quot;,&quot;interval&quot;:5,&quot;loop_manual&quot;:&quot;manual-endless&quot;,&quot;autoplay_stopper&quot;:false,&quot;noNavigation&quot;:false,&quot;bg_slider&quot;:false,&quot;keep_padding&quot;:false,&quot;hoverpause&quot;:false,&quot;show_slide_delay&quot;:0}\"  itemprop=\"image\" itemscope=\"itemscope\" itemtype=\"https:\/\/schema.org\/ImageObject\" ><ul class='avia-slideshow-inner ' style='padding-bottom: 28.72411489646%;'><li  class='avia-slideshow-slide av-kd4hz9nx-fb331aa0faaa9c578e2f07ccc45f5aa0__0  av-single-slide slide-1 slide-odd'><div data-rel='slideshow-1' class='avia-slide-wrap '   ><img decoding=\"async\" fetchpriority=\"high\" class=\"wp-image-3543 avia-img-lazy-loading-not-3543\"  src=\"https:\/\/maailmanmuutos.org\/wp-content\/uploads\/2023\/08\/kiinan-laivasto.jpg\" width=\"1497\" height=\"430\" title='kiinan laivasto' alt=''  itemprop=\"thumbnailUrl\" srcset=\"https:\/\/maailmanmuutos.org\/wp-content\/uploads\/2023\/08\/kiinan-laivasto.jpg 1500w, https:\/\/maailmanmuutos.org\/wp-content\/uploads\/2023\/08\/kiinan-laivasto-800x230.jpg 800w, https:\/\/maailmanmuutos.org\/wp-content\/uploads\/2023\/08\/kiinan-laivasto-120x34.jpg 120w, https:\/\/maailmanmuutos.org\/wp-content\/uploads\/2023\/08\/kiinan-laivasto-768x221.jpg 768w, https:\/\/maailmanmuutos.org\/wp-content\/uploads\/2023\/08\/kiinan-laivasto-705x203.jpg 705w\" sizes=\"(max-width: 1497px) 100vw, 1497px\" \/><\/div><\/li><\/ul><\/div><\/div><div id='after_full_slider_1'  class='main_color av_default_container_wrap container_wrap sidebar_right'  ><div class='container av-section-cont-open' ><div class='template-page content  av-content-small alpha units'><div class='post-entry post-entry-type-page post-entry-1319'><div class='entry-content-wrapper clearfix'>\n\n<style type=\"text\/css\" data-created_by=\"avia_inline_auto\" id=\"style-css-av-5spn6-3d3e8ead61d02f87ad7c9f2fc625dc24\">\n.flex_column.av-5spn6-3d3e8ead61d02f87ad7c9f2fc625dc24{\nborder-radius:0px 0px 0px 0px;\npadding:0px 0px 0px 0px;\n}\n<\/style>\n<div  class='flex_column av-5spn6-3d3e8ead61d02f87ad7c9f2fc625dc24 av_one_full  avia-builder-el-1  el_after_av_slideshow_full  avia-builder-el-no-sibling  first flex_column_div av-zero-column-padding  '     ><p>\n<style type=\"text\/css\" data-created_by=\"avia_inline_auto\" id=\"style-css-av-av_heading-5b25191e0c841571d9b8a962081ecb75\">\n#top .av-special-heading.av-av_heading-5b25191e0c841571d9b8a962081ecb75{\npadding-bottom:10px;\n}\nbody .av-special-heading.av-av_heading-5b25191e0c841571d9b8a962081ecb75 .av-special-heading-tag .heading-char{\nfont-size:25px;\n}\n.av-special-heading.av-av_heading-5b25191e0c841571d9b8a962081ecb75 .av-subheading{\nfont-size:15px;\n}\n<\/style>\n<div  class='av-special-heading av-av_heading-5b25191e0c841571d9b8a962081ecb75 av-special-heading-h1  avia-builder-el-2  el_before_av_hr  avia-builder-el-first '><h1 class='av-special-heading-tag'  itemprop=\"headline\"  >Turvallisuuspoliittiset n\u00e4kym\u00e4t Aasiassa <\/h1><div class=\"special-heading-border\"><div class=\"special-heading-inner-border\"><\/div><\/div><\/div><br \/>\n\n<style type=\"text\/css\" data-created_by=\"avia_inline_auto\" id=\"style-css-av-llcfb39q-44aeb24b7ecf384eb569b81a281f8918\">\n#top .hr.hr-invisible.av-llcfb39q-44aeb24b7ecf384eb569b81a281f8918{\nheight:50px;\n}\n<\/style>\n<div  class='hr av-llcfb39q-44aeb24b7ecf384eb569b81a281f8918 hr-invisible  avia-builder-el-3  el_after_av_heading  el_before_av_textblock '><span class='hr-inner '><span class=\"hr-inner-style\"><\/span><\/span><\/div><br \/>\n<section  class='av_textblock_section av-lezr0od0-94e7bd8ef786eea3c9a8d27065495667 '   itemscope=\"itemscope\" itemtype=\"https:\/\/schema.org\/CreativeWork\" ><div class='avia_textblock'  itemprop=\"text\" ><p><em><strong>Kamppailu energiavaroista<\/strong><\/em><\/p>\n<p>Turvallisuuspolitiikan kannalta ajankohtaisinta ja n\u00e4kyvint\u00e4 on kamppailu energiavaroista. Kiina on lis\u00e4nnyt sijoituksiaan ja samalla vaikutusvaltaansa etenkin Kaspianmeren alueen \u00f6ljy- ja maakaasukentille, mutta my\u00f6s Persianlahdella kiinalaiset varmistavat energiahuoltoaan. T\u00e4h\u00e4n liittyy kysymys Iranin ydinteknologiasta. Kun Yhdysvallat on painostanut liittolaisiaan pakotteisiin Irania vastaan, Kiina ja Ven\u00e4j\u00e4 ovat jatkaneet taloudellista yhteisty\u00f6t\u00e4 Iranin kanssa, joskaan eiv\u00e4t ilman ehtoja.<\/p>\n<p><em><strong>Kiina j\u00e4rjestyksenpit\u00e4j\u00e4n\u00e4<\/strong><\/em><\/p>\n<p>Kiina on pyrkinyt hyviin taloussuhteisiin kaikkien naapurimaidensa kanssa, samalla se yll\u00e4pit\u00e4\u00e4 turvallisuuspoliittista tasapainotilannetta. Tukemalla muiden l\u00e4hinn\u00e4 hylki\u00f6valtioiksi tuomitsemia Pohjois-Koreaa ja Myanmaria sek\u00e4 ep\u00e4vakaata mutta t\u00e4rke\u00e4\u00e4 ydinasevaltiota Pakistania Kiina esiintyy my\u00f6s j\u00e4rjestyksenpit\u00e4j\u00e4n\u00e4 l\u00e4hialueillaan ja ennen kaikkea pyrkii est\u00e4m\u00e4\u00e4n joutumisensa tiukan saartorenkaan sis\u00e4\u00e4n, jos turvallisuuspoliittinen tilanne Aasiassa alkaisi kiristy\u00e4.<\/p>\n<p>Kiina on jatkanut tukeaan, Myanmarille eli Burmalle, jota monet pit\u00e4v\u00e4t hylki\u00f6valtiona. Sill\u00e4 on kuitenkin runsaat luonnonvarat, joten Kiina t\u00e4ll\u00f6in vaalii sek\u00e4 taloudellisia etujaan ett\u00e4 alueellisen tasapainon s\u00e4ilymist\u00e4.<\/p>\n<p><em><strong>Japani ja Yhdysvallat<\/strong><\/em><\/p>\n<p>Korean niemimaan vanha konflikti on ajoittain k\u00e4rjistynyt kriisiksi, jossa keskeisin\u00e4 tekij\u00f6in\u00e4 ovat Etel\u00e4- ja Pohjois-Korea ja niiden taustavoimina Yhdysvallat ja Kiina. Japani ja jossain m\u00e4\u00e4rin edelleen my\u00f6s Ven\u00e4j\u00e4 ovat merkitt\u00e4vi\u00e4 tekij\u00f6it\u00e4 Korean kehityksen kannalta. Osaksi Korean tilanteen kiristymisen johdosta, etenkin syksyll\u00e4 2010, ja Kiinan vahvistumisen varalta Japani on vahvistanut j\u00e4lleen sopimuksen, jolla Yhdysvallat jatkaa 47 000 sotilaan yll\u00e4pitoa tukikohdissaan Japanissa. Yhdysvallat saa tukikohtien yll\u00e4pit\u00e4miseen Japanilta vuosittain kahden miljardin dollarin avustuksen.<\/p>\n<p><em><strong>Korean konfliktit<\/strong><\/em><\/p>\n<p>Kiina on yll\u00e4pit\u00e4nyt verraten l\u00e4heisi\u00e4 suhteita Pohjois-Koreaan, joskaan varsinaisesta liittolaisuudesta ei ole kysymys. Kiina on yritt\u00e4nyt hillit\u00e4 Pohjois-Korean ydinasehankkeita mutta ei ole \u00a0kovin hyvin menestynyt. Kiinalle n\u00e4ytt\u00e4\u00e4 edulliselta nykytilanteen jatkuminen, joten se vaikuttaa tyynnytt\u00e4v\u00e4sti Pohjois- ja Etel\u00e4-Korean v\u00e4lisiin rajakiistoihin. Kiina ei tule sallimaan sotatoimia alueella, miss\u00e4 sill\u00e4 on paljon taloudellisia etuja vaalittavana, muun muassa yhdess\u00e4 Etel\u00e4-Korean kanssa.<\/p>\n<p><em><strong>Ven\u00e4j\u00e4n asevienti Aasiaan<\/strong><\/em><\/p>\n<p>Ven\u00e4j\u00e4 on toimittanut uudenaikaista aseistusta Kiinaan ja Intiaan sek\u00e4 on saamassa jalansijaa my\u00f6s Indonesian markkinoille. Kun erimielisyydet Yhdysvaltojen ja sen liittolaisten sek\u00e4 toisaalta Ven\u00e4j\u00e4n v\u00e4lill\u00e4 voimistuivat Euroopan suunnalla, Ven\u00e4j\u00e4 pyrki tiivist\u00e4m\u00e4\u00e4n yhteisty\u00f6t\u00e4\u00e4n aasialaisten maiden kanssa kaikilla aloilla, energiasta sotilaalliseen toimintaan. Toisaalta Aasian turvallisuuspoliittisen tilanteen kiristyminen on lis\u00e4nnyt Ven\u00e4j\u00e4n tarvetta pit\u00e4\u00e4 Euroopan suunnalla raja-alueidensa tilanne vakaana.<\/p>\n<p><em><strong>L\u00e4nsimaiden vaikutus heikkenee<\/strong><\/em><\/p>\n<p>Tulevaisuuden n\u00e4kym\u00e4t viittaavat siihen, ett\u00e4 l\u00e4nsimailla ei en\u00e4\u00e4 ole voimia tehd\u00e4 Aasiassa aseellisia interventioita, joten niiden on konfliktien ja kriisien hallinnassa siirrett\u00e4v\u00e4 painopistett\u00e4 siviilim\u00e4isiin toimiin ja lis\u00e4tt\u00e4v\u00e4 yhteisty\u00f6t\u00e4 kriisialueiden l\u00e4heisten valtioiden kanssa. Aasiassa kasvaa koko ajan samantapainen ajattelu, jota viime vuosisadan alussa Yhdysvalloissa kuvasti ns. Monroen oppi \u201dAmerikka amerikkalaisille\u201d. Suuressa osassa Aasiaa ei suvaita l\u00e4nsimaiden interventioita tai muita kolonialismiin viittaavia toimia kuin korkeintaan taktisista syist\u00e4 l\u00e4hinn\u00e4 rajoitettaessa Iranin, Kiinan tai Intian valtapyrkimyksi\u00e4.<\/p>\n<p>T\u00e4h\u00e4n liittyy my\u00f6s kulttuurien v\u00e4linen kilpailu, jossa l\u00e4nsimaiden yksinvapauksia korostava ajattelu joutuu v\u00e4istym\u00e4\u00e4n aasialaisen, kollektiivista toimintaa suosivan el\u00e4m\u00e4ntavan tielt\u00e4. Kehitys ei ole suoraviivaista, vaan esimerkiksi viestint\u00e4teknologian kehitys parhaillaan suosii yksil\u00f6iden sananvapautta ja levitt\u00e4\u00e4 l\u00e4nsimaista demokratiak\u00e4sityst\u00e4.<\/p>\n<p><em><strong>Terrorismi yhteinen vihollinen<\/strong><\/em><\/p>\n<p>Yhteinen intressi l\u00e4ntisill\u00e4 ja aasialaisilla valtioilla on vapaakaupan suosimisen ohella terrorismin torjunnassa, mutta l\u00e4nsimaiden mahdollisuudet vaikuttaa yhteiskunnalliseen kehitykseen Aasiassa ovat ajan my\u00f6t\u00e4 heikentym\u00e4ss\u00e4 oleellisesti. T\u00e4h\u00e4n asti Kiina ja maanosan muut merkitt\u00e4v\u00e4t valtiot eiv\u00e4t ole puuttuneet amerikkalaisten k\u00e4ymiin sotiin Irakissa ja Afganistanissa, vaan ovat seuranneet niit\u00e4 sivusta. Aasialaiset varautuvat kuitenkin jo siihen, ett\u00e4 l\u00e4nsimaat kulutettuaan noihin sotiin liiaksi voimavarojaan kohtapuoliin vet\u00e4v\u00e4t asevoimansa pois L\u00e4hi-id\u00e4st\u00e4 ja Keski-Aasiasta.<\/p>\n<p><em><strong>Aasian asevarustelu lis\u00e4\u00e4ntyy<\/strong><\/em><\/p>\n<p>Aasian turvallisuustilanteen kannalta uhkaavinta on viime vuosina merkitt\u00e4v\u00e4sti kasvanut asevarustelu sek\u00e4 Persianlahdella ett\u00e4 Intian ja Kiinan suunnilla. Se on erityisesti painottunut meri- ja ilmavoimien vahvistamiseen. Aasialaisten asevoimien tekninen taso paranee koko ajan, ja niiden riippuvuus l\u00e4nsimaiden asetoimituksista v\u00e4henee. Samalla Aasian valtioiden suhteellinen osuus maailman sotilasmenoista kasvaa.<\/p>\n<\/div><\/section><\/p><\/div>\n","protected":false},"excerpt":{"rendered":"","protected":false},"author":1,"featured_media":0,"parent":1258,"menu_order":6,"comment_status":"closed","ping_status":"closed","template":"","meta":{"footnotes":""},"class_list":["post-1319","page","type-page","status-publish","hentry"],"_links":{"self":[{"href":"https:\/\/maailmanmuutos.org\/index.php\/wp-json\/wp\/v2\/pages\/1319","targetHints":{"allow":["GET"]}}],"collection":[{"href":"https:\/\/maailmanmuutos.org\/index.php\/wp-json\/wp\/v2\/pages"}],"about":[{"href":"https:\/\/maailmanmuutos.org\/index.php\/wp-json\/wp\/v2\/types\/page"}],"author":[{"embeddable":true,"href":"https:\/\/maailmanmuutos.org\/index.php\/wp-json\/wp\/v2\/users\/1"}],"replies":[{"embeddable":true,"href":"https:\/\/maailmanmuutos.org\/index.php\/wp-json\/wp\/v2\/comments?post=1319"}],"version-history":[{"count":5,"href":"https:\/\/maailmanmuutos.org\/index.php\/wp-json\/wp\/v2\/pages\/1319\/revisions"}],"predecessor-version":[{"id":3540,"href":"https:\/\/maailmanmuutos.org\/index.php\/wp-json\/wp\/v2\/pages\/1319\/revisions\/3540"}],"up":[{"embeddable":true,"href":"https:\/\/maailmanmuutos.org\/index.php\/wp-json\/wp\/v2\/pages\/1258"}],"wp:attachment":[{"href":"https:\/\/maailmanmuutos.org\/index.php\/wp-json\/wp\/v2\/media?parent=1319"}],"curies":[{"name":"wp","href":"https:\/\/api.w.org\/{rel}","templated":true}]}}