{"id":1340,"date":"2023-03-08T19:07:16","date_gmt":"2023-03-08T19:07:16","guid":{"rendered":"http:\/\/us.ylirotu.fi\/?page_id=1340"},"modified":"2023-08-15T15:06:09","modified_gmt":"2023-08-15T15:06:09","slug":"etelaisen-afrikan-tilanteen-vakiintuminen","status":"publish","type":"page","link":"https:\/\/maailmanmuutos.org\/index.php\/kylmasta-sodasta-2000-luvulle\/maailman-valtasuhteiden-muutos\/afrikka\/etelaisen-afrikan-tilanteen-vakiintuminen\/","title":{"rendered":"Etel\u00e4isen Afrikan tilanteen vakiintuminen\u00a0"},"content":{"rendered":"<div id='full_slider_1'  class='avia-fullwidth-slider main_color avia-shadow   avia-builder-el-0  el_before_av_one_full  avia-builder-el-first   container_wrap sidebar_right'  >\n<style type=\"text\/css\" data-created_by=\"avia_inline_auto\" id=\"style-css-av-kd4hz9nx-fb331aa0faaa9c578e2f07ccc45f5aa0\">\n#top #wrap_all .avia-slideshow .av-slideshow-caption.av-kd4hz9nx-fb331aa0faaa9c578e2f07ccc45f5aa0__0 .avia-caption-title{\nfont-size:22px;\n}\n#top .avia-slideshow .av-slideshow-caption.av-kd4hz9nx-fb331aa0faaa9c578e2f07ccc45f5aa0__0 .avia-caption-content{\nfont-size:14px;\n}\n#top .avia-slideshow .av-slideshow-caption.av-kd4hz9nx-fb331aa0faaa9c578e2f07ccc45f5aa0__0 .avia-caption-content p{\nfont-size:14px;\n}\n\n@media only screen and (min-width: 768px) and (max-width: 989px){ \n#top #wrap_all .avia-slideshow .av-slideshow-caption.av-kd4hz9nx-fb331aa0faaa9c578e2f07ccc45f5aa0__0 .avia-caption-title{\nfont-size:16px;\n}\n#top .avia-slideshow .av-slideshow-caption.av-kd4hz9nx-fb331aa0faaa9c578e2f07ccc45f5aa0__0 .avia-caption-content{\nfont-size:16px;\n}\n#top .avia-slideshow .av-slideshow-caption.av-kd4hz9nx-fb331aa0faaa9c578e2f07ccc45f5aa0__0 .avia-caption-content p{\nfont-size:16px;\n}\n}\n\n@media only screen and (min-width: 480px) and (max-width: 767px){ \n#top #wrap_all .avia-slideshow .av-slideshow-caption.av-kd4hz9nx-fb331aa0faaa9c578e2f07ccc45f5aa0__0 .avia-caption-title{\nfont-size:14px;\n}\n#top .avia-slideshow .av-slideshow-caption.av-kd4hz9nx-fb331aa0faaa9c578e2f07ccc45f5aa0__0 .avia-caption-content{\nfont-size:14px;\n}\n#top .avia-slideshow .av-slideshow-caption.av-kd4hz9nx-fb331aa0faaa9c578e2f07ccc45f5aa0__0 .avia-caption-content p{\nfont-size:14px;\n}\n}\n\n@media only screen and (max-width: 479px){ \n#top #wrap_all .avia-slideshow .av-slideshow-caption.av-kd4hz9nx-fb331aa0faaa9c578e2f07ccc45f5aa0__0 .avia-caption-title{\ndisplay:none;\n}\n#top .avia-slideshow .av-slideshow-caption.av-kd4hz9nx-fb331aa0faaa9c578e2f07ccc45f5aa0__0 .avia-caption-content{\ndisplay:none;\n}\n#top .avia-slideshow .av-slideshow-caption.av-kd4hz9nx-fb331aa0faaa9c578e2f07ccc45f5aa0__0 .avia-caption-content p{\ndisplay:none;\n}\n}\n<\/style>\n<div  class='avia-slideshow av-kd4hz9nx-fb331aa0faaa9c578e2f07ccc45f5aa0 avia-slideshow-featured av_slideshow_full avia-slide-slider av-slideshow-ui av-control-default av-slideshow-manual av-loop-once av-loop-manual-endless av-default-height-applied   avia-slideshow-1' data-slideshow-options=\"{&quot;animation&quot;:&quot;slide&quot;,&quot;autoplay&quot;:false,&quot;loop_autoplay&quot;:&quot;once&quot;,&quot;interval&quot;:5,&quot;loop_manual&quot;:&quot;manual-endless&quot;,&quot;autoplay_stopper&quot;:false,&quot;noNavigation&quot;:false,&quot;bg_slider&quot;:false,&quot;keep_padding&quot;:false,&quot;hoverpause&quot;:false,&quot;show_slide_delay&quot;:0}\"  itemprop=\"image\" itemscope=\"itemscope\" itemtype=\"https:\/\/schema.org\/ImageObject\" ><ul class='avia-slideshow-inner ' style='padding-bottom: 28.72411489646%;'><li  class='avia-slideshow-slide av-kd4hz9nx-fb331aa0faaa9c578e2f07ccc45f5aa0__0  av-single-slide slide-1 slide-odd'><div data-rel='slideshow-1' class='avia-slide-wrap '   ><img decoding=\"async\" fetchpriority=\"high\" class=\"wp-image-3555 avia-img-lazy-loading-not-3555\"  src=\"https:\/\/maailmanmuutos.org\/wp-content\/uploads\/2023\/08\/etela-afrikka-johannesburg.jpg\" width=\"1497\" height=\"430\" title='kuvituskuvat' alt=''  itemprop=\"thumbnailUrl\" srcset=\"https:\/\/maailmanmuutos.org\/wp-content\/uploads\/2023\/08\/etela-afrikka-johannesburg.jpg 1500w, https:\/\/maailmanmuutos.org\/wp-content\/uploads\/2023\/08\/etela-afrikka-johannesburg-800x230.jpg 800w, https:\/\/maailmanmuutos.org\/wp-content\/uploads\/2023\/08\/etela-afrikka-johannesburg-120x34.jpg 120w, https:\/\/maailmanmuutos.org\/wp-content\/uploads\/2023\/08\/etela-afrikka-johannesburg-768x221.jpg 768w, https:\/\/maailmanmuutos.org\/wp-content\/uploads\/2023\/08\/etela-afrikka-johannesburg-705x203.jpg 705w\" sizes=\"(max-width: 1497px) 100vw, 1497px\" \/><\/div><\/li><\/ul><\/div><\/div><div id='after_full_slider_1'  class='main_color av_default_container_wrap container_wrap sidebar_right'  ><div class='container av-section-cont-open' ><div class='template-page content  av-content-small alpha units'><div class='post-entry post-entry-type-page post-entry-1340'><div class='entry-content-wrapper clearfix'>\n\n<style type=\"text\/css\" data-created_by=\"avia_inline_auto\" id=\"style-css-av-5spn6-3d3e8ead61d02f87ad7c9f2fc625dc24\">\n.flex_column.av-5spn6-3d3e8ead61d02f87ad7c9f2fc625dc24{\nborder-radius:0px 0px 0px 0px;\npadding:0px 0px 0px 0px;\n}\n<\/style>\n<div  class='flex_column av-5spn6-3d3e8ead61d02f87ad7c9f2fc625dc24 av_one_full  avia-builder-el-1  el_after_av_slideshow_full  el_before_av_textblock  avia-builder-el-first  first flex_column_div av-zero-column-padding  '     ><p>\n<style type=\"text\/css\" data-created_by=\"avia_inline_auto\" id=\"style-css-av-av_heading-22042fed5ed084cd3bc265b8e23d6935\">\n#top .av-special-heading.av-av_heading-22042fed5ed084cd3bc265b8e23d6935{\npadding-bottom:10px;\n}\nbody .av-special-heading.av-av_heading-22042fed5ed084cd3bc265b8e23d6935 .av-special-heading-tag .heading-char{\nfont-size:25px;\n}\n.av-special-heading.av-av_heading-22042fed5ed084cd3bc265b8e23d6935 .av-subheading{\nfont-size:15px;\n}\n<\/style>\n<div  class='av-special-heading av-av_heading-22042fed5ed084cd3bc265b8e23d6935 av-special-heading-h1  avia-builder-el-2  el_before_av_hr  avia-builder-el-first '><h1 class='av-special-heading-tag'  itemprop=\"headline\"  >Etel\u00e4isen Afrikan tilanteen vakiintuminen <\/h1><div class=\"special-heading-border\"><div class=\"special-heading-inner-border\"><\/div><\/div><\/div><br \/>\n\n<style type=\"text\/css\" data-created_by=\"avia_inline_auto\" id=\"style-css-av-llcfnh42-851e3249a20560b957a0de6da73aeb64\">\n#top .hr.hr-invisible.av-llcfnh42-851e3249a20560b957a0de6da73aeb64{\nheight:50px;\n}\n<\/style>\n<div  class='hr av-llcfnh42-851e3249a20560b957a0de6da73aeb64 hr-invisible  avia-builder-el-3  el_after_av_heading  el_before_av_textblock '><span class='hr-inner '><span class=\"hr-inner-style\"><\/span><\/span><\/div><br \/>\n<section  class='av_textblock_section av-lezr0od0-94e7bd8ef786eea3c9a8d27065495667 '   itemscope=\"itemscope\" itemtype=\"https:\/\/schema.org\/CreativeWork\" ><div class='avia_textblock'  itemprop=\"text\" ><p><em><strong>Vallanvaihto onnistui<\/strong><\/em><\/p>\n<p>Etel\u00e4-Afrikassa sis\u00e4politiikka oli rotuerottelun p\u00e4\u00e4ttymisen j\u00e4lkeen 1990-luvulla varsin varovaista ja vanhojen riitojen uudelleenpuhkeamista v\u00e4lttelev\u00e4\u00e4. Vallanjako valkoisten ja mustien kesken sujui lopulta hyvin, joskin siihen liittyi jonkin verran yhteiskunnallista tehottomuutta virkapaikkoja uudelleenj\u00e4rjestelt\u00e4ess\u00e4. Mik\u00e4\u00e4n osapuoli ei kuitenkaan halunnut synnytt\u00e4\u00e4 siin\u00e4 yhteydess\u00e4 repivi\u00e4 riitoja. My\u00f6s Nelson Mandelan henkinen esikuva on vaikuttanut rauhoittavasti tilanteeseen viel\u00e4 sen j\u00e4lkeenkin, kun h\u00e4n erosi valtion johdosta vuonna 1999. Mandelan seuraajat eiv\u00e4t ole olleet yht\u00e4<br \/>\narvostettuja mutta ovat silti selviytyneet tyydytt\u00e4v\u00e4sti teht\u00e4vist\u00e4\u00e4n.<\/p>\n<p><em><strong>Vahva talous<\/strong><\/em><\/p>\n<p>Talouden kehitys Etel\u00e4-Afrikassa on ollut suotuisaa, sill\u00e4 vallanvaihdosta huolimatta my\u00f6s valkoinen v\u00e4est\u00f6nosa halusi jatkaa tuotantoa ja liiketoimia entiseen tapaan. Talous koki voimakkaan nousukauden, joten Etel\u00e4-Afrikka on pysynyt bruttokansantuotteella mitattuna maanosan huippumaana ja l\u00e4hes 50 miljoonan asukkaan v\u00e4est\u00f6ns\u00e4 vuoksi poliittisesti merkitt\u00e4v\u00e4n\u00e4.<\/p>\n<p><em><strong>Varovainen ulkopolitiikka<\/strong><\/em><\/p>\n<p>Etel\u00e4-Afrikan ulkopolitiikka on t\u00e4hd\u00e4nnyt ennen kaikkea naapurimaita repineiden sis\u00e4llissotien lopettamiseen ja rauhanomaisten naapurisuhteiden aikaansaamiseen. T\u00e4ll\u00e4 on ollut vaikutusta etenkin Angolaan ja Mosambikiin, jotka olivat kylm\u00e4n sodan aikana k\u00e4rsineet pahoin ulkomaiden tukemien ryhmittymien v\u00e4lisist\u00e4 sis\u00e4llissodista ja niihin liittyneist\u00e4 Etel\u00e4-Afrikan valkoisen hallituksen tekemist\u00e4 interventioista.<\/p>\n<p><em><strong>Asevoimille rauhanturvateht\u00e4v\u00e4<\/strong><\/em><\/p>\n<p>Etel\u00e4-Afrikan vahvoja asevoimia alettiin 1990-luvulla sopeuttaa rotusorron, sissisotien ja interventioiden p\u00e4\u00e4ttymisen my\u00f6t\u00e4 rauhalliseen kehitykseen. Vallanjako mustien ja valkoisten sotilaiden kesken onnistui hyvin, ja asevoimat tyytyiv\u00e4t poliittisen johdon m\u00e4\u00e4r\u00e4ysvaltaan. Armeijan p\u00e4\u00e4teht\u00e4v\u00e4ksi alettiin n\u00e4hd\u00e4 valmistautuminen rauhanturvaamiseen, joskin pitkien et\u00e4isyyksien vuoksi sit\u00e4 ei ole voitu k\u00e4ytt\u00e4\u00e4 kovin tehokkaasti Keski- ja L\u00e4nsi-Afrikassa jatkuneiden v\u00e4kivaltaisten kriisien hallintaan.<\/p>\n<p><em><strong>Ep\u00e4vakautta ja edistyst\u00e4<\/strong><\/em><\/p>\n<p>Rikkaiden ja k\u00f6yhien v\u00e4list\u00e4 eriarvoisuutta ei Etel\u00e4-Afrikassa ole kyetty poistamaan, vaan yhteiskunnallisen j\u00e4nnityksen ja ep\u00e4vakauden jatkuminen n\u00e4kyy muun muassa laajana rikollisuutena. Toisaalta ongelmaksi ovat kehittyneet Etel\u00e4-Afrikkaan naapurimaista tulvivat pakolaiset ja maahanmuuttajat, jotka p\u00e4\u00e4tyv\u00e4t yleens\u00e4 asumaan slummeihin. Yhteiskunnan vakautta ja hallinnon hyv\u00e4\u00e4 organisointikyky\u00e4 todistivat puolestaan vuonna 2010 kunnialla l\u00e4piviedyt jalkapallon maailmanmestaruuskisat. Niiden aikana ei tapahtunut pahoja j\u00e4rjestysh\u00e4iri\u00f6it\u00e4 eik\u00e4 rikollisuus kasvanut.<\/p>\n<p><em><strong>Zimbabwe sekasorrossa<\/strong><\/em><\/p>\n<p>Etel\u00e4isen Afrikan maista pahimmat kehityksen takaiskut koettiin Zimbabwessa, miss\u00e4 valkoisen hallituksen rotuerottelupolitiikan p\u00e4\u00e4ttymisen j\u00e4lkeen valtaan noussut diktatorinen johtaja Robert Mugabe apulaisineen saattoi maan talouden sekasortoon. Naapurimaat, Etel\u00e4-Afrikka mukaan luettuna, ovat olleet haluttomia puuttumaan Zimbabwen sis\u00e4politiikkaan, joka vasta pitk\u00e4n ajan kuluessa on hieman vakiintunut ja suoranainen n\u00e4l\u00e4nh\u00e4t\u00e4 on saatu p\u00e4\u00e4ttym\u00e4\u00e4n.<\/p>\n<p>Portugalin entiset siirtomaat Angola ja Mosambik ovat raskaiden vapautus ja sis\u00e4llissotien j\u00e4ljilt\u00e4 v\u00e4hitellen toipuneet, mutta niiden v\u00e4est\u00f6n elintaso on edelleen matalalla. Angolan \u00f6ljyrikkaudet ovat kyll\u00e4kin houkutelleet ulkomaisia sijoittajia.<\/p>\n<\/div><\/section><\/p><\/div><section  class='av_textblock_section av-av_textblock-445188a952fb265869ea404d0e52fad7 '   itemscope=\"itemscope\" itemtype=\"https:\/\/schema.org\/CreativeWork\" ><div class='avia_textblock'  itemprop=\"text\" ><p>Klikkaa t\u00e4st\u00e4 lis\u00e4t\u00e4ksesi oman tekstisi<\/p>\n<\/div><\/section><\/p>\n","protected":false},"excerpt":{"rendered":"","protected":false},"author":1,"featured_media":0,"parent":1259,"menu_order":2,"comment_status":"closed","ping_status":"closed","template":"","meta":{"footnotes":""},"class_list":["post-1340","page","type-page","status-publish","hentry"],"_links":{"self":[{"href":"https:\/\/maailmanmuutos.org\/index.php\/wp-json\/wp\/v2\/pages\/1340","targetHints":{"allow":["GET"]}}],"collection":[{"href":"https:\/\/maailmanmuutos.org\/index.php\/wp-json\/wp\/v2\/pages"}],"about":[{"href":"https:\/\/maailmanmuutos.org\/index.php\/wp-json\/wp\/v2\/types\/page"}],"author":[{"embeddable":true,"href":"https:\/\/maailmanmuutos.org\/index.php\/wp-json\/wp\/v2\/users\/1"}],"replies":[{"embeddable":true,"href":"https:\/\/maailmanmuutos.org\/index.php\/wp-json\/wp\/v2\/comments?post=1340"}],"version-history":[{"count":6,"href":"https:\/\/maailmanmuutos.org\/index.php\/wp-json\/wp\/v2\/pages\/1340\/revisions"}],"predecessor-version":[{"id":3553,"href":"https:\/\/maailmanmuutos.org\/index.php\/wp-json\/wp\/v2\/pages\/1340\/revisions\/3553"}],"up":[{"embeddable":true,"href":"https:\/\/maailmanmuutos.org\/index.php\/wp-json\/wp\/v2\/pages\/1259"}],"wp:attachment":[{"href":"https:\/\/maailmanmuutos.org\/index.php\/wp-json\/wp\/v2\/media?parent=1340"}],"curies":[{"name":"wp","href":"https:\/\/api.w.org\/{rel}","templated":true}]}}

Eteläisen Afrikan tilanteen vakiintuminen

<div id='full_slider_1'  class='avia-fullwidth-slider main_color avia-shadow   avia-builder-el-0  el_before_av_one_full  avia-builder-el-first   container_wrap sidebar_right'  >
<style type="text/css" data-created_by="avia_inline_auto" id="style-css-av-kd4hz9nx-fb331aa0faaa9c578e2f07ccc45f5aa0">
#top #wrap_all .avia-slideshow .av-slideshow-caption.av-kd4hz9nx-fb331aa0faaa9c578e2f07ccc45f5aa0__0 .avia-caption-title{
font-size:22px;
}
#top .avia-slideshow .av-slideshow-caption.av-kd4hz9nx-fb331aa0faaa9c578e2f07ccc45f5aa0__0 .avia-caption-content{
font-size:14px;
}
#top .avia-slideshow .av-slideshow-caption.av-kd4hz9nx-fb331aa0faaa9c578e2f07ccc45f5aa0__0 .avia-caption-content p{
font-size:14px;
}

@media only screen and (min-width: 768px) and (max-width: 989px){ 
#top #wrap_all .avia-slideshow .av-slideshow-caption.av-kd4hz9nx-fb331aa0faaa9c578e2f07ccc45f5aa0__0 .avia-caption-title{
font-size:16px;
}
#top .avia-slideshow .av-slideshow-caption.av-kd4hz9nx-fb331aa0faaa9c578e2f07ccc45f5aa0__0 .avia-caption-content{
font-size:16px;
}
#top .avia-slideshow .av-slideshow-caption.av-kd4hz9nx-fb331aa0faaa9c578e2f07ccc45f5aa0__0 .avia-caption-content p{
font-size:16px;
}
}

@media only screen and (min-width: 480px) and (max-width: 767px){ 
#top #wrap_all .avia-slideshow .av-slideshow-caption.av-kd4hz9nx-fb331aa0faaa9c578e2f07ccc45f5aa0__0 .avia-caption-title{
font-size:14px;
}
#top .avia-slideshow .av-slideshow-caption.av-kd4hz9nx-fb331aa0faaa9c578e2f07ccc45f5aa0__0 .avia-caption-content{
font-size:14px;
}
#top .avia-slideshow .av-slideshow-caption.av-kd4hz9nx-fb331aa0faaa9c578e2f07ccc45f5aa0__0 .avia-caption-content p{
font-size:14px;
}
}

@media only screen and (max-width: 479px){ 
#top #wrap_all .avia-slideshow .av-slideshow-caption.av-kd4hz9nx-fb331aa0faaa9c578e2f07ccc45f5aa0__0 .avia-caption-title{
display:none;
}
#top .avia-slideshow .av-slideshow-caption.av-kd4hz9nx-fb331aa0faaa9c578e2f07ccc45f5aa0__0 .avia-caption-content{
display:none;
}
#top .avia-slideshow .av-slideshow-caption.av-kd4hz9nx-fb331aa0faaa9c578e2f07ccc45f5aa0__0 .avia-caption-content p{
display:none;
}
}
</style>
<div  class='avia-slideshow av-kd4hz9nx-fb331aa0faaa9c578e2f07ccc45f5aa0 avia-slideshow-featured av_slideshow_full avia-slide-slider av-slideshow-ui av-control-default av-slideshow-manual av-loop-once av-loop-manual-endless av-default-height-applied   avia-slideshow-1' data-slideshow-options="{&quot;animation&quot;:&quot;slide&quot;,&quot;autoplay&quot;:false,&quot;loop_autoplay&quot;:&quot;once&quot;,&quot;interval&quot;:5,&quot;loop_manual&quot;:&quot;manual-endless&quot;,&quot;autoplay_stopper&quot;:false,&quot;noNavigation&quot;:false,&quot;bg_slider&quot;:false,&quot;keep_padding&quot;:false,&quot;hoverpause&quot;:false,&quot;show_slide_delay&quot;:0}"  itemprop="image" itemscope="itemscope" itemtype="https://schema.org/ImageObject" ><ul class='avia-slideshow-inner ' style='padding-bottom: 28.72411489646%;'><li  class='avia-slideshow-slide av-kd4hz9nx-fb331aa0faaa9c578e2f07ccc45f5aa0__0  av-single-slide slide-1 slide-odd'><div data-rel='slideshow-1' class='avia-slide-wrap '   ><img decoding="async" fetchpriority="high" class="wp-image-3555 avia-img-lazy-loading-not-3555"  src="https://maailmanmuutos.org/wp-content/uploads/2023/08/etela-afrikka-johannesburg.jpg" width="1497" height="430" title='kuvituskuvat' alt=''  itemprop="thumbnailUrl" srcset="https://maailmanmuutos.org/wp-content/uploads/2023/08/etela-afrikka-johannesburg.jpg 1500w, https://maailmanmuutos.org/wp-content/uploads/2023/08/etela-afrikka-johannesburg-800x230.jpg 800w, https://maailmanmuutos.org/wp-content/uploads/2023/08/etela-afrikka-johannesburg-120x34.jpg 120w, https://maailmanmuutos.org/wp-content/uploads/2023/08/etela-afrikka-johannesburg-768x221.jpg 768w, https://maailmanmuutos.org/wp-content/uploads/2023/08/etela-afrikka-johannesburg-705x203.jpg 705w" sizes="(max-width: 1497px) 100vw, 1497px" /></div></li></ul></div></div><div id='after_full_slider_1'  class='main_color av_default_container_wrap container_wrap sidebar_right'  ><div class='container av-section-cont-open' ><div class='template-page content  av-content-small alpha units'><div class='post-entry post-entry-type-page post-entry-1340'><div class='entry-content-wrapper clearfix'>

<style type="text/css" data-created_by="avia_inline_auto" id="style-css-av-5spn6-3d3e8ead61d02f87ad7c9f2fc625dc24">
.flex_column.av-5spn6-3d3e8ead61d02f87ad7c9f2fc625dc24{
border-radius:0px 0px 0px 0px;
padding:0px 0px 0px 0px;
}
</style>
<div  class='flex_column av-5spn6-3d3e8ead61d02f87ad7c9f2fc625dc24 av_one_full  avia-builder-el-1  el_after_av_slideshow_full  el_before_av_textblock  avia-builder-el-first  first flex_column_div av-zero-column-padding  '     ><p>
<style type="text/css" data-created_by="avia_inline_auto" id="style-css-av-av_heading-22042fed5ed084cd3bc265b8e23d6935">
#top .av-special-heading.av-av_heading-22042fed5ed084cd3bc265b8e23d6935{
padding-bottom:10px;
}
body .av-special-heading.av-av_heading-22042fed5ed084cd3bc265b8e23d6935 .av-special-heading-tag .heading-char{
font-size:25px;
}
.av-special-heading.av-av_heading-22042fed5ed084cd3bc265b8e23d6935 .av-subheading{
font-size:15px;
}
</style>
<div  class='av-special-heading av-av_heading-22042fed5ed084cd3bc265b8e23d6935 av-special-heading-h1  avia-builder-el-2  el_before_av_hr  avia-builder-el-first '><h1 class='av-special-heading-tag'  itemprop="headline"  >Eteläisen Afrikan tilanteen vakiintuminen </h1><div class="special-heading-border"><div class="special-heading-inner-border"></div></div></div><br />

<style type="text/css" data-created_by="avia_inline_auto" id="style-css-av-llcfnh42-851e3249a20560b957a0de6da73aeb64">
#top .hr.hr-invisible.av-llcfnh42-851e3249a20560b957a0de6da73aeb64{
height:50px;
}
</style>
<div  class='hr av-llcfnh42-851e3249a20560b957a0de6da73aeb64 hr-invisible  avia-builder-el-3  el_after_av_heading  el_before_av_textblock '><span class='hr-inner '><span class="hr-inner-style"></span></span></div><br />
<section  class='av_textblock_section av-lezr0od0-94e7bd8ef786eea3c9a8d27065495667 '   itemscope="itemscope" itemtype="https://schema.org/CreativeWork" ><div class='avia_textblock'  itemprop="text" ><p><em><strong>Vallanvaihto onnistui</strong></em></p>
<p>Etelä-Afrikassa sisäpolitiikka oli rotuerottelun päättymisen jälkeen 1990-luvulla varsin varovaista ja vanhojen riitojen uudelleenpuhkeamista välttelevää. Vallanjako valkoisten ja mustien kesken sujui lopulta hyvin, joskin siihen liittyi jonkin verran yhteiskunnallista tehottomuutta virkapaikkoja uudelleenjärjesteltäessä. Mikään osapuoli ei kuitenkaan halunnut synnyttää siinä yhteydessä repiviä riitoja. Myös Nelson Mandelan henkinen esikuva on vaikuttanut rauhoittavasti tilanteeseen vielä sen jälkeenkin, kun hän erosi valtion johdosta vuonna 1999. Mandelan seuraajat eivät ole olleet yhtä<br />
arvostettuja mutta ovat silti selviytyneet tyydyttävästi tehtävistään.</p>
<p><em><strong>Vahva talous</strong></em></p>
<p>Talouden kehitys Etelä-Afrikassa on ollut suotuisaa, sillä vallanvaihdosta huolimatta myös valkoinen väestönosa halusi jatkaa tuotantoa ja liiketoimia entiseen tapaan. Talous koki voimakkaan nousukauden, joten Etelä-Afrikka on pysynyt bruttokansantuotteella mitattuna maanosan huippumaana ja lähes 50 miljoonan asukkaan väestönsä vuoksi poliittisesti merkittävänä.</p>
<p><em><strong>Varovainen ulkopolitiikka</strong></em></p>
<p>Etelä-Afrikan ulkopolitiikka on tähdännyt ennen kaikkea naapurimaita repineiden sisällissotien lopettamiseen ja rauhanomaisten naapurisuhteiden aikaansaamiseen. Tällä on ollut vaikutusta etenkin Angolaan ja Mosambikiin, jotka olivat kylmän sodan aikana kärsineet pahoin ulkomaiden tukemien ryhmittymien välisistä sisällissodista ja niihin liittyneistä Etelä-Afrikan valkoisen hallituksen tekemistä interventioista.</p>
<p><em><strong>Asevoimille rauhanturvatehtävä</strong></em></p>
<p>Etelä-Afrikan vahvoja asevoimia alettiin 1990-luvulla sopeuttaa rotusorron, sissisotien ja interventioiden päättymisen myötä rauhalliseen kehitykseen. Vallanjako mustien ja valkoisten sotilaiden kesken onnistui hyvin, ja asevoimat tyytyivät poliittisen johdon määräysvaltaan. Armeijan päätehtäväksi alettiin nähdä valmistautuminen rauhanturvaamiseen, joskin pitkien etäisyyksien vuoksi sitä ei ole voitu käyttää kovin tehokkaasti Keski- ja Länsi-Afrikassa jatkuneiden väkivaltaisten kriisien hallintaan.</p>
<p><em><strong>Epävakautta ja edistystä</strong></em></p>
<p>Rikkaiden ja köyhien välistä eriarvoisuutta ei Etelä-Afrikassa ole kyetty poistamaan, vaan yhteiskunnallisen jännityksen ja epävakauden jatkuminen näkyy muun muassa laajana rikollisuutena. Toisaalta ongelmaksi ovat kehittyneet Etelä-Afrikkaan naapurimaista tulvivat pakolaiset ja maahanmuuttajat, jotka päätyvät yleensä asumaan slummeihin. Yhteiskunnan vakautta ja hallinnon hyvää organisointikykyä todistivat puolestaan vuonna 2010 kunnialla läpiviedyt jalkapallon maailmanmestaruuskisat. Niiden aikana ei tapahtunut pahoja järjestyshäiriöitä eikä rikollisuus kasvanut.</p>
<p><em><strong>Zimbabwe sekasorrossa</strong></em></p>
<p>Eteläisen Afrikan maista pahimmat kehityksen takaiskut koettiin Zimbabwessa, missä valkoisen hallituksen rotuerottelupolitiikan päättymisen jälkeen valtaan noussut diktatorinen johtaja Robert Mugabe apulaisineen saattoi maan talouden sekasortoon. Naapurimaat, Etelä-Afrikka mukaan luettuna, ovat olleet haluttomia puuttumaan Zimbabwen sisäpolitiikkaan, joka vasta pitkän ajan kuluessa on hieman vakiintunut ja suoranainen nälänhätä on saatu päättymään.</p>
<p>Portugalin entiset siirtomaat Angola ja Mosambik ovat raskaiden vapautus ja sisällissotien jäljiltä vähitellen toipuneet, mutta niiden väestön elintaso on edelleen matalalla. Angolan öljyrikkaudet ovat kylläkin houkutelleet ulkomaisia sijoittajia.</p>
</div></section></p></div><section  class='av_textblock_section av-av_textblock-445188a952fb265869ea404d0e52fad7 '   itemscope="itemscope" itemtype="https://schema.org/CreativeWork" ><div class='avia_textblock'  itemprop="text" ><p>Klikkaa tästä lisätäksesi oman tekstisi</p>
</div></section></p>
