{"id":1386,"date":"2023-03-08T19:20:45","date_gmt":"2023-03-08T19:20:45","guid":{"rendered":"http:\/\/us.ylirotu.fi\/?page_id=1386"},"modified":"2023-08-15T15:59:12","modified_gmt":"2023-08-15T15:59:12","slug":"brasilia-nousevana-talousmahtina","status":"publish","type":"page","link":"https:\/\/maailmanmuutos.org\/index.php\/kylmasta-sodasta-2000-luvulle\/maailman-valtasuhteiden-muutos\/latinalainen-amerikka\/brasilia-nousevana-talousmahtina\/","title":{"rendered":"Brasilia nousevana talousmahtina\u00a0"},"content":{"rendered":"<div id='full_slider_1'  class='avia-fullwidth-slider main_color avia-shadow   avia-builder-el-0  el_before_av_one_full  avia-builder-el-first   container_wrap sidebar_right'  >\n<style type=\"text\/css\" data-created_by=\"avia_inline_auto\" id=\"style-css-av-kd4hz9nx-fb331aa0faaa9c578e2f07ccc45f5aa0\">\n#top #wrap_all .avia-slideshow .av-slideshow-caption.av-kd4hz9nx-fb331aa0faaa9c578e2f07ccc45f5aa0__0 .avia-caption-title{\nfont-size:22px;\n}\n#top .avia-slideshow .av-slideshow-caption.av-kd4hz9nx-fb331aa0faaa9c578e2f07ccc45f5aa0__0 .avia-caption-content{\nfont-size:14px;\n}\n#top .avia-slideshow .av-slideshow-caption.av-kd4hz9nx-fb331aa0faaa9c578e2f07ccc45f5aa0__0 .avia-caption-content p{\nfont-size:14px;\n}\n\n@media only screen and (min-width: 768px) and (max-width: 989px){ \n#top #wrap_all .avia-slideshow .av-slideshow-caption.av-kd4hz9nx-fb331aa0faaa9c578e2f07ccc45f5aa0__0 .avia-caption-title{\nfont-size:16px;\n}\n#top .avia-slideshow .av-slideshow-caption.av-kd4hz9nx-fb331aa0faaa9c578e2f07ccc45f5aa0__0 .avia-caption-content{\nfont-size:16px;\n}\n#top .avia-slideshow .av-slideshow-caption.av-kd4hz9nx-fb331aa0faaa9c578e2f07ccc45f5aa0__0 .avia-caption-content p{\nfont-size:16px;\n}\n}\n\n@media only screen and (min-width: 480px) and (max-width: 767px){ \n#top #wrap_all .avia-slideshow .av-slideshow-caption.av-kd4hz9nx-fb331aa0faaa9c578e2f07ccc45f5aa0__0 .avia-caption-title{\nfont-size:14px;\n}\n#top .avia-slideshow .av-slideshow-caption.av-kd4hz9nx-fb331aa0faaa9c578e2f07ccc45f5aa0__0 .avia-caption-content{\nfont-size:14px;\n}\n#top .avia-slideshow .av-slideshow-caption.av-kd4hz9nx-fb331aa0faaa9c578e2f07ccc45f5aa0__0 .avia-caption-content p{\nfont-size:14px;\n}\n}\n\n@media only screen and (max-width: 479px){ \n#top #wrap_all .avia-slideshow .av-slideshow-caption.av-kd4hz9nx-fb331aa0faaa9c578e2f07ccc45f5aa0__0 .avia-caption-title{\ndisplay:none;\n}\n#top .avia-slideshow .av-slideshow-caption.av-kd4hz9nx-fb331aa0faaa9c578e2f07ccc45f5aa0__0 .avia-caption-content{\ndisplay:none;\n}\n#top .avia-slideshow .av-slideshow-caption.av-kd4hz9nx-fb331aa0faaa9c578e2f07ccc45f5aa0__0 .avia-caption-content p{\ndisplay:none;\n}\n}\n<\/style>\n<div  class='avia-slideshow av-kd4hz9nx-fb331aa0faaa9c578e2f07ccc45f5aa0 avia-slideshow-featured av_slideshow_full avia-slide-slider av-slideshow-ui av-control-default av-slideshow-manual av-loop-once av-loop-manual-endless av-default-height-applied   avia-slideshow-1' data-slideshow-options=\"{&quot;animation&quot;:&quot;slide&quot;,&quot;autoplay&quot;:false,&quot;loop_autoplay&quot;:&quot;once&quot;,&quot;interval&quot;:5,&quot;loop_manual&quot;:&quot;manual-endless&quot;,&quot;autoplay_stopper&quot;:false,&quot;noNavigation&quot;:false,&quot;bg_slider&quot;:false,&quot;keep_padding&quot;:false,&quot;hoverpause&quot;:false,&quot;show_slide_delay&quot;:0}\"  itemprop=\"image\" itemscope=\"itemscope\" itemtype=\"https:\/\/schema.org\/ImageObject\" ><ul class='avia-slideshow-inner ' style='padding-bottom: 28.72411489646%;'><li  class='avia-slideshow-slide av-kd4hz9nx-fb331aa0faaa9c578e2f07ccc45f5aa0__0  av-single-slide slide-1 slide-odd'><div data-rel='slideshow-1' class='avia-slide-wrap '   ><img decoding=\"async\" fetchpriority=\"high\" class=\"wp-image-3591 avia-img-lazy-loading-not-3591\"  src=\"https:\/\/maailmanmuutos.org\/wp-content\/uploads\/2023\/08\/brasilia-kongressi.jpg\" width=\"1497\" height=\"430\" title='kuvituskuvat' alt=''  itemprop=\"thumbnailUrl\" srcset=\"https:\/\/maailmanmuutos.org\/wp-content\/uploads\/2023\/08\/brasilia-kongressi.jpg 1500w, https:\/\/maailmanmuutos.org\/wp-content\/uploads\/2023\/08\/brasilia-kongressi-800x230.jpg 800w, https:\/\/maailmanmuutos.org\/wp-content\/uploads\/2023\/08\/brasilia-kongressi-120x34.jpg 120w, https:\/\/maailmanmuutos.org\/wp-content\/uploads\/2023\/08\/brasilia-kongressi-768x221.jpg 768w, https:\/\/maailmanmuutos.org\/wp-content\/uploads\/2023\/08\/brasilia-kongressi-705x203.jpg 705w\" sizes=\"(max-width: 1497px) 100vw, 1497px\" \/><\/div><\/li><\/ul><\/div><\/div><div id='after_full_slider_1'  class='main_color av_default_container_wrap container_wrap sidebar_right'  ><div class='container av-section-cont-open' ><div class='template-page content  av-content-small alpha units'><div class='post-entry post-entry-type-page post-entry-1386'><div class='entry-content-wrapper clearfix'>\n\n<style type=\"text\/css\" data-created_by=\"avia_inline_auto\" id=\"style-css-av-5spn6-3d3e8ead61d02f87ad7c9f2fc625dc24\">\n.flex_column.av-5spn6-3d3e8ead61d02f87ad7c9f2fc625dc24{\nborder-radius:0px 0px 0px 0px;\npadding:0px 0px 0px 0px;\n}\n<\/style>\n<div  class='flex_column av-5spn6-3d3e8ead61d02f87ad7c9f2fc625dc24 av_one_full  avia-builder-el-1  el_after_av_slideshow_full  avia-builder-el-no-sibling  first flex_column_div av-zero-column-padding  '     ><p>\n<style type=\"text\/css\" data-created_by=\"avia_inline_auto\" id=\"style-css-av-39auoa-a61fc2da9b2933e1d83209a4045995d0\">\n#top .av-special-heading.av-39auoa-a61fc2da9b2933e1d83209a4045995d0{\npadding-bottom:10px;\n}\nbody .av-special-heading.av-39auoa-a61fc2da9b2933e1d83209a4045995d0 .av-special-heading-tag .heading-char{\nfont-size:25px;\n}\n.av-special-heading.av-39auoa-a61fc2da9b2933e1d83209a4045995d0 .av-subheading{\nfont-size:15px;\n}\n<\/style>\n<div  class='av-special-heading av-39auoa-a61fc2da9b2933e1d83209a4045995d0 av-special-heading-h1  avia-builder-el-2  el_before_av_hr  avia-builder-el-first '><h1 class='av-special-heading-tag'  itemprop=\"headline\"  >Brasilia nousevana talousmahtina <\/h1><div class=\"special-heading-border\"><div class=\"special-heading-inner-border\"><\/div><\/div><\/div><br \/>\n\n<style type=\"text\/css\" data-created_by=\"avia_inline_auto\" id=\"style-css-av-llchih8y-6c47a31148f8099e30b1f6ea5cf86081\">\n#top .hr.hr-invisible.av-llchih8y-6c47a31148f8099e30b1f6ea5cf86081{\nheight:50px;\n}\n<\/style>\n<div  class='hr av-llchih8y-6c47a31148f8099e30b1f6ea5cf86081 hr-invisible  avia-builder-el-3  el_after_av_heading  el_before_av_textblock '><span class='hr-inner '><span class=\"hr-inner-style\"><\/span><\/span><\/div><br \/>\n<section  class='av_textblock_section av-lezr0od0-94e7bd8ef786eea3c9a8d27065495667 '   itemscope=\"itemscope\" itemtype=\"https:\/\/schema.org\/CreativeWork\" ><div class='avia_textblock'  itemprop=\"text\" ><p><em><strong>Etel\u00e4-Amerikan suurvalta<\/strong><\/em><\/p>\n<p>Brasilia on Etel\u00e4-Amerikan suurin valtio sek\u00e4 190 miljoonalla asukkaallaan ett\u00e4 laajalla pinta-alallaan. Se on my\u00f6s maailmanmittakaavassa merkitt\u00e4v\u00e4.<\/p>\n<p>Sotilasdiktatuurin kauden ja sen j\u00e4lkeisen ep\u00e4vakaan jakson j\u00e4lkeen Brasilian talous onnistuttiin vakauttamaan 1990-luvun puoliv\u00e4liss\u00e4, mutta vuosikymmenen lopulla tuli muun muassa Aasian talouskriisist\u00e4 aiheutuneita takaiskuja. Yhteiskunnallinen uudistusty\u00f6 jatkui presidentti Lula da Silvan kaudella vuodesta 2002 alkaen, ja siihen liittyi j\u00e4lleen suotuisaksi k\u00e4\u00e4ntynyt talouskehitys.<\/p>\n<p><em><strong>Monipuolinen talouden rakenne<\/strong><\/em><\/p>\n<p>Brasilian talouden rakenne on monipuolinen sis\u00e4lt\u00e4en sek\u00e4 vahvaa teollisuutta ett\u00e4 maataloustuotantoa. Muun muassa lentokonetuotanto on maailman kolmanneksi laajinta.<\/p>\n<p>Ripe\u00e4 talouskasvu on nostanut sen maailmantilastoissa BKT:lla mitattuna kahdeksannelle sijalle, mill\u00e4 varmistuu paikka p\u00e4\u00e4t\u00f6ksenteon huippupaikoille.<\/p>\n<p><em><strong>Poliittinen vaikutusvalta lis\u00e4\u00e4ntyy<\/strong><\/em><\/p>\n<p>My\u00f6s poliittisesti Brasilia on lis\u00e4nnyt vaikutusvaltaansa.\u00a0 Suhteet ovat tiivistyneet erityisesti Euroopan unioniin, Kiinaan ja Intiaan, mink\u00e4 lis\u00e4ksi Brasilialla on jo ennest\u00e4\u00e4n hyv\u00e4t yhteydet moniin Afrikan maihin ja Yhdysvaltoihin. Brasilia n\u00e4hd\u00e4\u00e4n nykyisin maailman foorumeilla selv\u00e4sti latinalaisen Amerikan johtavana maana.<\/p>\n<p>Yhteiskunnallinen eriarvoisuus on hitaasti tasoittumassa, mutta kehityksen hitauteen ollaan k\u00f6yh\u00e4n kansanosan keskuudessa edelleen tyytym\u00e4tt\u00f6mi\u00e4. Maaseudulla korruptio on yleist\u00e4, ja kaupunkien slummeissa valta on usein rikollisj\u00e4rjest\u00f6ill\u00e4. Hallitus on viime aikoina koventanut otteita rikollisliigojen vastaisissa kampanjoissa, n\u00e4ytt\u00e4vimmin Rio de Janeirossa.<\/p>\n<\/div><\/section><\/p><\/div>\n","protected":false},"excerpt":{"rendered":"","protected":false},"author":1,"featured_media":0,"parent":1260,"menu_order":2,"comment_status":"closed","ping_status":"closed","template":"","meta":{"footnotes":""},"class_list":["post-1386","page","type-page","status-publish","hentry"],"_links":{"self":[{"href":"https:\/\/maailmanmuutos.org\/index.php\/wp-json\/wp\/v2\/pages\/1386","targetHints":{"allow":["GET"]}}],"collection":[{"href":"https:\/\/maailmanmuutos.org\/index.php\/wp-json\/wp\/v2\/pages"}],"about":[{"href":"https:\/\/maailmanmuutos.org\/index.php\/wp-json\/wp\/v2\/types\/page"}],"author":[{"embeddable":true,"href":"https:\/\/maailmanmuutos.org\/index.php\/wp-json\/wp\/v2\/users\/1"}],"replies":[{"embeddable":true,"href":"https:\/\/maailmanmuutos.org\/index.php\/wp-json\/wp\/v2\/comments?post=1386"}],"version-history":[{"count":7,"href":"https:\/\/maailmanmuutos.org\/index.php\/wp-json\/wp\/v2\/pages\/1386\/revisions"}],"predecessor-version":[{"id":3590,"href":"https:\/\/maailmanmuutos.org\/index.php\/wp-json\/wp\/v2\/pages\/1386\/revisions\/3590"}],"up":[{"embeddable":true,"href":"https:\/\/maailmanmuutos.org\/index.php\/wp-json\/wp\/v2\/pages\/1260"}],"wp:attachment":[{"href":"https:\/\/maailmanmuutos.org\/index.php\/wp-json\/wp\/v2\/media?parent=1386"}],"curies":[{"name":"wp","href":"https:\/\/api.w.org\/{rel}","templated":true}]}}