{"id":1387,"date":"2023-03-08T19:20:45","date_gmt":"2023-03-08T19:20:45","guid":{"rendered":"http:\/\/us.ylirotu.fi\/?page_id=1387"},"modified":"2023-08-15T16:45:12","modified_gmt":"2023-08-15T16:45:12","slug":"venezuela-ja-kuuba-vallankumousperinteen-vaalijoina","status":"publish","type":"page","link":"https:\/\/maailmanmuutos.org\/index.php\/kylmasta-sodasta-2000-luvulle\/maailman-valtasuhteiden-muutos\/latinalainen-amerikka\/venezuela-ja-kuuba-vallankumousperinteen-vaalijoina\/","title":{"rendered":"Venezuela\u00a0ja\u00a0Kuuba\u00a0vallankumousperinteen\u00a0vaalijoina\u00a0"},"content":{"rendered":"<div id='full_slider_1'  class='avia-fullwidth-slider main_color avia-shadow   avia-builder-el-0  el_before_av_one_full  avia-builder-el-first   container_wrap sidebar_right'  >\n<style type=\"text\/css\" data-created_by=\"avia_inline_auto\" id=\"style-css-av-kd4hz9nx-fb331aa0faaa9c578e2f07ccc45f5aa0\">\n#top #wrap_all .avia-slideshow .av-slideshow-caption.av-kd4hz9nx-fb331aa0faaa9c578e2f07ccc45f5aa0__0 .avia-caption-title{\nfont-size:22px;\n}\n#top .avia-slideshow .av-slideshow-caption.av-kd4hz9nx-fb331aa0faaa9c578e2f07ccc45f5aa0__0 .avia-caption-content{\nfont-size:14px;\n}\n#top .avia-slideshow .av-slideshow-caption.av-kd4hz9nx-fb331aa0faaa9c578e2f07ccc45f5aa0__0 .avia-caption-content p{\nfont-size:14px;\n}\n\n@media only screen and (min-width: 768px) and (max-width: 989px){ \n#top #wrap_all .avia-slideshow .av-slideshow-caption.av-kd4hz9nx-fb331aa0faaa9c578e2f07ccc45f5aa0__0 .avia-caption-title{\nfont-size:16px;\n}\n#top .avia-slideshow .av-slideshow-caption.av-kd4hz9nx-fb331aa0faaa9c578e2f07ccc45f5aa0__0 .avia-caption-content{\nfont-size:16px;\n}\n#top .avia-slideshow .av-slideshow-caption.av-kd4hz9nx-fb331aa0faaa9c578e2f07ccc45f5aa0__0 .avia-caption-content p{\nfont-size:16px;\n}\n}\n\n@media only screen and (min-width: 480px) and (max-width: 767px){ \n#top #wrap_all .avia-slideshow .av-slideshow-caption.av-kd4hz9nx-fb331aa0faaa9c578e2f07ccc45f5aa0__0 .avia-caption-title{\nfont-size:14px;\n}\n#top .avia-slideshow .av-slideshow-caption.av-kd4hz9nx-fb331aa0faaa9c578e2f07ccc45f5aa0__0 .avia-caption-content{\nfont-size:14px;\n}\n#top .avia-slideshow .av-slideshow-caption.av-kd4hz9nx-fb331aa0faaa9c578e2f07ccc45f5aa0__0 .avia-caption-content p{\nfont-size:14px;\n}\n}\n\n@media only screen and (max-width: 479px){ \n#top #wrap_all .avia-slideshow .av-slideshow-caption.av-kd4hz9nx-fb331aa0faaa9c578e2f07ccc45f5aa0__0 .avia-caption-title{\ndisplay:none;\n}\n#top .avia-slideshow .av-slideshow-caption.av-kd4hz9nx-fb331aa0faaa9c578e2f07ccc45f5aa0__0 .avia-caption-content{\ndisplay:none;\n}\n#top .avia-slideshow .av-slideshow-caption.av-kd4hz9nx-fb331aa0faaa9c578e2f07ccc45f5aa0__0 .avia-caption-content p{\ndisplay:none;\n}\n}\n<\/style>\n<div  class='avia-slideshow av-kd4hz9nx-fb331aa0faaa9c578e2f07ccc45f5aa0 avia-slideshow-featured av_slideshow_full avia-slide-slider av-slideshow-ui av-control-default av-slideshow-manual av-loop-once av-loop-manual-endless av-default-height-applied   avia-slideshow-1' data-slideshow-options=\"{&quot;animation&quot;:&quot;slide&quot;,&quot;autoplay&quot;:false,&quot;loop_autoplay&quot;:&quot;once&quot;,&quot;interval&quot;:5,&quot;loop_manual&quot;:&quot;manual-endless&quot;,&quot;autoplay_stopper&quot;:false,&quot;noNavigation&quot;:false,&quot;bg_slider&quot;:false,&quot;keep_padding&quot;:false,&quot;hoverpause&quot;:false,&quot;show_slide_delay&quot;:0}\"  itemprop=\"image\" itemscope=\"itemscope\" itemtype=\"https:\/\/schema.org\/ImageObject\" ><ul class='avia-slideshow-inner ' style='padding-bottom: 28.72411489646%;'><li  class='avia-slideshow-slide av-kd4hz9nx-fb331aa0faaa9c578e2f07ccc45f5aa0__0  av-single-slide slide-1 slide-odd'><div data-rel='slideshow-1' class='avia-slide-wrap '   ><img decoding=\"async\" fetchpriority=\"high\" class=\"wp-image-3598 avia-img-lazy-loading-not-3598\"  src=\"https:\/\/maailmanmuutos.org\/wp-content\/uploads\/2023\/08\/kuuba-havanna.jpg\" width=\"1497\" height=\"430\" title='kuvituskuvat' alt=''  itemprop=\"thumbnailUrl\" srcset=\"https:\/\/maailmanmuutos.org\/wp-content\/uploads\/2023\/08\/kuuba-havanna.jpg 1500w, https:\/\/maailmanmuutos.org\/wp-content\/uploads\/2023\/08\/kuuba-havanna-800x230.jpg 800w, https:\/\/maailmanmuutos.org\/wp-content\/uploads\/2023\/08\/kuuba-havanna-120x34.jpg 120w, https:\/\/maailmanmuutos.org\/wp-content\/uploads\/2023\/08\/kuuba-havanna-768x221.jpg 768w, https:\/\/maailmanmuutos.org\/wp-content\/uploads\/2023\/08\/kuuba-havanna-705x203.jpg 705w\" sizes=\"(max-width: 1497px) 100vw, 1497px\" \/><\/div><\/li><\/ul><\/div><\/div><div id='after_full_slider_1'  class='main_color av_default_container_wrap container_wrap sidebar_right'  ><div class='container av-section-cont-open' ><div class='template-page content  av-content-small alpha units'><div class='post-entry post-entry-type-page post-entry-1387'><div class='entry-content-wrapper clearfix'>\n\n<style type=\"text\/css\" data-created_by=\"avia_inline_auto\" id=\"style-css-av-5spn6-3d3e8ead61d02f87ad7c9f2fc625dc24\">\n.flex_column.av-5spn6-3d3e8ead61d02f87ad7c9f2fc625dc24{\nborder-radius:0px 0px 0px 0px;\npadding:0px 0px 0px 0px;\n}\n<\/style>\n<div  class='flex_column av-5spn6-3d3e8ead61d02f87ad7c9f2fc625dc24 av_one_full  avia-builder-el-1  el_after_av_slideshow_full  avia-builder-el-no-sibling  first flex_column_div av-zero-column-padding  '     ><p>\n<style type=\"text\/css\" data-created_by=\"avia_inline_auto\" id=\"style-css-av-31n04b-f3bce41529f59b0607b5ce5342475b07\">\n#top .av-special-heading.av-31n04b-f3bce41529f59b0607b5ce5342475b07{\npadding-bottom:10px;\n}\nbody .av-special-heading.av-31n04b-f3bce41529f59b0607b5ce5342475b07 .av-special-heading-tag .heading-char{\nfont-size:25px;\n}\n.av-special-heading.av-31n04b-f3bce41529f59b0607b5ce5342475b07 .av-subheading{\nfont-size:15px;\n}\n<\/style>\n<div  class='av-special-heading av-31n04b-f3bce41529f59b0607b5ce5342475b07 av-special-heading-h1  avia-builder-el-2  el_before_av_hr  avia-builder-el-first '><h1 class='av-special-heading-tag'  itemprop=\"headline\"  >Venezuela ja Kuuba vallankumousperinteen vaalijoina <\/h1><div class=\"special-heading-border\"><div class=\"special-heading-inner-border\"><\/div><\/div><\/div><br \/>\n\n<style type=\"text\/css\" data-created_by=\"avia_inline_auto\" id=\"style-css-av-lf02k0tc-51a1dfebccde4d07879056f96add9d8a\">\n#top .hr.hr-invisible.av-lf02k0tc-51a1dfebccde4d07879056f96add9d8a{\nheight:50px;\n}\n<\/style>\n<div  class='hr av-lf02k0tc-51a1dfebccde4d07879056f96add9d8a hr-invisible  avia-builder-el-3  el_after_av_heading  el_before_av_textblock '><span class='hr-inner '><span class=\"hr-inner-style\"><\/span><\/span><\/div><br \/>\n<section  class='av_textblock_section av-lezr0od0-94e7bd8ef786eea3c9a8d27065495667 '   itemscope=\"itemscope\" itemtype=\"https:\/\/schema.org\/CreativeWork\" ><div class='avia_textblock'  itemprop=\"text\" ><p><em><strong>Venezuelan demokratia<\/strong><\/em><\/p>\n<p>Luonnonvaroiltaan rikas Venezuela k\u00e4rsi diktatuureista ja sotilasvallankaappauksista viime vuosisadan lopulle saakka. Uuden vuosituhannen alkaessa demokratia alkoi vahvistua, ja siihen on tullut presidentti Hugo Ch\u00e1vezin kaudella my\u00f6s sosialismin piirteit\u00e4. Samalla suhteet Yhdysvaltoihin ovat kiristyneet ajoittain jopa vihollisuuden asteelle.<\/p>\n<p>Venezuela on merkitt\u00e4v\u00e4 \u00f6ljyntuottaja, vuositasolla noin 140 miljoonaa tonnia, mik\u00e4 vastaa nelj\u00e4\u00e4 prosenttia maailman tuotannosta. Suuri osa \u00f6ljyst\u00e4 menee vientiin, joten Venezuela kuuluu OPEC-j\u00e4rjest\u00f6\u00f6n ja sijoittuu maailmantilastossa vientimaista 6. sijalle.<\/p>\n<p><em><strong>Presidentti Ch\u00e1vez<\/strong><\/em><\/p>\n<p>Presidentti Ch\u00e1vezin politiikka on selke\u00e4n populistista ja yll\u00e4tt\u00e4vi\u00e4 k\u00e4\u00e4nteit\u00e4 tarjoavaa. Sis\u00e4poliittisesti h\u00e4n on s\u00e4ilytt\u00e4nyt suosionsa, vaikka 25-miljoonaisen v\u00e4est\u00f6n olot eiv\u00e4t ole paljon kohentuneet. Suhteet naapureihin ja erityisesti Yhdysvaltoihin ovat pysyneet kirein\u00e4. Runsaiden \u00f6ljytulojen ansiosta Venezuelalla on ollut mahdollisuuksia tukea vasemmistolaisia liikkeit\u00e4 l\u00e4hialueilla, etenkin Kolumbiassa, joskin suoranaisia aseellisia yhteenottoja on pyritty v\u00e4ltt\u00e4m\u00e4\u00e4n.<\/p>\n<p><em><strong>Kuuba<\/strong><\/em><\/p>\n<p>Kuuba on jatkanut Fidel Castron vallankumouksen mukaisella tiukan sosialistisella linjalla my\u00f6s Castron luovuttua vallasta. Suhteet Yhdysvaltoihin ovat pysyneet viilein\u00e4. Sen sijaan Venezuelan tuki Kuuban taloudelle on ollut t\u00e4rke\u00e4\u00e4, ja vastaavasti Kuuba on l\u00e4hett\u00e4nyt koulutettua v\u00e4est\u00f6\u00e4\u00e4n, muun muassa l\u00e4\u00e4k\u00e4reit\u00e4 ja sairaanhoitajia, ty\u00f6h\u00f6n Venezuelaan ja muualle ulkomaille.<\/p>\n<\/div><\/section><\/p><\/div>\n","protected":false},"excerpt":{"rendered":"","protected":false},"author":1,"featured_media":0,"parent":1260,"menu_order":3,"comment_status":"closed","ping_status":"closed","template":"","meta":{"footnotes":""},"class_list":["post-1387","page","type-page","status-publish","hentry"],"_links":{"self":[{"href":"https:\/\/maailmanmuutos.org\/index.php\/wp-json\/wp\/v2\/pages\/1387","targetHints":{"allow":["GET"]}}],"collection":[{"href":"https:\/\/maailmanmuutos.org\/index.php\/wp-json\/wp\/v2\/pages"}],"about":[{"href":"https:\/\/maailmanmuutos.org\/index.php\/wp-json\/wp\/v2\/types\/page"}],"author":[{"embeddable":true,"href":"https:\/\/maailmanmuutos.org\/index.php\/wp-json\/wp\/v2\/users\/1"}],"replies":[{"embeddable":true,"href":"https:\/\/maailmanmuutos.org\/index.php\/wp-json\/wp\/v2\/comments?post=1387"}],"version-history":[{"count":7,"href":"https:\/\/maailmanmuutos.org\/index.php\/wp-json\/wp\/v2\/pages\/1387\/revisions"}],"predecessor-version":[{"id":3600,"href":"https:\/\/maailmanmuutos.org\/index.php\/wp-json\/wp\/v2\/pages\/1387\/revisions\/3600"}],"up":[{"embeddable":true,"href":"https:\/\/maailmanmuutos.org\/index.php\/wp-json\/wp\/v2\/pages\/1260"}],"wp:attachment":[{"href":"https:\/\/maailmanmuutos.org\/index.php\/wp-json\/wp\/v2\/media?parent=1387"}],"curies":[{"name":"wp","href":"https:\/\/api.w.org\/{rel}","templated":true}]}}