{"id":1428,"date":"2023-03-08T19:35:10","date_gmt":"2023-03-08T19:35:10","guid":{"rendered":"http:\/\/us.ylirotu.fi\/?page_id=1428"},"modified":"2023-08-17T08:52:22","modified_gmt":"2023-08-17T08:52:22","slug":"tshekin-tasavalta-slovakia-ja-unkari","status":"publish","type":"page","link":"https:\/\/maailmanmuutos.org\/index.php\/kylmasta-sodasta-2000-luvulle\/euroopan-turvallisuuspoliittinen-kehitys-1990-luvulla\/itaisen-keski-euroopan-kehitys\/tshekin-tasavalta-slovakia-ja-unkari\/","title":{"rendered":"Tshekin tasavalta, Slovakia ja Unkari\u00a0"},"content":{"rendered":"<div id='full_slider_1'  class='avia-fullwidth-slider main_color avia-shadow   avia-builder-el-0  el_before_av_one_full  avia-builder-el-first   container_wrap sidebar_right'  >\n<style type=\"text\/css\" data-created_by=\"avia_inline_auto\" id=\"style-css-av-kd4hz9nx-fb331aa0faaa9c578e2f07ccc45f5aa0\">\n#top #wrap_all .avia-slideshow .av-slideshow-caption.av-kd4hz9nx-fb331aa0faaa9c578e2f07ccc45f5aa0__0 .avia-caption-title{\nfont-size:22px;\n}\n#top .avia-slideshow .av-slideshow-caption.av-kd4hz9nx-fb331aa0faaa9c578e2f07ccc45f5aa0__0 .avia-caption-content{\nfont-size:14px;\n}\n#top .avia-slideshow .av-slideshow-caption.av-kd4hz9nx-fb331aa0faaa9c578e2f07ccc45f5aa0__0 .avia-caption-content p{\nfont-size:14px;\n}\n\n@media only screen and (min-width: 768px) and (max-width: 989px){ \n#top #wrap_all .avia-slideshow .av-slideshow-caption.av-kd4hz9nx-fb331aa0faaa9c578e2f07ccc45f5aa0__0 .avia-caption-title{\nfont-size:16px;\n}\n#top .avia-slideshow .av-slideshow-caption.av-kd4hz9nx-fb331aa0faaa9c578e2f07ccc45f5aa0__0 .avia-caption-content{\nfont-size:16px;\n}\n#top .avia-slideshow .av-slideshow-caption.av-kd4hz9nx-fb331aa0faaa9c578e2f07ccc45f5aa0__0 .avia-caption-content p{\nfont-size:16px;\n}\n}\n\n@media only screen and (min-width: 480px) and (max-width: 767px){ \n#top #wrap_all .avia-slideshow .av-slideshow-caption.av-kd4hz9nx-fb331aa0faaa9c578e2f07ccc45f5aa0__0 .avia-caption-title{\nfont-size:14px;\n}\n#top .avia-slideshow .av-slideshow-caption.av-kd4hz9nx-fb331aa0faaa9c578e2f07ccc45f5aa0__0 .avia-caption-content{\nfont-size:14px;\n}\n#top .avia-slideshow .av-slideshow-caption.av-kd4hz9nx-fb331aa0faaa9c578e2f07ccc45f5aa0__0 .avia-caption-content p{\nfont-size:14px;\n}\n}\n\n@media only screen and (max-width: 479px){ \n#top #wrap_all .avia-slideshow .av-slideshow-caption.av-kd4hz9nx-fb331aa0faaa9c578e2f07ccc45f5aa0__0 .avia-caption-title{\ndisplay:none;\n}\n#top .avia-slideshow .av-slideshow-caption.av-kd4hz9nx-fb331aa0faaa9c578e2f07ccc45f5aa0__0 .avia-caption-content{\ndisplay:none;\n}\n#top .avia-slideshow .av-slideshow-caption.av-kd4hz9nx-fb331aa0faaa9c578e2f07ccc45f5aa0__0 .avia-caption-content p{\ndisplay:none;\n}\n}\n<\/style>\n<div  class='avia-slideshow av-kd4hz9nx-fb331aa0faaa9c578e2f07ccc45f5aa0 avia-slideshow-featured av_slideshow_full avia-slide-slider av-slideshow-ui av-control-default av-slideshow-manual av-loop-once av-loop-manual-endless av-default-height-applied   avia-slideshow-1' data-slideshow-options=\"{&quot;animation&quot;:&quot;slide&quot;,&quot;autoplay&quot;:false,&quot;loop_autoplay&quot;:&quot;once&quot;,&quot;interval&quot;:5,&quot;loop_manual&quot;:&quot;manual-endless&quot;,&quot;autoplay_stopper&quot;:false,&quot;noNavigation&quot;:false,&quot;bg_slider&quot;:false,&quot;keep_padding&quot;:false,&quot;hoverpause&quot;:false,&quot;show_slide_delay&quot;:0}\"  itemprop=\"image\" itemscope=\"itemscope\" itemtype=\"https:\/\/schema.org\/ImageObject\" ><ul class='avia-slideshow-inner ' style='padding-bottom: 28.72411489646%;'><li  class='avia-slideshow-slide av-kd4hz9nx-fb331aa0faaa9c578e2f07ccc45f5aa0__0  av-single-slide slide-1 slide-odd'><div data-rel='slideshow-1' class='avia-slide-wrap '   ><img decoding=\"async\" fetchpriority=\"high\" class=\"wp-image-3045 avia-img-lazy-loading-not-3045\"  src=\"https:\/\/maailmanmuutos.org\/wp-content\/uploads\/2023\/08\/tsekki-siirtymatalous.jpg\" width=\"1497\" height=\"430\" title='kuvituskuvat' alt=''  itemprop=\"thumbnailUrl\" srcset=\"https:\/\/maailmanmuutos.org\/wp-content\/uploads\/2023\/08\/tsekki-siirtymatalous.jpg 1500w, https:\/\/maailmanmuutos.org\/wp-content\/uploads\/2023\/08\/tsekki-siirtymatalous-800x230.jpg 800w, https:\/\/maailmanmuutos.org\/wp-content\/uploads\/2023\/08\/tsekki-siirtymatalous-120x34.jpg 120w, https:\/\/maailmanmuutos.org\/wp-content\/uploads\/2023\/08\/tsekki-siirtymatalous-768x221.jpg 768w, https:\/\/maailmanmuutos.org\/wp-content\/uploads\/2023\/08\/tsekki-siirtymatalous-705x203.jpg 705w\" sizes=\"(max-width: 1497px) 100vw, 1497px\" \/><\/div><\/li><\/ul><\/div><\/div><div id='after_full_slider_1'  class='main_color av_default_container_wrap container_wrap sidebar_right'  ><div class='container av-section-cont-open' ><div class='template-page content  av-content-small alpha units'><div class='post-entry post-entry-type-page post-entry-1428'><div class='entry-content-wrapper clearfix'>\n\n<style type=\"text\/css\" data-created_by=\"avia_inline_auto\" id=\"style-css-av-5spn6-3d3e8ead61d02f87ad7c9f2fc625dc24\">\n.flex_column.av-5spn6-3d3e8ead61d02f87ad7c9f2fc625dc24{\nborder-radius:0px 0px 0px 0px;\npadding:0px 0px 0px 0px;\n}\n<\/style>\n<div  class='flex_column av-5spn6-3d3e8ead61d02f87ad7c9f2fc625dc24 av_one_full  avia-builder-el-1  el_after_av_slideshow_full  avia-builder-el-no-sibling  first flex_column_div av-zero-column-padding  '     ><p>\n<style type=\"text\/css\" data-created_by=\"avia_inline_auto\" id=\"style-css-av-llexajl3-7a17af52e064ddf3c21454d7e43a8b7f\">\n#top .av-special-heading.av-llexajl3-7a17af52e064ddf3c21454d7e43a8b7f{\npadding-bottom:10px;\n}\nbody .av-special-heading.av-llexajl3-7a17af52e064ddf3c21454d7e43a8b7f .av-special-heading-tag .heading-char{\nfont-size:25px;\n}\n.av-special-heading.av-llexajl3-7a17af52e064ddf3c21454d7e43a8b7f .av-subheading{\nfont-size:15px;\n}\n<\/style>\n<div  class='av-special-heading av-llexajl3-7a17af52e064ddf3c21454d7e43a8b7f av-special-heading-h1  avia-builder-el-2  el_before_av_textblock  avia-builder-el-first '><h1 class='av-special-heading-tag'  itemprop=\"headline\"  >Tshekin tasavalta, Slovakia ja Unkari <\/h1><div class=\"special-heading-border\"><div class=\"special-heading-inner-border\"><\/div><\/div><\/div><br \/>\n<section  class='av_textblock_section av-lezr0od0-94e7bd8ef786eea3c9a8d27065495667 '   itemscope=\"itemscope\" itemtype=\"https:\/\/schema.org\/CreativeWork\" ><div class='avia_textblock'  itemprop=\"text\" ><p><em><strong>Tshekkoslovakia jakaantui<\/strong><\/em><\/p>\n<p>Tshekkoslovakia jakaantui vuoden 1993 alussa itsen\u00e4isiksi tshekkien ja slovakien tasavalloiksi, joiden p\u00e4\u00e4kaupunkeina ovat Praha ja Bratislava. Tshekin tasavalta on asukasluvultaan suurempi, ja se on ollut my\u00f6s taloudellisesti kehittyneempi ja vauraampi. Slovakiaan oli kuitenkin sosialismin aikana rakennettu raskasta teollisuutta, joka valmisti muun muassa panssarivaunuja.<\/p>\n<p><em><strong>L\u00e4nteen Vaclav Havelin johdolla<\/strong><\/em><\/p>\n<p>Tshekit suuntautuivat presidentti Vaclav Havelin johdolla tiiviisti l\u00e4nteen, erityisesti Yhdysvaltoihin. Tshekin tasavalta liittyi Natoon ensimm\u00e4isen it\u00e4laajennuksen my\u00f6t\u00e4 yhdess\u00e4 Puolan ja Unkarin kanssa vuonna 1999 sek\u00e4 tuli EU:n j\u00e4seneksi vuonna 2004. Slovakia liittyi noihin organisaatioihin vuonna 2004.<\/p>\n<p><em><strong>V\u00e4hemmist\u00f6ongelmia<\/strong><\/em><\/p>\n<p>Tshekin tasavalta, Slovakia ja Unkari ovat maantieteellisesti l\u00e4heisi\u00e4 naapureita sek\u00e4 kulttuuriltaan ja yhteiskuntarakenteeltaan verraten samanlaisia, historiallisesti Habsburg-monarkiaan kuuluneita, mutta silti niiden v\u00e4lill\u00e4 on ajoittain ollut skismaa. Erityisesti Slovakian ja Unkarin suhteita h\u00e4iritsee unkarilaisv\u00e4hemmist\u00f6n tyytym\u00e4tt\u00f6myys Slovakian hallintoon, ja n\u00e4iss\u00e4 maissa oleva suurehko romaaniv\u00e4est\u00f6 kokee syrjint\u00e4\u00e4.<\/p>\n<p><em><strong>Talous koheni, sis\u00e4politiikka riitaisaa<\/strong><\/em><\/p>\n<p>Sis\u00e4politiikka oli n\u00e4iss\u00e4 kolmessa maassa riitaisaa koko 1990-luvun, mik\u00e4 kuvastui puoluekent\u00e4n hajanaisuutena ja nopeina vallanvaihtoina vaalien seurauksena. Slovakiaa pidettiin Vladimir Meciarin hallinnon aikana melko ep\u00e4demokraattisena, mutta opposition voiton j\u00e4lkeen vuodesta 1998 demokratiakehitys on siell\u00e4 ollut ripe\u00e4\u00e4. Taloudellisesti kehitys t\u00e4ss\u00e4 maaryhm\u00e4ss\u00e4 eteni p\u00e4\u00e4piirtein suotuisasti l\u00e4hinn\u00e4 runsaiden ulkomaisten investointien ansiosta. Silti varallisuuserojen kasvu ja my\u00f6s ajoittain laaja ty\u00f6tt\u00f6myys yll\u00e4pitiv\u00e4t sis\u00e4poliittista tilannetta j\u00e4nnittyneen\u00e4.<\/p>\n<\/div><\/section><\/p><\/div>\n","protected":false},"excerpt":{"rendered":"","protected":false},"author":1,"featured_media":0,"parent":1354,"menu_order":5,"comment_status":"closed","ping_status":"closed","template":"","meta":{"footnotes":""},"class_list":["post-1428","page","type-page","status-publish","hentry"],"_links":{"self":[{"href":"https:\/\/maailmanmuutos.org\/index.php\/wp-json\/wp\/v2\/pages\/1428","targetHints":{"allow":["GET"]}}],"collection":[{"href":"https:\/\/maailmanmuutos.org\/index.php\/wp-json\/wp\/v2\/pages"}],"about":[{"href":"https:\/\/maailmanmuutos.org\/index.php\/wp-json\/wp\/v2\/types\/page"}],"author":[{"embeddable":true,"href":"https:\/\/maailmanmuutos.org\/index.php\/wp-json\/wp\/v2\/users\/1"}],"replies":[{"embeddable":true,"href":"https:\/\/maailmanmuutos.org\/index.php\/wp-json\/wp\/v2\/comments?post=1428"}],"version-history":[{"count":5,"href":"https:\/\/maailmanmuutos.org\/index.php\/wp-json\/wp\/v2\/pages\/1428\/revisions"}],"predecessor-version":[{"id":4270,"href":"https:\/\/maailmanmuutos.org\/index.php\/wp-json\/wp\/v2\/pages\/1428\/revisions\/4270"}],"up":[{"embeddable":true,"href":"https:\/\/maailmanmuutos.org\/index.php\/wp-json\/wp\/v2\/pages\/1354"}],"wp:attachment":[{"href":"https:\/\/maailmanmuutos.org\/index.php\/wp-json\/wp\/v2\/media?parent=1428"}],"curies":[{"name":"wp","href":"https:\/\/api.w.org\/{rel}","templated":true}]}}