{"id":1465,"date":"2023-03-08T19:44:12","date_gmt":"2023-03-08T19:44:12","guid":{"rendered":"http:\/\/us.ylirotu.fi\/index.php\/maailman-muutos\/euroopan-turvallisuuspoliittinen-kehitys-1990-luvulla\/venajan-ja-sen-lahialueiden-kehitys\/itsenaisten-valtioiden-yhteiso-2\/"},"modified":"2023-08-17T08:55:46","modified_gmt":"2023-08-17T08:55:46","slug":"venajan-poliittisen-jarjestelman-ja-yhteiskunnan-kehitys","status":"publish","type":"page","link":"https:\/\/maailmanmuutos.org\/index.php\/kylmasta-sodasta-2000-luvulle\/euroopan-turvallisuuspoliittinen-kehitys-1990-luvulla\/venajan-ja-sen-lahialueiden-kehitys\/venajan-poliittisen-jarjestelman-ja-yhteiskunnan-kehitys\/","title":{"rendered":"Ven\u00e4j\u00e4n poliittisen j\u00e4rjestelm\u00e4n ja yhteiskunnan kehitys\u00a0"},"content":{"rendered":"<div id='full_slider_1'  class='avia-fullwidth-slider main_color avia-shadow   avia-builder-el-0  el_before_av_one_full  avia-builder-el-first   container_wrap sidebar_right'  >\n<style type=\"text\/css\" data-created_by=\"avia_inline_auto\" id=\"style-css-av-kd4hz9nx-fb331aa0faaa9c578e2f07ccc45f5aa0\">\n#top #wrap_all .avia-slideshow .av-slideshow-caption.av-kd4hz9nx-fb331aa0faaa9c578e2f07ccc45f5aa0__0 .avia-caption-title{\nfont-size:22px;\n}\n#top .avia-slideshow .av-slideshow-caption.av-kd4hz9nx-fb331aa0faaa9c578e2f07ccc45f5aa0__0 .avia-caption-content{\nfont-size:14px;\n}\n#top .avia-slideshow .av-slideshow-caption.av-kd4hz9nx-fb331aa0faaa9c578e2f07ccc45f5aa0__0 .avia-caption-content p{\nfont-size:14px;\n}\n\n@media only screen and (min-width: 768px) and (max-width: 989px){ \n#top #wrap_all .avia-slideshow .av-slideshow-caption.av-kd4hz9nx-fb331aa0faaa9c578e2f07ccc45f5aa0__0 .avia-caption-title{\nfont-size:16px;\n}\n#top .avia-slideshow .av-slideshow-caption.av-kd4hz9nx-fb331aa0faaa9c578e2f07ccc45f5aa0__0 .avia-caption-content{\nfont-size:16px;\n}\n#top .avia-slideshow .av-slideshow-caption.av-kd4hz9nx-fb331aa0faaa9c578e2f07ccc45f5aa0__0 .avia-caption-content p{\nfont-size:16px;\n}\n}\n\n@media only screen and (min-width: 480px) and (max-width: 767px){ \n#top #wrap_all .avia-slideshow .av-slideshow-caption.av-kd4hz9nx-fb331aa0faaa9c578e2f07ccc45f5aa0__0 .avia-caption-title{\nfont-size:14px;\n}\n#top .avia-slideshow .av-slideshow-caption.av-kd4hz9nx-fb331aa0faaa9c578e2f07ccc45f5aa0__0 .avia-caption-content{\nfont-size:14px;\n}\n#top .avia-slideshow .av-slideshow-caption.av-kd4hz9nx-fb331aa0faaa9c578e2f07ccc45f5aa0__0 .avia-caption-content p{\nfont-size:14px;\n}\n}\n\n@media only screen and (max-width: 479px){ \n#top #wrap_all .avia-slideshow .av-slideshow-caption.av-kd4hz9nx-fb331aa0faaa9c578e2f07ccc45f5aa0__0 .avia-caption-title{\ndisplay:none;\n}\n#top .avia-slideshow .av-slideshow-caption.av-kd4hz9nx-fb331aa0faaa9c578e2f07ccc45f5aa0__0 .avia-caption-content{\ndisplay:none;\n}\n#top .avia-slideshow .av-slideshow-caption.av-kd4hz9nx-fb331aa0faaa9c578e2f07ccc45f5aa0__0 .avia-caption-content p{\ndisplay:none;\n}\n}\n<\/style>\n<div  class='avia-slideshow av-kd4hz9nx-fb331aa0faaa9c578e2f07ccc45f5aa0 avia-slideshow-featured av_slideshow_full avia-slide-slider av-slideshow-ui av-control-default av-slideshow-manual av-loop-once av-loop-manual-endless av-default-height-applied   avia-slideshow-1' data-slideshow-options=\"{&quot;animation&quot;:&quot;slide&quot;,&quot;autoplay&quot;:false,&quot;loop_autoplay&quot;:&quot;once&quot;,&quot;interval&quot;:5,&quot;loop_manual&quot;:&quot;manual-endless&quot;,&quot;autoplay_stopper&quot;:false,&quot;noNavigation&quot;:false,&quot;bg_slider&quot;:false,&quot;keep_padding&quot;:false,&quot;hoverpause&quot;:false,&quot;show_slide_delay&quot;:0}\"  itemprop=\"image\" itemscope=\"itemscope\" itemtype=\"https:\/\/schema.org\/ImageObject\" ><ul class='avia-slideshow-inner ' style='padding-bottom: 28.72411489646%;'><li  class='avia-slideshow-slide av-kd4hz9nx-fb331aa0faaa9c578e2f07ccc45f5aa0__0  av-single-slide slide-1 slide-odd'><div data-rel='slideshow-1' class='avia-slide-wrap '   ><img decoding=\"async\" fetchpriority=\"high\" class=\"wp-image-2860 avia-img-lazy-loading-not-2860\"  src=\"https:\/\/maailmanmuutos.org\/wp-content\/uploads\/2023\/08\/venajan-valtataistelu-1991.jpg\" width=\"1497\" height=\"430\" title='kuvituskuvat' alt=''  itemprop=\"thumbnailUrl\" srcset=\"https:\/\/maailmanmuutos.org\/wp-content\/uploads\/2023\/08\/venajan-valtataistelu-1991.jpg 1500w, https:\/\/maailmanmuutos.org\/wp-content\/uploads\/2023\/08\/venajan-valtataistelu-1991-800x230.jpg 800w, https:\/\/maailmanmuutos.org\/wp-content\/uploads\/2023\/08\/venajan-valtataistelu-1991-120x34.jpg 120w, https:\/\/maailmanmuutos.org\/wp-content\/uploads\/2023\/08\/venajan-valtataistelu-1991-768x221.jpg 768w, https:\/\/maailmanmuutos.org\/wp-content\/uploads\/2023\/08\/venajan-valtataistelu-1991-705x203.jpg 705w\" sizes=\"(max-width: 1497px) 100vw, 1497px\" \/><\/div><\/li><\/ul><\/div><\/div><div id='after_full_slider_1'  class='main_color av_default_container_wrap container_wrap sidebar_right'  ><div class='container av-section-cont-open' ><div class='template-page content  av-content-small alpha units'><div class='post-entry post-entry-type-page post-entry-1465'><div class='entry-content-wrapper clearfix'>\n\n<style type=\"text\/css\" data-created_by=\"avia_inline_auto\" id=\"style-css-av-5spn6-3d3e8ead61d02f87ad7c9f2fc625dc24\">\n.flex_column.av-5spn6-3d3e8ead61d02f87ad7c9f2fc625dc24{\nborder-radius:0px 0px 0px 0px;\npadding:0px 0px 0px 0px;\n}\n<\/style>\n<div  class='flex_column av-5spn6-3d3e8ead61d02f87ad7c9f2fc625dc24 av_one_full  avia-builder-el-1  el_after_av_slideshow_full  avia-builder-el-no-sibling  first flex_column_div av-zero-column-padding  '     ><p>\n<style type=\"text\/css\" data-created_by=\"avia_inline_auto\" id=\"style-css-av-9womx-823a240ea831ffb2332066b9e2e5050f\">\n#top .av-special-heading.av-9womx-823a240ea831ffb2332066b9e2e5050f{\npadding-bottom:10px;\n}\nbody .av-special-heading.av-9womx-823a240ea831ffb2332066b9e2e5050f .av-special-heading-tag .heading-char{\nfont-size:25px;\n}\n.av-special-heading.av-9womx-823a240ea831ffb2332066b9e2e5050f .av-subheading{\nfont-size:15px;\n}\n<\/style>\n<div  class='av-special-heading av-9womx-823a240ea831ffb2332066b9e2e5050f av-special-heading-h1  avia-builder-el-2  el_before_av_hr  avia-builder-el-first '><h1 class='av-special-heading-tag'  itemprop=\"headline\"  >Ven\u00e4j\u00e4n poliittisen j\u00e4rjestelm\u00e4n ja yhteiskunnan kehitys <\/h1><div class=\"special-heading-border\"><div class=\"special-heading-inner-border\"><\/div><\/div><\/div><br \/>\n\n<style type=\"text\/css\" data-created_by=\"avia_inline_auto\" id=\"style-css-av-1yj961-29197dbfcf75a0c5e3d8af2668b12c77\">\n#top .hr.hr-invisible.av-1yj961-29197dbfcf75a0c5e3d8af2668b12c77{\nheight:50px;\n}\n<\/style>\n<div  class='hr av-1yj961-29197dbfcf75a0c5e3d8af2668b12c77 hr-invisible  avia-builder-el-3  el_after_av_heading  el_before_av_textblock '><span class='hr-inner '><span class=\"hr-inner-style\"><\/span><\/span><\/div><br \/>\n<section  class='av_textblock_section av-lezr0od0-94e7bd8ef786eea3c9a8d27065495667 '   itemscope=\"itemscope\" itemtype=\"https:\/\/schema.org\/CreativeWork\" ><div class='avia_textblock'  itemprop=\"text\" ><p><em><strong>Poliittinen j\u00e4rjestelm\u00e4 vakiintuu<\/strong><\/em><\/p>\n<p>Presidentti Boris Jeltsinin ja parlamentin v\u00e4lisen valtakamppailun ratkettua Jeltsinin hyv\u00e4ksi lokakuussa 1993 alkoi poliittinen j\u00e4rjestelm\u00e4 v\u00e4hitellen vakiintua. Monipuoluej\u00e4rjestelm\u00e4n mukaisissa parlamentin (duuman) vaaleissa oli aluksi monia puolueita, mutta \u00e4\u00e4nikynnyksen vuoksi useat pikkupuolueet karsiutuivat.<\/p>\n<p>Uusi perustuslaki joulukuulta 1993 vahvisti presidentin asemaa. Poliittinen j\u00e4rjestelm\u00e4 rakennettiin ylimm\u00e4n johdon osalta muistuttamaan l\u00e4hinn\u00e4 Yhdysvaltojen ja Ranskan mallia. Presidentill\u00e4 on mahdollisuus tarvittaessa hallita my\u00f6s ilman parlamentin my\u00f6t\u00e4vaikutusta. Presidentti toimii ulkopolitiikan johtajana ja asevoimien ylip\u00e4\u00e4llikk\u00f6n\u00e4, ja h\u00e4nell\u00e4 on suoraan k\u00e4ytett\u00e4viss\u00e4\u00e4n my\u00f6s laaja hallintokoneisto, ns. presidentinhallinto.<\/p>\n<p><em><strong>Parlamenttivaalit<\/strong><\/em><\/p>\n<p>Ven\u00e4j\u00e4n federaation parlamenttiin kuuluu kaksi kamaria, joista valtionduuma, \u201dalahuone\u201d, koostuu suoraan vaaleilla valituista kansanedustajista, kun taas liittoneuvostoon, \u201dyl\u00e4huoneeseen\u201d, kuuluu edustajia hallinnollisilta alueilta.<\/p>\n<p>Ensimm\u00e4isiss\u00e4 parlamenttivaaleissa joulukuussa 1993 puolueryhmittymien voimasuhteet muodostuivat seuraaviksi: \u201dNationalistit ja kommunistit\u201d yhteens\u00e4 36 %, \u201ddemokraatit\u201d 30 %, \u201dkeskusta\u201d 24 % ja riippumattomat 10 %. Huomiota her\u00e4tti erityisesti Vladimir Zhirinovskin johtaman \u00e4\u00e4rinationalistisen puolueen saama 25 prosentin kannatus, jolla se nousi duuman suurimaksi. Vuoden 1995 parlamenttivaaleissa puolueet ryhmittyiv\u00e4t uudelleen. Vanhaa pohjaa edustivat l\u00e4hinn\u00e4 kommunistit 22 prosentin osuudella. Sek\u00e4 p\u00e4\u00e4ministeri Tshernomyrdinin kokoaman Kotimme Ven\u00e4j\u00e4 \u2013puolueen ett\u00e4 kansallismielisen Zhirinovskin puolueen kannatus oli noin 10 prosenttia, ja \u201ddemokraatiset\u00a0 puolueet\u201d saivat alle 10 prosentin \u00e4\u00e4niosuuksia.<\/p>\n<p><em><strong>Jeltsinin presidenttikausi<\/strong><\/em><\/p>\n<p>Duumassa edustettujen puolueiden valtaosa suhtautui hyvin kriittisesti presidentti Jeltsiniin ja hallitukseen, mutta ne eiv\u00e4t kyenneet presidentti\u00e4 my\u00f6sk\u00e4\u00e4n kaatamaan. Seurauksena oli \u201dkaksoisvalta\u201d, mik\u00e4 hidasti uudistuksien vaatimaa lains\u00e4\u00e4d\u00e4nt\u00f6\u00e4 ja my\u00f6t\u00e4vaikutti duuman aseman heikkenemiseen.<\/p>\n<p>Kommunistipuolueen johtajan Gennadi Zjuganovin suosion kohotessa presidentti Jeltsinin kannatus puolestaan heikkeni noin 10 prosentin tasolle, mutta h\u00e4n onnistui kuitenkin niukasti vuoden 1996 vaaleissa saamaan itselleen jatkokauden. Vaalivoitto perustui talouden kaaoksessa rikastuneiden \u201doligarkkien\u201d massiiviseen rahalliseen tukeen, joten Jeltsin j\u00e4i heille kiitollisuuden velkaan. Jeltsin pelk\u00e4si my\u00f6s kilpailevien poliitikoiden valtaa ja erotti sen vuoksi tihe\u00e4\u00e4n ministereit\u00e4. M\u00e4\u00e4r\u00e4tietoiseen johtamiseen h\u00e4n ei en\u00e4\u00e4 kyennyt vaan alkoi sairastella ja oli pitki\u00e4 aikoja pois julkisuudesta. Lopulta Jeltsin erosi kesken kautensa vuoden 1999 lopulla varmistettuaan sit\u00e4 ennen p\u00e4\u00e4ministeriksi nimitetyn Vladimir Putinin tulon seuraajakseen.<\/p>\n<p><em><strong>Keskushallinto heikko, alueitten johtajilla suuri valta<\/strong><\/em><\/p>\n<p>Ven\u00e4j\u00e4n keskushallinnon heikkous siirsi valtaa federaation alueille, joiden johtajat valittiin vaaleilla. Alueiden toimintaa oli vaikea valvoa, rikollisuus rehotti ja talous k\u00e4rsi korruptiosta. Lis\u00e4ksi rikkaimmat alueet pyrkiv\u00e4t irtautumaan kokonaan Moskovan vallasta. Ven\u00e4j\u00e4n federaatiossa oli 1990-luvulla jo pitk\u00e4lle etenem\u00e4ss\u00e4 samanlainen kehitys, joka hajotti Neuvostoliiton.<\/p>\n<\/div><\/section><\/p><\/div>\n","protected":false},"excerpt":{"rendered":"","protected":false},"author":1,"featured_media":0,"parent":1446,"menu_order":2,"comment_status":"closed","ping_status":"closed","template":"","meta":{"footnotes":""},"class_list":["post-1465","page","type-page","status-publish","hentry"],"_links":{"self":[{"href":"https:\/\/maailmanmuutos.org\/index.php\/wp-json\/wp\/v2\/pages\/1465","targetHints":{"allow":["GET"]}}],"collection":[{"href":"https:\/\/maailmanmuutos.org\/index.php\/wp-json\/wp\/v2\/pages"}],"about":[{"href":"https:\/\/maailmanmuutos.org\/index.php\/wp-json\/wp\/v2\/types\/page"}],"author":[{"embeddable":true,"href":"https:\/\/maailmanmuutos.org\/index.php\/wp-json\/wp\/v2\/users\/1"}],"replies":[{"embeddable":true,"href":"https:\/\/maailmanmuutos.org\/index.php\/wp-json\/wp\/v2\/comments?post=1465"}],"version-history":[{"count":7,"href":"https:\/\/maailmanmuutos.org\/index.php\/wp-json\/wp\/v2\/pages\/1465\/revisions"}],"predecessor-version":[{"id":4275,"href":"https:\/\/maailmanmuutos.org\/index.php\/wp-json\/wp\/v2\/pages\/1465\/revisions\/4275"}],"up":[{"embeddable":true,"href":"https:\/\/maailmanmuutos.org\/index.php\/wp-json\/wp\/v2\/pages\/1446"}],"wp:attachment":[{"href":"https:\/\/maailmanmuutos.org\/index.php\/wp-json\/wp\/v2\/media?parent=1465"}],"curies":[{"name":"wp","href":"https:\/\/api.w.org\/{rel}","templated":true}]}}

Venäjän poliittisen järjestelmän ja yhteiskunnan kehitys

<div id='full_slider_1'  class='avia-fullwidth-slider main_color avia-shadow   avia-builder-el-0  el_before_av_one_full  avia-builder-el-first   container_wrap sidebar_right'  >
<style type="text/css" data-created_by="avia_inline_auto" id="style-css-av-kd4hz9nx-fb331aa0faaa9c578e2f07ccc45f5aa0">
#top #wrap_all .avia-slideshow .av-slideshow-caption.av-kd4hz9nx-fb331aa0faaa9c578e2f07ccc45f5aa0__0 .avia-caption-title{
font-size:22px;
}
#top .avia-slideshow .av-slideshow-caption.av-kd4hz9nx-fb331aa0faaa9c578e2f07ccc45f5aa0__0 .avia-caption-content{
font-size:14px;
}
#top .avia-slideshow .av-slideshow-caption.av-kd4hz9nx-fb331aa0faaa9c578e2f07ccc45f5aa0__0 .avia-caption-content p{
font-size:14px;
}

@media only screen and (min-width: 768px) and (max-width: 989px){ 
#top #wrap_all .avia-slideshow .av-slideshow-caption.av-kd4hz9nx-fb331aa0faaa9c578e2f07ccc45f5aa0__0 .avia-caption-title{
font-size:16px;
}
#top .avia-slideshow .av-slideshow-caption.av-kd4hz9nx-fb331aa0faaa9c578e2f07ccc45f5aa0__0 .avia-caption-content{
font-size:16px;
}
#top .avia-slideshow .av-slideshow-caption.av-kd4hz9nx-fb331aa0faaa9c578e2f07ccc45f5aa0__0 .avia-caption-content p{
font-size:16px;
}
}

@media only screen and (min-width: 480px) and (max-width: 767px){ 
#top #wrap_all .avia-slideshow .av-slideshow-caption.av-kd4hz9nx-fb331aa0faaa9c578e2f07ccc45f5aa0__0 .avia-caption-title{
font-size:14px;
}
#top .avia-slideshow .av-slideshow-caption.av-kd4hz9nx-fb331aa0faaa9c578e2f07ccc45f5aa0__0 .avia-caption-content{
font-size:14px;
}
#top .avia-slideshow .av-slideshow-caption.av-kd4hz9nx-fb331aa0faaa9c578e2f07ccc45f5aa0__0 .avia-caption-content p{
font-size:14px;
}
}

@media only screen and (max-width: 479px){ 
#top #wrap_all .avia-slideshow .av-slideshow-caption.av-kd4hz9nx-fb331aa0faaa9c578e2f07ccc45f5aa0__0 .avia-caption-title{
display:none;
}
#top .avia-slideshow .av-slideshow-caption.av-kd4hz9nx-fb331aa0faaa9c578e2f07ccc45f5aa0__0 .avia-caption-content{
display:none;
}
#top .avia-slideshow .av-slideshow-caption.av-kd4hz9nx-fb331aa0faaa9c578e2f07ccc45f5aa0__0 .avia-caption-content p{
display:none;
}
}
</style>
<div  class='avia-slideshow av-kd4hz9nx-fb331aa0faaa9c578e2f07ccc45f5aa0 avia-slideshow-featured av_slideshow_full avia-slide-slider av-slideshow-ui av-control-default av-slideshow-manual av-loop-once av-loop-manual-endless av-default-height-applied   avia-slideshow-1' data-slideshow-options="{&quot;animation&quot;:&quot;slide&quot;,&quot;autoplay&quot;:false,&quot;loop_autoplay&quot;:&quot;once&quot;,&quot;interval&quot;:5,&quot;loop_manual&quot;:&quot;manual-endless&quot;,&quot;autoplay_stopper&quot;:false,&quot;noNavigation&quot;:false,&quot;bg_slider&quot;:false,&quot;keep_padding&quot;:false,&quot;hoverpause&quot;:false,&quot;show_slide_delay&quot;:0}"  itemprop="image" itemscope="itemscope" itemtype="https://schema.org/ImageObject" ><ul class='avia-slideshow-inner ' style='padding-bottom: 28.72411489646%;'><li  class='avia-slideshow-slide av-kd4hz9nx-fb331aa0faaa9c578e2f07ccc45f5aa0__0  av-single-slide slide-1 slide-odd'><div data-rel='slideshow-1' class='avia-slide-wrap '   ><img decoding="async" fetchpriority="high" class="wp-image-2860 avia-img-lazy-loading-not-2860"  src="https://maailmanmuutos.org/wp-content/uploads/2023/08/venajan-valtataistelu-1991.jpg" width="1497" height="430" title='kuvituskuvat' alt=''  itemprop="thumbnailUrl" srcset="https://maailmanmuutos.org/wp-content/uploads/2023/08/venajan-valtataistelu-1991.jpg 1500w, https://maailmanmuutos.org/wp-content/uploads/2023/08/venajan-valtataistelu-1991-800x230.jpg 800w, https://maailmanmuutos.org/wp-content/uploads/2023/08/venajan-valtataistelu-1991-120x34.jpg 120w, https://maailmanmuutos.org/wp-content/uploads/2023/08/venajan-valtataistelu-1991-768x221.jpg 768w, https://maailmanmuutos.org/wp-content/uploads/2023/08/venajan-valtataistelu-1991-705x203.jpg 705w" sizes="(max-width: 1497px) 100vw, 1497px" /></div></li></ul></div></div><div id='after_full_slider_1'  class='main_color av_default_container_wrap container_wrap sidebar_right'  ><div class='container av-section-cont-open' ><div class='template-page content  av-content-small alpha units'><div class='post-entry post-entry-type-page post-entry-1465'><div class='entry-content-wrapper clearfix'>

<style type="text/css" data-created_by="avia_inline_auto" id="style-css-av-5spn6-3d3e8ead61d02f87ad7c9f2fc625dc24">
.flex_column.av-5spn6-3d3e8ead61d02f87ad7c9f2fc625dc24{
border-radius:0px 0px 0px 0px;
padding:0px 0px 0px 0px;
}
</style>
<div  class='flex_column av-5spn6-3d3e8ead61d02f87ad7c9f2fc625dc24 av_one_full  avia-builder-el-1  el_after_av_slideshow_full  avia-builder-el-no-sibling  first flex_column_div av-zero-column-padding  '     ><p>
<style type="text/css" data-created_by="avia_inline_auto" id="style-css-av-9womx-823a240ea831ffb2332066b9e2e5050f">
#top .av-special-heading.av-9womx-823a240ea831ffb2332066b9e2e5050f{
padding-bottom:10px;
}
body .av-special-heading.av-9womx-823a240ea831ffb2332066b9e2e5050f .av-special-heading-tag .heading-char{
font-size:25px;
}
.av-special-heading.av-9womx-823a240ea831ffb2332066b9e2e5050f .av-subheading{
font-size:15px;
}
</style>
<div  class='av-special-heading av-9womx-823a240ea831ffb2332066b9e2e5050f av-special-heading-h1  avia-builder-el-2  el_before_av_hr  avia-builder-el-first '><h1 class='av-special-heading-tag'  itemprop="headline"  >Venäjän poliittisen järjestelmän ja yhteiskunnan kehitys </h1><div class="special-heading-border"><div class="special-heading-inner-border"></div></div></div><br />

<style type="text/css" data-created_by="avia_inline_auto" id="style-css-av-1yj961-29197dbfcf75a0c5e3d8af2668b12c77">
#top .hr.hr-invisible.av-1yj961-29197dbfcf75a0c5e3d8af2668b12c77{
height:50px;
}
</style>
<div  class='hr av-1yj961-29197dbfcf75a0c5e3d8af2668b12c77 hr-invisible  avia-builder-el-3  el_after_av_heading  el_before_av_textblock '><span class='hr-inner '><span class="hr-inner-style"></span></span></div><br />
<section  class='av_textblock_section av-lezr0od0-94e7bd8ef786eea3c9a8d27065495667 '   itemscope="itemscope" itemtype="https://schema.org/CreativeWork" ><div class='avia_textblock'  itemprop="text" ><p><em><strong>Poliittinen järjestelmä vakiintuu</strong></em></p>
<p>Presidentti Boris Jeltsinin ja parlamentin välisen valtakamppailun ratkettua Jeltsinin hyväksi lokakuussa 1993 alkoi poliittinen järjestelmä vähitellen vakiintua. Monipuoluejärjestelmän mukaisissa parlamentin (duuman) vaaleissa oli aluksi monia puolueita, mutta äänikynnyksen vuoksi useat pikkupuolueet karsiutuivat.</p>
<p>Uusi perustuslaki joulukuulta 1993 vahvisti presidentin asemaa. Poliittinen järjestelmä rakennettiin ylimmän johdon osalta muistuttamaan lähinnä Yhdysvaltojen ja Ranskan mallia. Presidentillä on mahdollisuus tarvittaessa hallita myös ilman parlamentin myötävaikutusta. Presidentti toimii ulkopolitiikan johtajana ja asevoimien ylipäällikkönä, ja hänellä on suoraan käytettävissään myös laaja hallintokoneisto, ns. presidentinhallinto.</p>
<p><em><strong>Parlamenttivaalit</strong></em></p>
<p>Venäjän federaation parlamenttiin kuuluu kaksi kamaria, joista valtionduuma, ”alahuone”, koostuu suoraan vaaleilla valituista kansanedustajista, kun taas liittoneuvostoon, ”ylähuoneeseen”, kuuluu edustajia hallinnollisilta alueilta.</p>
<p>Ensimmäisissä parlamenttivaaleissa joulukuussa 1993 puolueryhmittymien voimasuhteet muodostuivat seuraaviksi: ”Nationalistit ja kommunistit” yhteensä 36 %, ”demokraatit” 30 %, ”keskusta” 24 % ja riippumattomat 10 %. Huomiota herätti erityisesti Vladimir Zhirinovskin johtaman äärinationalistisen puolueen saama 25 prosentin kannatus, jolla se nousi duuman suurimaksi. Vuoden 1995 parlamenttivaaleissa puolueet ryhmittyivät uudelleen. Vanhaa pohjaa edustivat lähinnä kommunistit 22 prosentin osuudella. Sekä pääministeri Tshernomyrdinin kokoaman Kotimme Venäjä –puolueen että kansallismielisen Zhirinovskin puolueen kannatus oli noin 10 prosenttia, ja ”demokraatiset  puolueet” saivat alle 10 prosentin ääniosuuksia.</p>
<p><em><strong>Jeltsinin presidenttikausi</strong></em></p>
<p>Duumassa edustettujen puolueiden valtaosa suhtautui hyvin kriittisesti presidentti Jeltsiniin ja hallitukseen, mutta ne eivät kyenneet presidenttiä myöskään kaatamaan. Seurauksena oli ”kaksoisvalta”, mikä hidasti uudistuksien vaatimaa lainsäädäntöä ja myötävaikutti duuman aseman heikkenemiseen.</p>
<p>Kommunistipuolueen johtajan Gennadi Zjuganovin suosion kohotessa presidentti Jeltsinin kannatus puolestaan heikkeni noin 10 prosentin tasolle, mutta hän onnistui kuitenkin niukasti vuoden 1996 vaaleissa saamaan itselleen jatkokauden. Vaalivoitto perustui talouden kaaoksessa rikastuneiden ”oligarkkien” massiiviseen rahalliseen tukeen, joten Jeltsin jäi heille kiitollisuuden velkaan. Jeltsin pelkäsi myös kilpailevien poliitikoiden valtaa ja erotti sen vuoksi tiheään ministereitä. Määrätietoiseen johtamiseen hän ei enää kyennyt vaan alkoi sairastella ja oli pitkiä aikoja pois julkisuudesta. Lopulta Jeltsin erosi kesken kautensa vuoden 1999 lopulla varmistettuaan sitä ennen pääministeriksi nimitetyn Vladimir Putinin tulon seuraajakseen.</p>
<p><em><strong>Keskushallinto heikko, alueitten johtajilla suuri valta</strong></em></p>
<p>Venäjän keskushallinnon heikkous siirsi valtaa federaation alueille, joiden johtajat valittiin vaaleilla. Alueiden toimintaa oli vaikea valvoa, rikollisuus rehotti ja talous kärsi korruptiosta. Lisäksi rikkaimmat alueet pyrkivät irtautumaan kokonaan Moskovan vallasta. Venäjän federaatiossa oli 1990-luvulla jo pitkälle etenemässä samanlainen kehitys, joka hajotti Neuvostoliiton.</p>
</div></section></p></div>
