{"id":1490,"date":"2023-03-08T19:52:21","date_gmt":"2023-03-08T19:52:21","guid":{"rendered":"http:\/\/us.ylirotu.fi\/?page_id=1490"},"modified":"2023-08-15T12:39:28","modified_gmt":"2023-08-15T12:39:28","slug":"euro-alue-talouskriisin-kourissa","status":"publish","type":"page","link":"https:\/\/maailmanmuutos.org\/index.php\/kylmasta-sodasta-2000-luvulle\/euroopan-kehitysnakymat\/euroopan-unionin-kehitys-2000-luvun-alussa\/euro-alue-talouskriisin-kourissa\/","title":{"rendered":"EURO-alue talouskriisin kourissa"},"content":{"rendered":"<div id='full_slider_1'  class='avia-fullwidth-slider main_color avia-shadow   avia-builder-el-0  el_before_av_one_full  avia-builder-el-first   container_wrap sidebar_right'  >\n<style type=\"text\/css\" data-created_by=\"avia_inline_auto\" id=\"style-css-av-kd4hz9nx-fb331aa0faaa9c578e2f07ccc45f5aa0\">\n#top #wrap_all .avia-slideshow .av-slideshow-caption.av-kd4hz9nx-fb331aa0faaa9c578e2f07ccc45f5aa0__0 .avia-caption-title{\nfont-size:22px;\n}\n#top .avia-slideshow .av-slideshow-caption.av-kd4hz9nx-fb331aa0faaa9c578e2f07ccc45f5aa0__0 .avia-caption-content{\nfont-size:14px;\n}\n#top .avia-slideshow .av-slideshow-caption.av-kd4hz9nx-fb331aa0faaa9c578e2f07ccc45f5aa0__0 .avia-caption-content p{\nfont-size:14px;\n}\n\n@media only screen and (min-width: 768px) and (max-width: 989px){ \n#top #wrap_all .avia-slideshow .av-slideshow-caption.av-kd4hz9nx-fb331aa0faaa9c578e2f07ccc45f5aa0__0 .avia-caption-title{\nfont-size:16px;\n}\n#top .avia-slideshow .av-slideshow-caption.av-kd4hz9nx-fb331aa0faaa9c578e2f07ccc45f5aa0__0 .avia-caption-content{\nfont-size:16px;\n}\n#top .avia-slideshow .av-slideshow-caption.av-kd4hz9nx-fb331aa0faaa9c578e2f07ccc45f5aa0__0 .avia-caption-content p{\nfont-size:16px;\n}\n}\n\n@media only screen and (min-width: 480px) and (max-width: 767px){ \n#top #wrap_all .avia-slideshow .av-slideshow-caption.av-kd4hz9nx-fb331aa0faaa9c578e2f07ccc45f5aa0__0 .avia-caption-title{\nfont-size:14px;\n}\n#top .avia-slideshow .av-slideshow-caption.av-kd4hz9nx-fb331aa0faaa9c578e2f07ccc45f5aa0__0 .avia-caption-content{\nfont-size:14px;\n}\n#top .avia-slideshow .av-slideshow-caption.av-kd4hz9nx-fb331aa0faaa9c578e2f07ccc45f5aa0__0 .avia-caption-content p{\nfont-size:14px;\n}\n}\n\n@media only screen and (max-width: 479px){ \n#top #wrap_all .avia-slideshow .av-slideshow-caption.av-kd4hz9nx-fb331aa0faaa9c578e2f07ccc45f5aa0__0 .avia-caption-title{\ndisplay:none;\n}\n#top .avia-slideshow .av-slideshow-caption.av-kd4hz9nx-fb331aa0faaa9c578e2f07ccc45f5aa0__0 .avia-caption-content{\ndisplay:none;\n}\n#top .avia-slideshow .av-slideshow-caption.av-kd4hz9nx-fb331aa0faaa9c578e2f07ccc45f5aa0__0 .avia-caption-content p{\ndisplay:none;\n}\n}\n<\/style>\n<div  class='avia-slideshow av-kd4hz9nx-fb331aa0faaa9c578e2f07ccc45f5aa0 avia-slideshow-featured av_slideshow_full avia-slide-slider av-slideshow-ui av-control-default av-slideshow-manual av-loop-once av-loop-manual-endless av-default-height-applied   avia-slideshow-1' data-slideshow-options=\"{&quot;animation&quot;:&quot;slide&quot;,&quot;autoplay&quot;:false,&quot;loop_autoplay&quot;:&quot;once&quot;,&quot;interval&quot;:5,&quot;loop_manual&quot;:&quot;manual-endless&quot;,&quot;autoplay_stopper&quot;:false,&quot;noNavigation&quot;:false,&quot;bg_slider&quot;:false,&quot;keep_padding&quot;:false,&quot;hoverpause&quot;:false,&quot;show_slide_delay&quot;:0}\"  itemprop=\"image\" itemscope=\"itemscope\" itemtype=\"https:\/\/schema.org\/ImageObject\" ><ul class='avia-slideshow-inner ' style='padding-bottom: 28.72411489646%;'><li  class='avia-slideshow-slide av-kd4hz9nx-fb331aa0faaa9c578e2f07ccc45f5aa0__0  av-single-slide slide-1 slide-odd'><div data-rel='slideshow-1' class='avia-slide-wrap '   ><img decoding=\"async\" fetchpriority=\"high\" class=\"wp-image-3416 avia-img-lazy-loading-not-3416\"  src=\"https:\/\/maailmanmuutos.org\/wp-content\/uploads\/2023\/08\/euro_currency.jpg\" width=\"1497\" height=\"430\" title='kuvituskuvat' alt=''  itemprop=\"thumbnailUrl\" srcset=\"https:\/\/maailmanmuutos.org\/wp-content\/uploads\/2023\/08\/euro_currency.jpg 1500w, https:\/\/maailmanmuutos.org\/wp-content\/uploads\/2023\/08\/euro_currency-800x230.jpg 800w, https:\/\/maailmanmuutos.org\/wp-content\/uploads\/2023\/08\/euro_currency-120x34.jpg 120w, https:\/\/maailmanmuutos.org\/wp-content\/uploads\/2023\/08\/euro_currency-768x221.jpg 768w, https:\/\/maailmanmuutos.org\/wp-content\/uploads\/2023\/08\/euro_currency-705x203.jpg 705w\" sizes=\"(max-width: 1497px) 100vw, 1497px\" \/><\/div><\/li><\/ul><\/div><\/div><div id='after_full_slider_1'  class='main_color av_default_container_wrap container_wrap sidebar_right'  ><div class='container av-section-cont-open' ><div class='template-page content  av-content-small alpha units'><div class='post-entry post-entry-type-page post-entry-1490'><div class='entry-content-wrapper clearfix'>\n\n<style type=\"text\/css\" data-created_by=\"avia_inline_auto\" id=\"style-css-av-5spn6-3d3e8ead61d02f87ad7c9f2fc625dc24\">\n.flex_column.av-5spn6-3d3e8ead61d02f87ad7c9f2fc625dc24{\nborder-radius:0px 0px 0px 0px;\npadding:0px 0px 0px 0px;\n}\n<\/style>\n<div  class='flex_column av-5spn6-3d3e8ead61d02f87ad7c9f2fc625dc24 av_one_full  avia-builder-el-1  el_after_av_slideshow_full  avia-builder-el-no-sibling  first flex_column_div av-zero-column-padding  '     ><p>\n<style type=\"text\/css\" data-created_by=\"avia_inline_auto\" id=\"style-css-av-av_heading-9c9f7ffc18b25a15d7f4e1dc40265004\">\n#top .av-special-heading.av-av_heading-9c9f7ffc18b25a15d7f4e1dc40265004{\npadding-bottom:10px;\n}\nbody .av-special-heading.av-av_heading-9c9f7ffc18b25a15d7f4e1dc40265004 .av-special-heading-tag .heading-char{\nfont-size:25px;\n}\n.av-special-heading.av-av_heading-9c9f7ffc18b25a15d7f4e1dc40265004 .av-subheading{\nfont-size:15px;\n}\n<\/style>\n<div  class='av-special-heading av-av_heading-9c9f7ffc18b25a15d7f4e1dc40265004 av-special-heading-h1  avia-builder-el-2  el_before_av_hr  avia-builder-el-first '><h1 class='av-special-heading-tag'  itemprop=\"headline\"  >EURO-alue talouskriisin kourissa<\/h1><div class=\"special-heading-border\"><div class=\"special-heading-inner-border\"><\/div><\/div><\/div><br \/>\n\n<style type=\"text\/css\" data-created_by=\"avia_inline_auto\" id=\"style-css-av-llcaj7zd-34cb43be0ede18145119023132c7d66f\">\n#top .hr.hr-invisible.av-llcaj7zd-34cb43be0ede18145119023132c7d66f{\nheight:50px;\n}\n<\/style>\n<div  class='hr av-llcaj7zd-34cb43be0ede18145119023132c7d66f hr-invisible  avia-builder-el-3  el_after_av_heading  el_before_av_textblock '><span class='hr-inner '><span class=\"hr-inner-style\"><\/span><\/span><\/div><br \/>\n<section  class='av_textblock_section av-lezr0od0-94e7bd8ef786eea3c9a8d27065495667 '   itemscope=\"itemscope\" itemtype=\"https:\/\/schema.org\/CreativeWork\" ><div class='avia_textblock'  itemprop=\"text\" ><p><em><strong>Taloutta elvytet\u00e4\u00e4n<\/strong><\/em><\/p>\n<p>Maailmanlaajuiseksi levinnyt talouskriisi syksyst\u00e4 2008 alkaen ravisutti my\u00f6s Euroopassa yhteisvaluuttaa k\u00e4ytt\u00e4vi\u00e4, talous- ja rahaliittoon eli euro-alueeseen kuuluvia maita. Euro-alueen pankit olivat amerikkalaispankkien ohella osallistuneet rahan lainaamiseen tuottavasti mutta heikoilla vakuuksilla, joten luottotappiot uhkasivat kaataa suuriakin pankkeja. T\u00e4ll\u00f6in valtiot pelastaakseen pankkij\u00e4rjestelm\u00e4n romahdukselta takasivat suuren m\u00e4\u00e4r\u00e4n lainoja ja s\u00e4\u00e4st\u00f6j\u00e4 sek\u00e4 muutenkin k\u00e4yttiv\u00e4t julkista rahoitusta talouden elvytt\u00e4miseen.<\/p>\n<p><strong><em>Valtioiden budjettivajeet kasvaneet<\/em><\/strong><\/p>\n<p>Valtioiden takaukset ja muut julkiset menot kasvattivat nopeasti budjettivajeita, jolloin luotonantajat puolestaan nostivat korkoja havaitessaan riskien kasvavan. Euroalueella alettiin pel\u00e4t\u00e4 heikentyneiden talouksien, aluksi l\u00e4hinn\u00e4 Kreikan ja Irlannin, joutuvan maksukyvytt\u00f6miksi, jolloin seurauksena olisi suurten pankkien romahdus ja yhteisvaluutan arvon heikentyminen. Alettiin puhua jopa talous- ja rahaliiton hajoamisesta.<\/p>\n<p><em><strong>Kalliit pelastusoperaatiot<\/strong><\/em><\/p>\n<p>EU:n piiriss\u00e4 ryhdyttiin vuonna 2010 laajaan pelastusoperaatioon, jolloin vaikeuksiin joutuneiden valtioiden tueksi ker\u00e4ttiin kymmenien miljardien eurojen takuurahastoja, yhteism\u00e4\u00e4r\u00e4lt\u00e4\u00e4n noin 700 miljardia euroa. Hankkeesta syntyi kuitenkin sek\u00e4 periaatteellisia ett\u00e4 k\u00e4yt\u00e4nn\u00f6n toteutuksen kiistoja, jotka horjuttivat luottamusta euro-alueen ja koko EU:n tulevaisuuteen. K\u00e4vi ilmi, ett\u00e4 monissa maissa oli talouden huonoa tilaa peitelty jopa v\u00e4\u00e4rent\u00e4m\u00e4ll\u00e4 tilastoja, ja sijoitusten oli annettu kasvaa \u201dkupliksi\u201d ilman riitt\u00e4vi\u00e4 katteita. Tiukempaa talouskuria noudattaneiden maiden kansalaiset eiv\u00e4t halunneet ryhty\u00e4 maksamaan tuhlareiden velkoja.<\/p>\n<p><em><strong>Taustalla reaalitalouden ongelmat<\/strong><\/em><\/p>\n<p>Pankki- ja rahoituskriisien taustalla ovat olleet reaalitalouden ongelmat monissa EU-maissa, kun talouskehitys vuosina 2008\u20132009 polki paikallaan tai k\u00e4\u00e4ntyi negatiiviseksi. Julkisen talouden velkataakka kasvoi koko unionin alueella arveluttavan suureksi. Siit\u00e4 syntyi tarve s\u00e4\u00e4st\u00f6ihin ja kulujen leikkauksiin, joilla kuitenkin on kansalaisten ostovoimaa ja samalla elintasoa alentava vaikutus. S\u00e4\u00e4st\u00f6toimet her\u00e4ttiv\u00e4t vastalauseita, jotka ilmeniv\u00e4t muun muassa laajoina lakkoina ja mielenosoituksina. Monessa EU-maassa yhteiskunnallinen ilmapiiri kiristyi, kun tavalliset ihmiset kokivat joutuvansa pankkien liiallisen voitontavoittelun ja riskinoton maksumiehiksi.<\/p>\n<p><em><strong>Talouskehitys ep\u00e4tasaista<\/strong><\/em><\/p>\n<p>Euroopan unionin alueella talouden kehitys on viime vuosina ollut varsin ep\u00e4tasaista. Saksan talous on selvinnyt parhaiten, kun taas reuna-alueilla taantuma on selv\u00e4sti vakavampaa laatua. Ep\u00e4yhten\u00e4inen kehitys on kasvattanut ep\u00e4ilyksi\u00e4 yhteisvaluutan toimivuuden suhteen, eik\u00e4 luottamuksen palauttamisen keinoista vallitse kovinkaan suurta yksimielisyytt\u00e4.<\/p>\n<p>Vuosien 2010\u20132011 osalta euroalueen bruttokansantuotteen vuosikasvun on ennustettu j\u00e4\u00e4v\u00e4n alle kahteen prosenttiin. Saksa johtaa vuonna 2010 euroalueen talouskehityst\u00e4 3,6 prosentin kasvuennusteella, ja vuoden 2011 ennuste on hieman sen alle. T\u00e4m\u00e4 merkitsee, ett\u00e4 nopeaa nousua ei ole n\u00e4k\u00f6piiriss\u00e4 ja my\u00f6s EU:n talouskehityksen jakaantuminen pohjoisen \u00a0ja etel\u00e4n v\u00e4lill\u00e4 syvenee.<\/p>\n<p><em><strong>Rahoituskriisist\u00e4 nationalismin nousu?<\/strong><\/em><\/p>\n<p>Vuonna 2010 pyrittiin Euroopan unionille kehitt\u00e4m\u00e4\u00e4n mekanismeja, joilla lievennett\u00e4isiin talouden ep\u00e4tahtisuutta ja estett\u00e4isiin suurten budjettivajeiden syntyminen. Vaatimukset keskitetymm\u00e4st\u00e4 talouspolitiikasta talous- ja rahaliitossa tai koko EU:n alueella viittaavat kriitikoiden mielest\u00e4 liittovaltiokehitykseen ja kansallisen p\u00e4\u00e4t\u00f6ksentekovallan kaventamiseen. Monien maiden protestiliikkeet saavat voimansa t\u00e4llaisten toimien vastustamisesta.<\/p>\n<p>Talouskriisin yhten\u00e4 seurauksena on ollut kansallismielisten puolueiden tai protestiliikkeiden voimistuminen. Selvimp\u00e4n\u00e4 t\u00e4m\u00e4 n\u00e4kyi Unkarissa, kun radikaalit oikeistopuolueet vuonna 2010 saivat suuren vaalivoiton ja sen turvin p\u00e4\u00e4siv\u00e4t ehdottoman enemmist\u00f6n takaamaan valtaan parlamentissa. L\u00e4ntisen Euroopan vanhoissa EU-maissa alettiin seurata suurella ep\u00e4luulolla tuollaista kehityst\u00e4, joka saattaa johtaa nationalismin nousuun ja Euroopan unionin arvojen vastaiseen poliittisen kehitykseen it\u00e4isess\u00e4 Euroopassa.<\/p>\n<p><em><strong>EU:n kilpailukyky heikentym\u00e4ss\u00e4<\/strong><\/em><\/p>\n<p>Euroopan unionin tulevaisuudesta huolestuneet ovat kiinnitt\u00e4neet erityist\u00e4 huomiota siihen, ett\u00e4 monet talouden mittarit osoittavat kilpailukyvyn heikentymist\u00e4 etenkin suhteessa Aasian kasvaviin talouksiin. Samalla kun Euroopasta on siirtynyt paljon tuotantoa Kiinaan ja Intiaan, kiinalainen rahap\u00e4\u00e4oma pesiytyy Eurooppaan. T\u00e4st\u00e4 arvioidaan seuraavan my\u00f6s poliittista riippuvuutta rahoittajista.<\/p>\n<\/div><\/section><\/p><\/div>\n","protected":false},"excerpt":{"rendered":"","protected":false},"author":1,"featured_media":0,"parent":1475,"menu_order":5,"comment_status":"closed","ping_status":"closed","template":"","meta":{"footnotes":""},"class_list":["post-1490","page","type-page","status-publish","hentry"],"_links":{"self":[{"href":"https:\/\/maailmanmuutos.org\/index.php\/wp-json\/wp\/v2\/pages\/1490","targetHints":{"allow":["GET"]}}],"collection":[{"href":"https:\/\/maailmanmuutos.org\/index.php\/wp-json\/wp\/v2\/pages"}],"about":[{"href":"https:\/\/maailmanmuutos.org\/index.php\/wp-json\/wp\/v2\/types\/page"}],"author":[{"embeddable":true,"href":"https:\/\/maailmanmuutos.org\/index.php\/wp-json\/wp\/v2\/users\/1"}],"replies":[{"embeddable":true,"href":"https:\/\/maailmanmuutos.org\/index.php\/wp-json\/wp\/v2\/comments?post=1490"}],"version-history":[{"count":6,"href":"https:\/\/maailmanmuutos.org\/index.php\/wp-json\/wp\/v2\/pages\/1490\/revisions"}],"predecessor-version":[{"id":3418,"href":"https:\/\/maailmanmuutos.org\/index.php\/wp-json\/wp\/v2\/pages\/1490\/revisions\/3418"}],"up":[{"embeddable":true,"href":"https:\/\/maailmanmuutos.org\/index.php\/wp-json\/wp\/v2\/pages\/1475"}],"wp:attachment":[{"href":"https:\/\/maailmanmuutos.org\/index.php\/wp-json\/wp\/v2\/media?parent=1490"}],"curies":[{"name":"wp","href":"https:\/\/api.w.org\/{rel}","templated":true}]}}