{"id":1520,"date":"2023-03-08T20:01:18","date_gmt":"2023-03-08T20:01:18","guid":{"rendered":"http:\/\/us.ylirotu.fi\/index.php\/maailman-muutos\/euroopan-kehitysnakymat\/euroopan-unionin-kehitys-2000-luvun-alussa-2\/unionin-laajennuskysymys\/"},"modified":"2023-08-15T12:42:06","modified_gmt":"2023-08-15T12:42:06","slug":"naton-sitoutuminen-afganistanin-sotaan","status":"publish","type":"page","link":"https:\/\/maailmanmuutos.org\/index.php\/kylmasta-sodasta-2000-luvulle\/euroopan-kehitysnakymat\/nato-2000-luvulla\/naton-sitoutuminen-afganistanin-sotaan\/","title":{"rendered":"Naton sitoutuminen Afganistanin sotaan\u00a0"},"content":{"rendered":"<div id='full_slider_1'  class='avia-fullwidth-slider main_color avia-shadow   avia-builder-el-0  el_before_av_one_full  avia-builder-el-first   container_wrap sidebar_right'  >\n<style type=\"text\/css\" data-created_by=\"avia_inline_auto\" id=\"style-css-av-kd4hz9nx-fb331aa0faaa9c578e2f07ccc45f5aa0\">\n#top #wrap_all .avia-slideshow .av-slideshow-caption.av-kd4hz9nx-fb331aa0faaa9c578e2f07ccc45f5aa0__0 .avia-caption-title{\nfont-size:22px;\n}\n#top .avia-slideshow .av-slideshow-caption.av-kd4hz9nx-fb331aa0faaa9c578e2f07ccc45f5aa0__0 .avia-caption-content{\nfont-size:14px;\n}\n#top .avia-slideshow .av-slideshow-caption.av-kd4hz9nx-fb331aa0faaa9c578e2f07ccc45f5aa0__0 .avia-caption-content p{\nfont-size:14px;\n}\n\n@media only screen and (min-width: 768px) and (max-width: 989px){ \n#top #wrap_all .avia-slideshow .av-slideshow-caption.av-kd4hz9nx-fb331aa0faaa9c578e2f07ccc45f5aa0__0 .avia-caption-title{\nfont-size:16px;\n}\n#top .avia-slideshow .av-slideshow-caption.av-kd4hz9nx-fb331aa0faaa9c578e2f07ccc45f5aa0__0 .avia-caption-content{\nfont-size:16px;\n}\n#top .avia-slideshow .av-slideshow-caption.av-kd4hz9nx-fb331aa0faaa9c578e2f07ccc45f5aa0__0 .avia-caption-content p{\nfont-size:16px;\n}\n}\n\n@media only screen and (min-width: 480px) and (max-width: 767px){ \n#top #wrap_all .avia-slideshow .av-slideshow-caption.av-kd4hz9nx-fb331aa0faaa9c578e2f07ccc45f5aa0__0 .avia-caption-title{\nfont-size:14px;\n}\n#top .avia-slideshow .av-slideshow-caption.av-kd4hz9nx-fb331aa0faaa9c578e2f07ccc45f5aa0__0 .avia-caption-content{\nfont-size:14px;\n}\n#top .avia-slideshow .av-slideshow-caption.av-kd4hz9nx-fb331aa0faaa9c578e2f07ccc45f5aa0__0 .avia-caption-content p{\nfont-size:14px;\n}\n}\n\n@media only screen and (max-width: 479px){ \n#top #wrap_all .avia-slideshow .av-slideshow-caption.av-kd4hz9nx-fb331aa0faaa9c578e2f07ccc45f5aa0__0 .avia-caption-title{\ndisplay:none;\n}\n#top .avia-slideshow .av-slideshow-caption.av-kd4hz9nx-fb331aa0faaa9c578e2f07ccc45f5aa0__0 .avia-caption-content{\ndisplay:none;\n}\n#top .avia-slideshow .av-slideshow-caption.av-kd4hz9nx-fb331aa0faaa9c578e2f07ccc45f5aa0__0 .avia-caption-content p{\ndisplay:none;\n}\n}\n<\/style>\n<div  class='avia-slideshow av-kd4hz9nx-fb331aa0faaa9c578e2f07ccc45f5aa0 avia-slideshow-featured av_slideshow_full avia-slide-slider av-slideshow-ui av-control-default av-slideshow-manual av-loop-once av-loop-manual-endless av-default-height-applied   avia-slideshow-1' data-slideshow-options=\"{&quot;animation&quot;:&quot;slide&quot;,&quot;autoplay&quot;:false,&quot;loop_autoplay&quot;:&quot;once&quot;,&quot;interval&quot;:5,&quot;loop_manual&quot;:&quot;manual-endless&quot;,&quot;autoplay_stopper&quot;:false,&quot;noNavigation&quot;:false,&quot;bg_slider&quot;:false,&quot;keep_padding&quot;:false,&quot;hoverpause&quot;:false,&quot;show_slide_delay&quot;:0}\"  itemprop=\"image\" itemscope=\"itemscope\" itemtype=\"https:\/\/schema.org\/ImageObject\" ><ul class='avia-slideshow-inner ' style='padding-bottom: 28.72411489646%;'><li  class='avia-slideshow-slide av-kd4hz9nx-fb331aa0faaa9c578e2f07ccc45f5aa0__0  av-single-slide slide-1 slide-odd'><div data-rel='slideshow-1' class='avia-slide-wrap '   ><img decoding=\"async\" fetchpriority=\"high\" class=\"wp-image-3212 avia-img-lazy-loading-not-3212\"  src=\"https:\/\/maailmanmuutos.org\/wp-content\/uploads\/2023\/08\/isaf-McChrystal.jpg\" width=\"1497\" height=\"430\" title='kuvituskuvat' alt=''  itemprop=\"thumbnailUrl\" srcset=\"https:\/\/maailmanmuutos.org\/wp-content\/uploads\/2023\/08\/isaf-McChrystal.jpg 1500w, https:\/\/maailmanmuutos.org\/wp-content\/uploads\/2023\/08\/isaf-McChrystal-800x230.jpg 800w, https:\/\/maailmanmuutos.org\/wp-content\/uploads\/2023\/08\/isaf-McChrystal-120x34.jpg 120w, https:\/\/maailmanmuutos.org\/wp-content\/uploads\/2023\/08\/isaf-McChrystal-768x221.jpg 768w, https:\/\/maailmanmuutos.org\/wp-content\/uploads\/2023\/08\/isaf-McChrystal-705x203.jpg 705w\" sizes=\"(max-width: 1497px) 100vw, 1497px\" \/><\/div><\/li><\/ul><\/div><\/div><div id='after_full_slider_1'  class='main_color av_default_container_wrap container_wrap sidebar_right'  ><div class='container av-section-cont-open' ><div class='template-page content  av-content-small alpha units'><div class='post-entry post-entry-type-page post-entry-1520'><div class='entry-content-wrapper clearfix'>\n\n<style type=\"text\/css\" data-created_by=\"avia_inline_auto\" id=\"style-css-av-5spn6-3d3e8ead61d02f87ad7c9f2fc625dc24\">\n.flex_column.av-5spn6-3d3e8ead61d02f87ad7c9f2fc625dc24{\nborder-radius:0px 0px 0px 0px;\npadding:0px 0px 0px 0px;\n}\n<\/style>\n<div  class='flex_column av-5spn6-3d3e8ead61d02f87ad7c9f2fc625dc24 av_one_full  avia-builder-el-1  el_after_av_slideshow_full  avia-builder-el-no-sibling  first flex_column_div av-zero-column-padding  '     ><p>\n<style type=\"text\/css\" data-created_by=\"avia_inline_auto\" id=\"style-css-av-2sx7xc-8aabf5e56553a6b2747c3f61d42c26d5\">\n#top .av-special-heading.av-2sx7xc-8aabf5e56553a6b2747c3f61d42c26d5{\npadding-bottom:10px;\n}\nbody .av-special-heading.av-2sx7xc-8aabf5e56553a6b2747c3f61d42c26d5 .av-special-heading-tag .heading-char{\nfont-size:25px;\n}\n.av-special-heading.av-2sx7xc-8aabf5e56553a6b2747c3f61d42c26d5 .av-subheading{\nfont-size:15px;\n}\n<\/style>\n<div  class='av-special-heading av-2sx7xc-8aabf5e56553a6b2747c3f61d42c26d5 av-special-heading-h1  avia-builder-el-2  el_before_av_hr  avia-builder-el-first '><h1 class='av-special-heading-tag'  itemprop=\"headline\"  >Naton sitoutuminen Afganistanin sotaan<\/h1><div class=\"special-heading-border\"><div class=\"special-heading-inner-border\"><\/div><\/div><\/div><br \/>\n\n<style type=\"text\/css\" data-created_by=\"avia_inline_auto\" id=\"style-css-av-llaxml50-5c80449018d6f823ad34756e13ea40d3\">\n#top .hr.hr-invisible.av-llaxml50-5c80449018d6f823ad34756e13ea40d3{\nheight:50px;\n}\n<\/style>\n<div  class='hr av-llaxml50-5c80449018d6f823ad34756e13ea40d3 hr-invisible  avia-builder-el-3  el_after_av_heading  el_before_av_textblock '><span class='hr-inner '><span class=\"hr-inner-style\"><\/span><\/span><\/div><br \/>\n<section  class='av_textblock_section av-lezr0od0-94e7bd8ef786eea3c9a8d27065495667 '   itemscope=\"itemscope\" itemtype=\"https:\/\/schema.org\/CreativeWork\" ><div class='avia_textblock'  itemprop=\"text\" ><p><em><strong>Nato vakautusoperaation johtoon<\/strong><\/em><\/p>\n<p>Yhdysvaltojen hy\u00f6kk\u00e4ys Afganistaniin syksyll\u00e4 2001 tapahtui ilman Nato-liittolaisten merkitt\u00e4v\u00e4\u00e4 tukea. Joukkoja ei edes pyydetty sotatoimiin juuri muilta kuin l\u00e4heiselt\u00e4 yhteisty\u00f6kumppanilta Isolta-Britannialta. Sen sijaan Naton huollollinen tuki oli amerikkalaisten k\u00e4yt\u00f6ss\u00e4, ja useat liiton j\u00e4senmaat l\u00e4hettiv\u00e4t Afganistanin taisteluihin my\u00f6s erikoisjoukkoja.<\/p>\n<p>Rauhanturvaoperaatio ISAF aloitti toimintansa YK:n valtuuttamana Kabulissa joulukuussa 2001 Naton yksitt\u00e4isten j\u00e4sen- ja kumppanuusmaiden voimin. Mukaan tuli eurooppalaisten lis\u00e4ksi my\u00f6s muiden maanosien valtioita. Parin vuoden kuluessa k\u00e4vi kuitenkin ilmi, ett\u00e4 tarvitaan kiinte\u00e4mp\u00e4\u00e4 organisaatiota ja vastuualueen laajentamista Kabulin ulkopuolelle. Nato otti ISAF-operaation johtoonsa elokuussa 2003, jolloin siihen osallistui noin 10 000 sotilasta.<\/p>\n<p><em><strong>Vastuualueeksi koko Afganistan<\/strong><\/em><\/p>\n<p>Kes\u00e4ll\u00e4 2004 Nato laajensi vastuualueensa l\u00e4hes koko Afganistanin k\u00e4sitt\u00e4v\u00e4ksi, ja samalla my\u00f6s amerikkalaisia joukkoja alistettiin Naton komentoon. Useimmilla j\u00e4senmailla oli kuitenkin varauksia joukkojensa toiminnan suhteen, joten niiden k\u00e4ytt\u00f6 varsinaisiin taisteluihin j\u00e4i v\u00e4h\u00e4iseksi. Jo Afganistanin kaupungeista syrj\u00e4isille Pakistanin rajaseuduille ly\u00f6dyt talibanit valtasivat v\u00e4hitellen takaisin alueita, joten Naton piiriss\u00e4 kasvoi paine lis\u00e4t\u00e4 joukkojen m\u00e4\u00e4r\u00e4\u00e4 ja koventaa teht\u00e4vi\u00e4. \u00a0Useat j\u00e4senmaat, erityisesti Saksa ja Ranska, vastustivat kuitenkin sotilaidensa k\u00e4ytt\u00e4mist\u00e4 aktiivisesti taisteluihin.<\/p>\n<p><em><strong>Taisteluja etel\u00e4isess\u00e4 Afganistanissa<\/strong><\/em><\/p>\n<p>Vuonna 2006 Naton piiriss\u00e4 havaittiin, ett\u00e4 oli sitouduttu pitk\u00e4\u00e4n ja kuluttavaan sotaan, jossa ei ollut n\u00e4kyvill\u00e4 voittoa vaan pikemminkin vain kasvavia tappioita. Yritykset laajentaa Naton taistelutoimia etel\u00e4isess\u00e4 Afganistanissa tuottivat huonosti tulosta, joten Yhdysvallat p\u00e4\u00e4tti ottaa itselleen yh\u00e4 enemm\u00e4n vastuuta. Amerikkalainen kenraali johti sotatoimia, ja liittolaisten teht\u00e4v\u00e4ksi j\u00e4i l\u00e4hinn\u00e4 niiden tukeminen suuresti vaihtelevin panoksin. Vuoden 2010 lopulla Yhdysvaltojen johtamissa voimissa Afganistanissa on l\u00e4hes 150 000 sotilasta, joista kaksi kolmasosaa kuuluu ISAF-joukkoihin.<\/p>\n<p><em><strong>Sota pitkittyi<\/strong><\/em><\/p>\n<p>Afganistanin sodan pitkittyminen sek\u00e4 tappioiden ja kustannusten kasvaminen ovat aiheuttaneet kiistoja Naton j\u00e4senmaiden kesken, koska taistelutoimien rasitukset eiv\u00e4t ole jakautuneet l\u00e4hesk\u00e4\u00e4n tasaisesti ja kotimainen mielipide on k\u00e4\u00e4ntynyt lis\u00e4joukkojen l\u00e4hett\u00e4mist\u00e4 vastaan. Muutamat Nato-maat ovat kotiuttaneet osastonsa Afganistanista sis\u00e4poliittisten paineiden vuoksi. Yhdysvaltojen presidentti ilmoitti aloittavansa joukkojen kotiuttamisen kes\u00e4ll\u00e4 2011 p\u00e4\u00e4m\u00e4\u00e4r\u00e4n\u00e4 taistelutoimien lopettaminen vuonna 2014. Siihen menness\u00e4 pit\u00e4isi vastuu turvallisuuden yll\u00e4pidosta siirt\u00e4\u00e4 Afganistanin armeijalle ja poliisille.<\/p>\n<\/div><\/section><\/p><\/div>\n","protected":false},"excerpt":{"rendered":"","protected":false},"author":1,"featured_media":0,"parent":1515,"menu_order":3,"comment_status":"closed","ping_status":"closed","template":"","meta":{"footnotes":""},"class_list":["post-1520","page","type-page","status-publish","hentry"],"_links":{"self":[{"href":"https:\/\/maailmanmuutos.org\/index.php\/wp-json\/wp\/v2\/pages\/1520","targetHints":{"allow":["GET"]}}],"collection":[{"href":"https:\/\/maailmanmuutos.org\/index.php\/wp-json\/wp\/v2\/pages"}],"about":[{"href":"https:\/\/maailmanmuutos.org\/index.php\/wp-json\/wp\/v2\/types\/page"}],"author":[{"embeddable":true,"href":"https:\/\/maailmanmuutos.org\/index.php\/wp-json\/wp\/v2\/users\/1"}],"replies":[{"embeddable":true,"href":"https:\/\/maailmanmuutos.org\/index.php\/wp-json\/wp\/v2\/comments?post=1520"}],"version-history":[{"count":10,"href":"https:\/\/maailmanmuutos.org\/index.php\/wp-json\/wp\/v2\/pages\/1520\/revisions"}],"predecessor-version":[{"id":3423,"href":"https:\/\/maailmanmuutos.org\/index.php\/wp-json\/wp\/v2\/pages\/1520\/revisions\/3423"}],"up":[{"embeddable":true,"href":"https:\/\/maailmanmuutos.org\/index.php\/wp-json\/wp\/v2\/pages\/1515"}],"wp:attachment":[{"href":"https:\/\/maailmanmuutos.org\/index.php\/wp-json\/wp\/v2\/media?parent=1520"}],"curies":[{"name":"wp","href":"https:\/\/api.w.org\/{rel}","templated":true}]}}

<div id='full_slider_1'  class='avia-fullwidth-slider main_color avia-shadow   avia-builder-el-0  el_before_av_one_full  avia-builder-el-first   container_wrap sidebar_right'  >
<style type="text/css" data-created_by="avia_inline_auto" id="style-css-av-kd4hz9nx-fb331aa0faaa9c578e2f07ccc45f5aa0">
#top #wrap_all .avia-slideshow .av-slideshow-caption.av-kd4hz9nx-fb331aa0faaa9c578e2f07ccc45f5aa0__0 .avia-caption-title{
font-size:22px;
}
#top .avia-slideshow .av-slideshow-caption.av-kd4hz9nx-fb331aa0faaa9c578e2f07ccc45f5aa0__0 .avia-caption-content{
font-size:14px;
}
#top .avia-slideshow .av-slideshow-caption.av-kd4hz9nx-fb331aa0faaa9c578e2f07ccc45f5aa0__0 .avia-caption-content p{
font-size:14px;
}

@media only screen and (min-width: 768px) and (max-width: 989px){ 
#top #wrap_all .avia-slideshow .av-slideshow-caption.av-kd4hz9nx-fb331aa0faaa9c578e2f07ccc45f5aa0__0 .avia-caption-title{
font-size:16px;
}
#top .avia-slideshow .av-slideshow-caption.av-kd4hz9nx-fb331aa0faaa9c578e2f07ccc45f5aa0__0 .avia-caption-content{
font-size:16px;
}
#top .avia-slideshow .av-slideshow-caption.av-kd4hz9nx-fb331aa0faaa9c578e2f07ccc45f5aa0__0 .avia-caption-content p{
font-size:16px;
}
}

@media only screen and (min-width: 480px) and (max-width: 767px){ 
#top #wrap_all .avia-slideshow .av-slideshow-caption.av-kd4hz9nx-fb331aa0faaa9c578e2f07ccc45f5aa0__0 .avia-caption-title{
font-size:14px;
}
#top .avia-slideshow .av-slideshow-caption.av-kd4hz9nx-fb331aa0faaa9c578e2f07ccc45f5aa0__0 .avia-caption-content{
font-size:14px;
}
#top .avia-slideshow .av-slideshow-caption.av-kd4hz9nx-fb331aa0faaa9c578e2f07ccc45f5aa0__0 .avia-caption-content p{
font-size:14px;
}
}

@media only screen and (max-width: 479px){ 
#top #wrap_all .avia-slideshow .av-slideshow-caption.av-kd4hz9nx-fb331aa0faaa9c578e2f07ccc45f5aa0__0 .avia-caption-title{
display:none;
}
#top .avia-slideshow .av-slideshow-caption.av-kd4hz9nx-fb331aa0faaa9c578e2f07ccc45f5aa0__0 .avia-caption-content{
display:none;
}
#top .avia-slideshow .av-slideshow-caption.av-kd4hz9nx-fb331aa0faaa9c578e2f07ccc45f5aa0__0 .avia-caption-content p{
display:none;
}
}
</style>
<div  class='avia-slideshow av-kd4hz9nx-fb331aa0faaa9c578e2f07ccc45f5aa0 avia-slideshow-featured av_slideshow_full avia-slide-slider av-slideshow-ui av-control-default av-slideshow-manual av-loop-once av-loop-manual-endless av-default-height-applied   avia-slideshow-1' data-slideshow-options="{&quot;animation&quot;:&quot;slide&quot;,&quot;autoplay&quot;:false,&quot;loop_autoplay&quot;:&quot;once&quot;,&quot;interval&quot;:5,&quot;loop_manual&quot;:&quot;manual-endless&quot;,&quot;autoplay_stopper&quot;:false,&quot;noNavigation&quot;:false,&quot;bg_slider&quot;:false,&quot;keep_padding&quot;:false,&quot;hoverpause&quot;:false,&quot;show_slide_delay&quot;:0}"  itemprop="image" itemscope="itemscope" itemtype="https://schema.org/ImageObject" ><ul class='avia-slideshow-inner ' style='padding-bottom: 28.72411489646%;'><li  class='avia-slideshow-slide av-kd4hz9nx-fb331aa0faaa9c578e2f07ccc45f5aa0__0  av-single-slide slide-1 slide-odd'><div data-rel='slideshow-1' class='avia-slide-wrap '   ><img decoding="async" fetchpriority="high" class="wp-image-3212 avia-img-lazy-loading-not-3212"  src="https://maailmanmuutos.org/wp-content/uploads/2023/08/isaf-McChrystal.jpg" width="1497" height="430" title='kuvituskuvat' alt=''  itemprop="thumbnailUrl" srcset="https://maailmanmuutos.org/wp-content/uploads/2023/08/isaf-McChrystal.jpg 1500w, https://maailmanmuutos.org/wp-content/uploads/2023/08/isaf-McChrystal-800x230.jpg 800w, https://maailmanmuutos.org/wp-content/uploads/2023/08/isaf-McChrystal-120x34.jpg 120w, https://maailmanmuutos.org/wp-content/uploads/2023/08/isaf-McChrystal-768x221.jpg 768w, https://maailmanmuutos.org/wp-content/uploads/2023/08/isaf-McChrystal-705x203.jpg 705w" sizes="(max-width: 1497px) 100vw, 1497px" /></div></li></ul></div></div><div id='after_full_slider_1'  class='main_color av_default_container_wrap container_wrap sidebar_right'  ><div class='container av-section-cont-open' ><div class='template-page content  av-content-small alpha units'><div class='post-entry post-entry-type-page post-entry-1520'><div class='entry-content-wrapper clearfix'>

<style type="text/css" data-created_by="avia_inline_auto" id="style-css-av-5spn6-3d3e8ead61d02f87ad7c9f2fc625dc24">
.flex_column.av-5spn6-3d3e8ead61d02f87ad7c9f2fc625dc24{
border-radius:0px 0px 0px 0px;
padding:0px 0px 0px 0px;
}
</style>
<div  class='flex_column av-5spn6-3d3e8ead61d02f87ad7c9f2fc625dc24 av_one_full  avia-builder-el-1  el_after_av_slideshow_full  avia-builder-el-no-sibling  first flex_column_div av-zero-column-padding  '     ><p>
<style type="text/css" data-created_by="avia_inline_auto" id="style-css-av-2sx7xc-8aabf5e56553a6b2747c3f61d42c26d5">
#top .av-special-heading.av-2sx7xc-8aabf5e56553a6b2747c3f61d42c26d5{
padding-bottom:10px;
}
body .av-special-heading.av-2sx7xc-8aabf5e56553a6b2747c3f61d42c26d5 .av-special-heading-tag .heading-char{
font-size:25px;
}
.av-special-heading.av-2sx7xc-8aabf5e56553a6b2747c3f61d42c26d5 .av-subheading{
font-size:15px;
}
</style>
<div  class='av-special-heading av-2sx7xc-8aabf5e56553a6b2747c3f61d42c26d5 av-special-heading-h1  avia-builder-el-2  el_before_av_hr  avia-builder-el-first '><h1 class='av-special-heading-tag'  itemprop="headline"  >Naton sitoutuminen Afganistanin sotaan</h1><div class="special-heading-border"><div class="special-heading-inner-border"></div></div></div><br />

<style type="text/css" data-created_by="avia_inline_auto" id="style-css-av-llaxml50-5c80449018d6f823ad34756e13ea40d3">
#top .hr.hr-invisible.av-llaxml50-5c80449018d6f823ad34756e13ea40d3{
height:50px;
}
</style>
<div  class='hr av-llaxml50-5c80449018d6f823ad34756e13ea40d3 hr-invisible  avia-builder-el-3  el_after_av_heading  el_before_av_textblock '><span class='hr-inner '><span class="hr-inner-style"></span></span></div><br />
<section  class='av_textblock_section av-lezr0od0-94e7bd8ef786eea3c9a8d27065495667 '   itemscope="itemscope" itemtype="https://schema.org/CreativeWork" ><div class='avia_textblock'  itemprop="text" ><p><em><strong>Nato vakautusoperaation johtoon</strong></em></p>
<p>Yhdysvaltojen hyökkäys Afganistaniin syksyllä 2001 tapahtui ilman Nato-liittolaisten merkittävää tukea. Joukkoja ei edes pyydetty sotatoimiin juuri muilta kuin läheiseltä yhteistyökumppanilta Isolta-Britannialta. Sen sijaan Naton huollollinen tuki oli amerikkalaisten käytössä, ja useat liiton jäsenmaat lähettivät Afganistanin taisteluihin myös erikoisjoukkoja.</p>
<p>Rauhanturvaoperaatio ISAF aloitti toimintansa YK:n valtuuttamana Kabulissa joulukuussa 2001 Naton yksittäisten jäsen- ja kumppanuusmaiden voimin. Mukaan tuli eurooppalaisten lisäksi myös muiden maanosien valtioita. Parin vuoden kuluessa kävi kuitenkin ilmi, että tarvitaan kiinteämpää organisaatiota ja vastuualueen laajentamista Kabulin ulkopuolelle. Nato otti ISAF-operaation johtoonsa elokuussa 2003, jolloin siihen osallistui noin 10 000 sotilasta.</p>
<p><em><strong>Vastuualueeksi koko Afganistan</strong></em></p>
<p>Kesällä 2004 Nato laajensi vastuualueensa lähes koko Afganistanin käsittäväksi, ja samalla myös amerikkalaisia joukkoja alistettiin Naton komentoon. Useimmilla jäsenmailla oli kuitenkin varauksia joukkojensa toiminnan suhteen, joten niiden käyttö varsinaisiin taisteluihin jäi vähäiseksi. Jo Afganistanin kaupungeista syrjäisille Pakistanin rajaseuduille lyödyt talibanit valtasivat vähitellen takaisin alueita, joten Naton piirissä kasvoi paine lisätä joukkojen määrää ja koventaa tehtäviä.  Useat jäsenmaat, erityisesti Saksa ja Ranska, vastustivat kuitenkin sotilaidensa käyttämistä aktiivisesti taisteluihin.</p>
<p><em><strong>Taisteluja eteläisessä Afganistanissa</strong></em></p>
<p>Vuonna 2006 Naton piirissä havaittiin, että oli sitouduttu pitkään ja kuluttavaan sotaan, jossa ei ollut näkyvillä voittoa vaan pikemminkin vain kasvavia tappioita. Yritykset laajentaa Naton taistelutoimia eteläisessä Afganistanissa tuottivat huonosti tulosta, joten Yhdysvallat päätti ottaa itselleen yhä enemmän vastuuta. Amerikkalainen kenraali johti sotatoimia, ja liittolaisten tehtäväksi jäi lähinnä niiden tukeminen suuresti vaihtelevin panoksin. Vuoden 2010 lopulla Yhdysvaltojen johtamissa voimissa Afganistanissa on lähes 150 000 sotilasta, joista kaksi kolmasosaa kuuluu ISAF-joukkoihin.</p>
<p><em><strong>Sota pitkittyi</strong></em></p>
<p>Afganistanin sodan pitkittyminen sekä tappioiden ja kustannusten kasvaminen ovat aiheuttaneet kiistoja Naton jäsenmaiden kesken, koska taistelutoimien rasitukset eivät ole jakautuneet läheskään tasaisesti ja kotimainen mielipide on kääntynyt lisäjoukkojen lähettämistä vastaan. Muutamat Nato-maat ovat kotiuttaneet osastonsa Afganistanista sisäpoliittisten paineiden vuoksi. Yhdysvaltojen presidentti ilmoitti aloittavansa joukkojen kotiuttamisen kesällä 2011 päämääränä taistelutoimien lopettaminen vuonna 2014. Siihen mennessä pitäisi vastuu turvallisuuden ylläpidosta siirtää Afganistanin armeijalle ja poliisille.</p>
</div></section></p></div>
