{"id":1613,"date":"2023-03-08T20:19:18","date_gmt":"2023-03-08T20:19:18","guid":{"rendered":"http:\/\/us.ylirotu.fi\/?page_id=1613"},"modified":"2023-08-14T14:46:07","modified_gmt":"2023-08-14T14:46:07","slug":"ukraina-2000-luvulla","status":"publish","type":"page","link":"https:\/\/maailmanmuutos.org\/index.php\/kylmasta-sodasta-2000-luvulle\/euroopan-kehitysnakymat\/venajan-ja-muun-ita-euroopan-kehitysnakymat\/ukraina-2000-luvulla\/","title":{"rendered":"Ukraina\u00a02000-luvulla\u00a0"},"content":{"rendered":"<div id='full_slider_1'  class='avia-fullwidth-slider main_color avia-shadow   avia-builder-el-0  el_before_av_one_full  avia-builder-el-first   container_wrap sidebar_right'  >\n<style type=\"text\/css\" data-created_by=\"avia_inline_auto\" id=\"style-css-av-kd4hz9nx-fb331aa0faaa9c578e2f07ccc45f5aa0\">\n#top #wrap_all .avia-slideshow .av-slideshow-caption.av-kd4hz9nx-fb331aa0faaa9c578e2f07ccc45f5aa0__0 .avia-caption-title{\nfont-size:22px;\n}\n#top .avia-slideshow .av-slideshow-caption.av-kd4hz9nx-fb331aa0faaa9c578e2f07ccc45f5aa0__0 .avia-caption-content{\nfont-size:14px;\n}\n#top .avia-slideshow .av-slideshow-caption.av-kd4hz9nx-fb331aa0faaa9c578e2f07ccc45f5aa0__0 .avia-caption-content p{\nfont-size:14px;\n}\n\n@media only screen and (min-width: 768px) and (max-width: 989px){ \n#top #wrap_all .avia-slideshow .av-slideshow-caption.av-kd4hz9nx-fb331aa0faaa9c578e2f07ccc45f5aa0__0 .avia-caption-title{\nfont-size:16px;\n}\n#top .avia-slideshow .av-slideshow-caption.av-kd4hz9nx-fb331aa0faaa9c578e2f07ccc45f5aa0__0 .avia-caption-content{\nfont-size:16px;\n}\n#top .avia-slideshow .av-slideshow-caption.av-kd4hz9nx-fb331aa0faaa9c578e2f07ccc45f5aa0__0 .avia-caption-content p{\nfont-size:16px;\n}\n}\n\n@media only screen and (min-width: 480px) and (max-width: 767px){ \n#top #wrap_all .avia-slideshow .av-slideshow-caption.av-kd4hz9nx-fb331aa0faaa9c578e2f07ccc45f5aa0__0 .avia-caption-title{\nfont-size:14px;\n}\n#top .avia-slideshow .av-slideshow-caption.av-kd4hz9nx-fb331aa0faaa9c578e2f07ccc45f5aa0__0 .avia-caption-content{\nfont-size:14px;\n}\n#top .avia-slideshow .av-slideshow-caption.av-kd4hz9nx-fb331aa0faaa9c578e2f07ccc45f5aa0__0 .avia-caption-content p{\nfont-size:14px;\n}\n}\n\n@media only screen and (max-width: 479px){ \n#top #wrap_all .avia-slideshow .av-slideshow-caption.av-kd4hz9nx-fb331aa0faaa9c578e2f07ccc45f5aa0__0 .avia-caption-title{\ndisplay:none;\n}\n#top .avia-slideshow .av-slideshow-caption.av-kd4hz9nx-fb331aa0faaa9c578e2f07ccc45f5aa0__0 .avia-caption-content{\ndisplay:none;\n}\n#top .avia-slideshow .av-slideshow-caption.av-kd4hz9nx-fb331aa0faaa9c578e2f07ccc45f5aa0__0 .avia-caption-content p{\ndisplay:none;\n}\n}\n<\/style>\n<div  class='avia-slideshow av-kd4hz9nx-fb331aa0faaa9c578e2f07ccc45f5aa0 avia-slideshow-featured av_slideshow_full avia-slide-slider av-slideshow-ui av-control-default av-slideshow-manual av-loop-once av-loop-manual-endless av-default-height-applied   avia-slideshow-1' data-slideshow-options=\"{&quot;animation&quot;:&quot;slide&quot;,&quot;autoplay&quot;:false,&quot;loop_autoplay&quot;:&quot;once&quot;,&quot;interval&quot;:5,&quot;loop_manual&quot;:&quot;manual-endless&quot;,&quot;autoplay_stopper&quot;:false,&quot;noNavigation&quot;:false,&quot;bg_slider&quot;:false,&quot;keep_padding&quot;:false,&quot;hoverpause&quot;:false,&quot;show_slide_delay&quot;:0}\"  itemprop=\"image\" itemscope=\"itemscope\" itemtype=\"https:\/\/schema.org\/ImageObject\" ><ul class='avia-slideshow-inner ' style='padding-bottom: 28.72411489646%;'><li  class='avia-slideshow-slide av-kd4hz9nx-fb331aa0faaa9c578e2f07ccc45f5aa0__0  av-single-slide slide-1 slide-odd'><div data-rel='slideshow-1' class='avia-slide-wrap '   ><img decoding=\"async\" fetchpriority=\"high\" class=\"wp-image-3229 avia-img-lazy-loading-not-3229\"  src=\"https:\/\/maailmanmuutos.org\/wp-content\/uploads\/2023\/08\/justsenko.jpg\" width=\"1497\" height=\"430\" title='kuvituskuvat' alt=''  itemprop=\"thumbnailUrl\" srcset=\"https:\/\/maailmanmuutos.org\/wp-content\/uploads\/2023\/08\/justsenko.jpg 1500w, https:\/\/maailmanmuutos.org\/wp-content\/uploads\/2023\/08\/justsenko-800x230.jpg 800w, https:\/\/maailmanmuutos.org\/wp-content\/uploads\/2023\/08\/justsenko-120x34.jpg 120w, https:\/\/maailmanmuutos.org\/wp-content\/uploads\/2023\/08\/justsenko-768x221.jpg 768w, https:\/\/maailmanmuutos.org\/wp-content\/uploads\/2023\/08\/justsenko-705x203.jpg 705w\" sizes=\"(max-width: 1497px) 100vw, 1497px\" \/><\/div><\/li><\/ul><\/div><\/div><div id='after_full_slider_1'  class='main_color av_default_container_wrap container_wrap sidebar_right'  ><div class='container av-section-cont-open' ><div class='template-page content  av-content-small alpha units'><div class='post-entry post-entry-type-page post-entry-1613'><div class='entry-content-wrapper clearfix'>\n\n<style type=\"text\/css\" data-created_by=\"avia_inline_auto\" id=\"style-css-av-5spn6-3d3e8ead61d02f87ad7c9f2fc625dc24\">\n.flex_column.av-5spn6-3d3e8ead61d02f87ad7c9f2fc625dc24{\nborder-radius:0px 0px 0px 0px;\npadding:0px 0px 0px 0px;\n}\n<\/style>\n<div  class='flex_column av-5spn6-3d3e8ead61d02f87ad7c9f2fc625dc24 av_one_full  avia-builder-el-1  el_after_av_slideshow_full  avia-builder-el-no-sibling  first flex_column_div av-zero-column-padding  '     ><p>\n<style type=\"text\/css\" data-created_by=\"avia_inline_auto\" id=\"style-css-av-2z1rt9-4b98c6eef6be66233c6f734646fcc77c\">\n#top .av-special-heading.av-2z1rt9-4b98c6eef6be66233c6f734646fcc77c{\npadding-bottom:10px;\n}\nbody .av-special-heading.av-2z1rt9-4b98c6eef6be66233c6f734646fcc77c .av-special-heading-tag .heading-char{\nfont-size:25px;\n}\n.av-special-heading.av-2z1rt9-4b98c6eef6be66233c6f734646fcc77c .av-subheading{\nfont-size:15px;\n}\n<\/style>\n<div  class='av-special-heading av-2z1rt9-4b98c6eef6be66233c6f734646fcc77c av-special-heading-h1  avia-builder-el-2  el_before_av_textblock  avia-builder-el-first '><h1 class='av-special-heading-tag'  itemprop=\"headline\"  >Ukraina 2000-luvulla <\/h1><div class=\"special-heading-border\"><div class=\"special-heading-inner-border\"><\/div><\/div><\/div><br \/>\n<section  class='av_textblock_section av-lezr0od0-94e7bd8ef786eea3c9a8d27065495667 '   itemscope=\"itemscope\" itemtype=\"https:\/\/schema.org\/CreativeWork\" ><div class='avia_textblock'  itemprop=\"text\" ><p><em><strong>Ep\u00e4varmuuden aikaa<\/strong><\/em><\/p>\n<p>Talousongelmat ja poliittinen ep\u00e4vakaus vaivasivat Ukrainaa edelleen tultaessa 2000-luvulle, mutta mit\u00e4\u00e4n k\u00e4rjistyksi\u00e4 ei kuitenkaan tapahtunut. Maan pitk\u00e4aikaisen johtajan presidentti Leonid Kutshman j\u00e4tt\u00e4ess\u00e4 teht\u00e4v\u00e4ns\u00e4 vuoden 2004 syksyll\u00e4 k\u00e4ytiin kova kamppailu Ukrainan tulevaisuuden linjauksista. Vastakkain olivat l\u00e4hinn\u00e4 jatkuvuutta edustanut ja hyvi\u00e4 suhteita Ven\u00e4j\u00e4\u00e4n korostanut Viktor Janukovitsh ja l\u00e4nsimielinen, nopeita uudistuksia vaatinut Viktor Jushtshenko. Heid\u00e4n kannattajakuntansa jakaantui melko selv\u00e4sti maan it\u00e4- ja l\u00e4nsiosien kesken. Janukovitsh julistettiin ensin voittajaksi, mutta maan l\u00e4nsiosista voimiaan ker\u00e4nnyt \u201doranssi vallankumous\u201d protestoi tulosta<br \/>\nvastaan saaden kovien kiistojen j\u00e4lkeen lopulta tahtonsa l\u00e4pi ja Jushtshenkon valituksi presidentin virkaan.<\/p>\n<p><em><strong>Hallitukset vaihtuivat<\/strong><\/em><\/p>\n<p>P\u00e4\u00e4ministeriksi tuli Jushthsenkoa vaaleissa tukenut Julia Timoshenko, joka kuitenkin pian riitaantui presidentin kanssa. Hallitukset vaihtuivat l\u00e4hivuosina nopeasti, joten poliittiset uudistukset j\u00e4iv\u00e4t heikolle pohjalle. L\u00e4nsimaat tukivat edelleen avoimesti Jushtshenkoa ja \u201doranssivallankumousta\u201d, mutta liike alkoi olla pahasti hajalla. Ulkopolitiikassa Jushtshenko my\u00f6t\u00e4ili vahvasti l\u00e4ntt\u00e4 ja toisaalta ajautui kiistoihin sek\u00e4 Ven\u00e4j\u00e4n ett\u00e4 erityisesti maan it\u00e4osissa asuvien ven\u00e4l\u00e4isten ja raskaan teollisuuden alueiden v\u00e4est\u00f6n kanssa. Presidentinvaaleissa h\u00e4vinneen Janukovithsin \u201dalueiden \u00a0puolueen\u201d kannatus kasvoi niin, ett\u00e4 parin vuoden kuluessa se p\u00e4\u00e4si hallitusvaltaan. Riidat sis\u00e4- ja ulkopolitiikasta jatkuivat hallituksen ja presidentin v\u00e4lill\u00e4.<\/p>\n<p><em><strong>Oranssi-liike hajoaa<\/strong><\/em><\/p>\n<p>Kireiden poliittisten kamppailujen j\u00e4lkeen Julia Timoshenko nousi j\u00e4lleen p\u00e4\u00e4ministeriksi vuoden 2007 lopulla, mutta t\u00e4ss\u00e4 vaiheessa oranssi-liike oli jo hajonnut ja presidentti Jushtshenko k\u00e4yt\u00e4nn\u00f6llist\u00e4 katsoen j\u00e4\u00e4nyt yksin. Seuraavana vuonna syntyi riitaa my\u00f6s ulkopolitiikasta, kun presidentti ja p\u00e4\u00e4ministeri olivat eri linjoilla suhtautumisessa elokuussa alkaneeseen Georgian sotaan. Jushtshenko halusi antaa tukea Georgialle, kun taas hallitus ja parlamentin enemmist\u00f6 vastusti puuttumista tilanteeseen.<\/p>\n<p><em><strong>Talouskriisi<\/strong><\/em><\/p>\n<p>Maailmalla levinnyt talouskriisi iski Ukrainaan t\u00e4ydell\u00e4 voimallaan syksyll\u00e4 2008. Valuutan arvo heikkeni yli 20 prosenttia ja sit\u00e4 jouduttiin tukemaan kansainv\u00e4lisell\u00e4 avulla. Ukraina on ollut vahvasti riippuvainen Ven\u00e4j\u00e4n energiatoimituksista, joiden hinnoittelu on aiheuttanut useita kriisej\u00e4 ja v\u00e4lill\u00e4 h\u00e4irinnyt vakavasti maakaasun toimituksia l\u00e4ntiseen Eurooppaan.<\/p>\n<p><em><strong>Aseteollisuus<\/strong><\/em><\/p>\n<p>Ukrainalla on ollut Neuvostoliiton perint\u00f6n\u00e4 vahva aseteollisuus, mutta sen tuotteiden myynti ulkomaille on ollut riskipitoista eik\u00e4 kotimaisia asetilauksia ole juuri tullut. Lentokoneiden ja rakettien tuotanto on jatkunut l\u00e4hes h\u00e4iri\u00f6itt\u00e4 yhteisty\u00f6ss\u00e4 Ven\u00e4j\u00e4n kanssa, ja niille on ollut markkinoita my\u00f6s l\u00e4nsimaissa.<\/p>\n<p>L\u00e4hinn\u00e4 maan it\u00e4osissa sijaitsevan raskaan teollisuuden yhteydet Ven\u00e4j\u00e4\u00e4n ovat yh\u00e4 vahvat, kun taas L\u00e4nsi-Ukrainan alueilla on pitk\u00e4t kulttuuriset ja poliittis-taloudelliset siteet l\u00e4nteen.<\/p>\n<p><em><strong>Presidentinvaalit 2010<\/strong><\/em><\/p>\n<p>Nuo asetelmat n\u00e4kyiv\u00e4t j\u00e4lleen selv\u00e4sti presidentinvaaleissa talvella 2010. Viktor Janukovitsh voitti niukasti Julia Timoshenkon, mink\u00e4 j\u00e4lkeen ryhdyttiin purkamaan monia oranssin vallankumouksen valtaan nostaneen presidentti Jushtshenkon kaudella tehtyj\u00e4 p\u00e4\u00e4t\u00f6ksi\u00e4. N\u00e4ihin kuului my\u00f6s Natolle esitetyn j\u00e4senhakemuksen j\u00e4\u00e4dytt\u00e4minen. Toisaalta Ukrainan ja Ven\u00e4j\u00e4n v\u00e4lill\u00e4 vahvistettiin sopimus Ven\u00e4j\u00e4n Mustanmeren laivaston pitk\u00e4st\u00e4 k\u00e4ytt\u00f6oikeudesta Krimill\u00e4 Sevastopolin tukikohtaan. Samalla maiden v\u00e4liset poliittiset ja taloudelliset suhteet vakiintuivat, kun my\u00f6s energian toimituksista syntyi uusia sopimuksia.<\/p>\n<p><em><strong>Sis\u00e4isi\u00e4 j\u00e4nnitteit\u00e4<\/strong><\/em><\/p>\n<p>Sis\u00e4politiikassa Ukrainan tilanne rauhoittui kev\u00e4\u00e4st\u00e4 2010 alkaen, mutta piilev\u00e4t j\u00e4nnitteet maan it\u00e4isten ja l\u00e4ntisten alueiden v\u00e4lill\u00e4 eiv\u00e4t ole poistuneet. Tarve talousongelmista selvi\u00e4miseen on my\u00f6s toistaiseksi rauhoittanut politiikkaa, vaikka oppositio on valittanut joutuneensa monien tukahduttamistoimien kohteeksi.<\/p>\n<p>Ukrainan taloutta ja yhteiskuntaa vaivaavat samanlaiset perustavat ongelmat kuin Ven\u00e4j\u00e4\u00e4 ja muitakin It\u00e4-Euroopan maita. My\u00f6s Ukrainassa v\u00e4kiluku on laskenut voimakkaasti, vuonna 1992 alkaneen itsen\u00e4isyyden aikana 52 miljoonasta 46 miljoonaan, \u00a0ja suuntaus on edelleen aleneva.<\/p>\n<\/div><\/section><\/p><\/div>\n","protected":false},"excerpt":{"rendered":"","protected":false},"author":1,"featured_media":0,"parent":1559,"menu_order":5,"comment_status":"closed","ping_status":"closed","template":"","meta":{"footnotes":""},"class_list":["post-1613","page","type-page","status-publish","hentry"],"_links":{"self":[{"href":"https:\/\/maailmanmuutos.org\/index.php\/wp-json\/wp\/v2\/pages\/1613","targetHints":{"allow":["GET"]}}],"collection":[{"href":"https:\/\/maailmanmuutos.org\/index.php\/wp-json\/wp\/v2\/pages"}],"about":[{"href":"https:\/\/maailmanmuutos.org\/index.php\/wp-json\/wp\/v2\/types\/page"}],"author":[{"embeddable":true,"href":"https:\/\/maailmanmuutos.org\/index.php\/wp-json\/wp\/v2\/users\/1"}],"replies":[{"embeddable":true,"href":"https:\/\/maailmanmuutos.org\/index.php\/wp-json\/wp\/v2\/comments?post=1613"}],"version-history":[{"count":5,"href":"https:\/\/maailmanmuutos.org\/index.php\/wp-json\/wp\/v2\/pages\/1613\/revisions"}],"predecessor-version":[{"id":3228,"href":"https:\/\/maailmanmuutos.org\/index.php\/wp-json\/wp\/v2\/pages\/1613\/revisions\/3228"}],"up":[{"embeddable":true,"href":"https:\/\/maailmanmuutos.org\/index.php\/wp-json\/wp\/v2\/pages\/1559"}],"wp:attachment":[{"href":"https:\/\/maailmanmuutos.org\/index.php\/wp-json\/wp\/v2\/media?parent=1613"}],"curies":[{"name":"wp","href":"https:\/\/api.w.org\/{rel}","templated":true}]}}