{"id":1623,"date":"2023-03-08T20:23:27","date_gmt":"2023-03-08T20:23:27","guid":{"rendered":"http:\/\/us.ylirotu.fi\/index.php\/maailman-muutos\/euroopan-kehitysnakymat\/venajan-ja-muun-ita-euroopan-kehitysnakymat-2\/ukraina-2000-luvulla\/"},"modified":"2023-08-17T08:38:51","modified_gmt":"2023-08-17T08:38:51","slug":"eurooppalainen-kulttuuri-voimavarana","status":"publish","type":"page","link":"https:\/\/maailmanmuutos.org\/index.php\/kylmasta-sodasta-2000-luvulle\/euroopan-kehitysnakymat\/eurooppalaisten-turvallisuusodotukset\/eurooppalainen-kulttuuri-voimavarana\/","title":{"rendered":"Eurooppalainen kulttuuri voimavarana\u00a0"},"content":{"rendered":"<div id='full_slider_1'  class='avia-fullwidth-slider main_color avia-shadow   avia-builder-el-0  el_before_av_one_full  avia-builder-el-first   container_wrap sidebar_right'  >\n<style type=\"text\/css\" data-created_by=\"avia_inline_auto\" id=\"style-css-av-kd4hz9nx-fb331aa0faaa9c578e2f07ccc45f5aa0\">\n#top #wrap_all .avia-slideshow .av-slideshow-caption.av-kd4hz9nx-fb331aa0faaa9c578e2f07ccc45f5aa0__0 .avia-caption-title{\nfont-size:22px;\n}\n#top .avia-slideshow .av-slideshow-caption.av-kd4hz9nx-fb331aa0faaa9c578e2f07ccc45f5aa0__0 .avia-caption-content{\nfont-size:14px;\n}\n#top .avia-slideshow .av-slideshow-caption.av-kd4hz9nx-fb331aa0faaa9c578e2f07ccc45f5aa0__0 .avia-caption-content p{\nfont-size:14px;\n}\n\n@media only screen and (min-width: 768px) and (max-width: 989px){ \n#top #wrap_all .avia-slideshow .av-slideshow-caption.av-kd4hz9nx-fb331aa0faaa9c578e2f07ccc45f5aa0__0 .avia-caption-title{\nfont-size:16px;\n}\n#top .avia-slideshow .av-slideshow-caption.av-kd4hz9nx-fb331aa0faaa9c578e2f07ccc45f5aa0__0 .avia-caption-content{\nfont-size:16px;\n}\n#top .avia-slideshow .av-slideshow-caption.av-kd4hz9nx-fb331aa0faaa9c578e2f07ccc45f5aa0__0 .avia-caption-content p{\nfont-size:16px;\n}\n}\n\n@media only screen and (min-width: 480px) and (max-width: 767px){ \n#top #wrap_all .avia-slideshow .av-slideshow-caption.av-kd4hz9nx-fb331aa0faaa9c578e2f07ccc45f5aa0__0 .avia-caption-title{\nfont-size:14px;\n}\n#top .avia-slideshow .av-slideshow-caption.av-kd4hz9nx-fb331aa0faaa9c578e2f07ccc45f5aa0__0 .avia-caption-content{\nfont-size:14px;\n}\n#top .avia-slideshow .av-slideshow-caption.av-kd4hz9nx-fb331aa0faaa9c578e2f07ccc45f5aa0__0 .avia-caption-content p{\nfont-size:14px;\n}\n}\n\n@media only screen and (max-width: 479px){ \n#top #wrap_all .avia-slideshow .av-slideshow-caption.av-kd4hz9nx-fb331aa0faaa9c578e2f07ccc45f5aa0__0 .avia-caption-title{\ndisplay:none;\n}\n#top .avia-slideshow .av-slideshow-caption.av-kd4hz9nx-fb331aa0faaa9c578e2f07ccc45f5aa0__0 .avia-caption-content{\ndisplay:none;\n}\n#top .avia-slideshow .av-slideshow-caption.av-kd4hz9nx-fb331aa0faaa9c578e2f07ccc45f5aa0__0 .avia-caption-content p{\ndisplay:none;\n}\n}\n<\/style>\n<div  class='avia-slideshow av-kd4hz9nx-fb331aa0faaa9c578e2f07ccc45f5aa0 avia-slideshow-featured av_slideshow_full avia-slide-slider av-slideshow-ui av-control-default av-slideshow-manual av-loop-once av-loop-manual-endless av-default-height-applied   avia-slideshow-1' data-slideshow-options=\"{&quot;animation&quot;:&quot;slide&quot;,&quot;autoplay&quot;:false,&quot;loop_autoplay&quot;:&quot;once&quot;,&quot;interval&quot;:5,&quot;loop_manual&quot;:&quot;manual-endless&quot;,&quot;autoplay_stopper&quot;:false,&quot;noNavigation&quot;:false,&quot;bg_slider&quot;:false,&quot;keep_padding&quot;:false,&quot;hoverpause&quot;:false,&quot;show_slide_delay&quot;:0}\"  itemprop=\"image\" itemscope=\"itemscope\" itemtype=\"https:\/\/schema.org\/ImageObject\" ><ul class='avia-slideshow-inner ' style='padding-bottom: 28.72411489646%;'><li  class='avia-slideshow-slide av-kd4hz9nx-fb331aa0faaa9c578e2f07ccc45f5aa0__0  av-single-slide slide-1 slide-odd'><div data-rel='slideshow-1' class='avia-slide-wrap '   ><img decoding=\"async\" fetchpriority=\"high\" class=\"wp-image-3381 avia-img-lazy-loading-not-3381\"  src=\"https:\/\/maailmanmuutos.org\/wp-content\/uploads\/2023\/08\/eurooppalainen-kulttuuri.jpg\" width=\"1497\" height=\"430\" title='eurooppalainen kulttuuri' alt=''  itemprop=\"thumbnailUrl\" srcset=\"https:\/\/maailmanmuutos.org\/wp-content\/uploads\/2023\/08\/eurooppalainen-kulttuuri.jpg 1500w, https:\/\/maailmanmuutos.org\/wp-content\/uploads\/2023\/08\/eurooppalainen-kulttuuri-800x230.jpg 800w, https:\/\/maailmanmuutos.org\/wp-content\/uploads\/2023\/08\/eurooppalainen-kulttuuri-120x34.jpg 120w, https:\/\/maailmanmuutos.org\/wp-content\/uploads\/2023\/08\/eurooppalainen-kulttuuri-768x221.jpg 768w, https:\/\/maailmanmuutos.org\/wp-content\/uploads\/2023\/08\/eurooppalainen-kulttuuri-705x203.jpg 705w\" sizes=\"(max-width: 1497px) 100vw, 1497px\" \/><\/div><\/li><\/ul><\/div><\/div><div id='after_full_slider_1'  class='main_color av_default_container_wrap container_wrap sidebar_right'  ><div class='container av-section-cont-open' ><div class='template-page content  av-content-small alpha units'><div class='post-entry post-entry-type-page post-entry-1623'><div class='entry-content-wrapper clearfix'>\n\n<style type=\"text\/css\" data-created_by=\"avia_inline_auto\" id=\"style-css-av-5spn6-3d3e8ead61d02f87ad7c9f2fc625dc24\">\n.flex_column.av-5spn6-3d3e8ead61d02f87ad7c9f2fc625dc24{\nborder-radius:0px 0px 0px 0px;\npadding:0px 0px 0px 0px;\n}\n<\/style>\n<div  class='flex_column av-5spn6-3d3e8ead61d02f87ad7c9f2fc625dc24 av_one_full  avia-builder-el-1  el_after_av_slideshow_full  el_before_av_textblock  avia-builder-el-first  first flex_column_div av-zero-column-padding  '     ><p>\n<style type=\"text\/css\" data-created_by=\"avia_inline_auto\" id=\"style-css-av-21da4n-79d4886a0c3d3a99bdcf3be0eb8d24ca\">\n#top .av-special-heading.av-21da4n-79d4886a0c3d3a99bdcf3be0eb8d24ca{\npadding-bottom:10px;\n}\nbody .av-special-heading.av-21da4n-79d4886a0c3d3a99bdcf3be0eb8d24ca .av-special-heading-tag .heading-char{\nfont-size:25px;\n}\n.av-special-heading.av-21da4n-79d4886a0c3d3a99bdcf3be0eb8d24ca .av-subheading{\nfont-size:15px;\n}\n<\/style>\n<div  class='av-special-heading av-21da4n-79d4886a0c3d3a99bdcf3be0eb8d24ca av-special-heading-h1  avia-builder-el-2  el_before_av_hr  avia-builder-el-first '><h1 class='av-special-heading-tag'  itemprop=\"headline\"  >Eurooppalainen kulttuuri voimavarana <\/h1><div class=\"special-heading-border\"><div class=\"special-heading-inner-border\"><\/div><\/div><\/div><br \/>\n\n<style type=\"text\/css\" data-created_by=\"avia_inline_auto\" id=\"style-css-av-llc87sd3-fb57de7f2975fe0beb0dccba31be97cd\">\n#top .hr.hr-invisible.av-llc87sd3-fb57de7f2975fe0beb0dccba31be97cd{\nheight:50px;\n}\n<\/style>\n<div  class='hr av-llc87sd3-fb57de7f2975fe0beb0dccba31be97cd hr-invisible  avia-builder-el-3  el_after_av_heading  el_before_av_textblock '><span class='hr-inner '><span class=\"hr-inner-style\"><\/span><\/span><\/div><br \/>\n<section  class='av_textblock_section av-lezr0od0-94e7bd8ef786eea3c9a8d27065495667 '   itemscope=\"itemscope\" itemtype=\"https:\/\/schema.org\/CreativeWork\" ><div class='avia_textblock'  itemprop=\"text\" ><p><em><strong>Euroopasta maailmankulttuuriksi<\/strong><\/em><\/p>\n<p>Eurooppalainen kulttuuri vahvistui ja levisi koko maailman kattavaksi l\u00f6yt\u00f6retkien j\u00e4lkeen siirtomaavallan my\u00f6t\u00e4. Voimasuhteiden muuttuessa eurooppalaiset valtiot ovat joutuneet per\u00e4\u00e4ntym\u00e4\u00e4n maailmalta mutta ovat laajoille alueille j\u00e4tt\u00e4neet syv\u00e4n kulttuurisen vaikutuksen. Yleisesti sit\u00e4 on pidetty my\u00f6nteisen\u00e4 asiana, mutta voidaan my\u00f6s pohtia, mit\u00e4 seuraa eurooppalaisen kulttuurin muuttumisesta paljolti maailmankulttuuriksi, jota yh\u00e4 harvemmat kohta tunnistavat nimenomaan eurooppalaiseksi.<\/p>\n<p>L\u00e4hes kaikissa arvioissa kulttuuri on todettu merkitt\u00e4v\u00e4ksi voimavaraksi my\u00f6s taloudelle ja politiikalle. Sen t\u00e4sm\u00e4llisen laadun ja arvon m\u00e4\u00e4rittely on eritt\u00e4in vaikeaa, mutta jokaisella eurooppalaisella lienee ainakin p\u00e4\u00e4piirteinen k\u00e4sitys kulttuurinsa luonteesta.<\/p>\n<p><em><strong>Eurooppalaiset arvot<\/strong><\/em><\/p>\n<p>Euroopan unioni ja sen j\u00e4senmaat ovat laatineet monia ohjelmia, joissa pyrit\u00e4\u00e4n vahvistamaan tai yll\u00e4pit\u00e4m\u00e4\u00e4n \u201deurooppalaisia arvoja\u201d, jotka laajasti tulkiten voidaan k\u00e4sitt\u00e4\u00e4 my\u00f6s yhteiseksi kulttuuriksi. Pyrkimys noiden arvojen edist\u00e4miseen on osa eurooppalaista identiteetti\u00e4 ja yhteis\u00f6llisyytt\u00e4, jota voidaan pit\u00e4\u00e4 merkitt\u00e4v\u00e4n\u00e4 voimavarana. Sellaisen kulttuurin puute voi pahimmassa tapauksessa tuottaa vakavaa yhteiskunnallista levottomuutta ja jopa hajottaa valtioita.<\/p>\n<p>Konkreettisesti eurooppalaisen kulttuurin voima n\u00e4kyy lis\u00e4\u00e4ntyv\u00e4n\u00e4 kulttuurimatkailijoiden tulona Eurooppaan ja erilaisten kulttuurituotteiden kaupallisena hintana maailmanmarkkinoilla. Esimerkiksi kiinalaiset tekev\u00e4t sijoituksia Euroopan matkailukohteisiin l\u00e4hinn\u00e4 juuri kulttuuriarvojen vuoksi.<\/p>\n<p><em><strong>Kulttuuri voimavarana<\/strong><\/em><\/p>\n<p>Eurooppalainen yliopistoperinne ja my\u00f6s muu koulutus ovat laadultaan esikuvina koko maailmassa. Yhdysvalloissa on enemm\u00e4n \u201dhuippuyliopistoja\u201d, ja tekninen koulutus on Aasiassa nykyisin tehokasta ja paljon laajempaa, mutta eurooppalainen koulutusj\u00e4rjestelm\u00e4 on edelleen ylivoimainen kattavuutensa ja monipuolisuutensa vuoksi. Se on ehk\u00e4 paras kilpailutekij\u00e4 my\u00f6s talouden alalla.<\/p>\n<p>Maailman muutoksen keskell\u00e4 Euroopan kulttuuriarvoista on saatavissa suurin hy\u00f6ty, kun ne opitaan tuntemaan ja niit\u00e4 hy\u00f6dynnet\u00e4\u00e4n my\u00f6nteisell\u00e4 tavalla. \u201dKulttuurinen ristiretkiajattelu\u201d ei en\u00e4\u00e4 voi onnistua, sill\u00e4 pakkosy\u00f6t\u00f6n yrityksen saavat vastaansa voimakkaita reaktioita. Kulttuuri voimavarana on hy\u00f6dynnett\u00e4viss\u00e4 parhaiten avaamalla se vapaalle kilpailulle maailman muiden kulttuurien kanssa. Sellaisessa asetelmassa Euroopalla on erinomaisen hyv\u00e4t l\u00e4ht\u00f6kohdat ajallisesti\u00a0 pitk\u00e4lle ulottuneen ja laajalle levinneen kulttuurisen perint\u00f6ns\u00e4 vuoksi.<\/p>\n<\/div><\/section><\/p><\/div>\n<section  class='av_textblock_section av-llc8860p-536f4af67757cf9782ac3a7c875a9931 '   itemscope=\"itemscope\" itemtype=\"https:\/\/schema.org\/CreativeWork\" ><div class='avia_textblock'  itemprop=\"text\" ><p>Kuva: <a href=\"https:\/\/commons.wikimedia.org\/wiki\/File:Manhattan-1674404_1920.jpg\" target=\"_blank\" rel=\"noopener\">Robert Ziemi<\/a> \/ Wikimedia<\/p>\n<\/div><\/section>\n","protected":false},"excerpt":{"rendered":"","protected":false},"author":1,"featured_media":0,"parent":1622,"menu_order":5,"comment_status":"closed","ping_status":"closed","template":"","meta":{"footnotes":""},"class_list":["post-1623","page","type-page","status-publish","hentry"],"_links":{"self":[{"href":"https:\/\/maailmanmuutos.org\/index.php\/wp-json\/wp\/v2\/pages\/1623","targetHints":{"allow":["GET"]}}],"collection":[{"href":"https:\/\/maailmanmuutos.org\/index.php\/wp-json\/wp\/v2\/pages"}],"about":[{"href":"https:\/\/maailmanmuutos.org\/index.php\/wp-json\/wp\/v2\/types\/page"}],"author":[{"embeddable":true,"href":"https:\/\/maailmanmuutos.org\/index.php\/wp-json\/wp\/v2\/users\/1"}],"replies":[{"embeddable":true,"href":"https:\/\/maailmanmuutos.org\/index.php\/wp-json\/wp\/v2\/comments?post=1623"}],"version-history":[{"count":10,"href":"https:\/\/maailmanmuutos.org\/index.php\/wp-json\/wp\/v2\/pages\/1623\/revisions"}],"predecessor-version":[{"id":4243,"href":"https:\/\/maailmanmuutos.org\/index.php\/wp-json\/wp\/v2\/pages\/1623\/revisions\/4243"}],"up":[{"embeddable":true,"href":"https:\/\/maailmanmuutos.org\/index.php\/wp-json\/wp\/v2\/pages\/1622"}],"wp:attachment":[{"href":"https:\/\/maailmanmuutos.org\/index.php\/wp-json\/wp\/v2\/media?parent=1623"}],"curies":[{"name":"wp","href":"https:\/\/api.w.org\/{rel}","templated":true}]}}

<div id='full_slider_1'  class='avia-fullwidth-slider main_color avia-shadow   avia-builder-el-0  el_before_av_one_full  avia-builder-el-first   container_wrap sidebar_right'  >
<style type="text/css" data-created_by="avia_inline_auto" id="style-css-av-kd4hz9nx-fb331aa0faaa9c578e2f07ccc45f5aa0">
#top #wrap_all .avia-slideshow .av-slideshow-caption.av-kd4hz9nx-fb331aa0faaa9c578e2f07ccc45f5aa0__0 .avia-caption-title{
font-size:22px;
}
#top .avia-slideshow .av-slideshow-caption.av-kd4hz9nx-fb331aa0faaa9c578e2f07ccc45f5aa0__0 .avia-caption-content{
font-size:14px;
}
#top .avia-slideshow .av-slideshow-caption.av-kd4hz9nx-fb331aa0faaa9c578e2f07ccc45f5aa0__0 .avia-caption-content p{
font-size:14px;
}

@media only screen and (min-width: 768px) and (max-width: 989px){ 
#top #wrap_all .avia-slideshow .av-slideshow-caption.av-kd4hz9nx-fb331aa0faaa9c578e2f07ccc45f5aa0__0 .avia-caption-title{
font-size:16px;
}
#top .avia-slideshow .av-slideshow-caption.av-kd4hz9nx-fb331aa0faaa9c578e2f07ccc45f5aa0__0 .avia-caption-content{
font-size:16px;
}
#top .avia-slideshow .av-slideshow-caption.av-kd4hz9nx-fb331aa0faaa9c578e2f07ccc45f5aa0__0 .avia-caption-content p{
font-size:16px;
}
}

@media only screen and (min-width: 480px) and (max-width: 767px){ 
#top #wrap_all .avia-slideshow .av-slideshow-caption.av-kd4hz9nx-fb331aa0faaa9c578e2f07ccc45f5aa0__0 .avia-caption-title{
font-size:14px;
}
#top .avia-slideshow .av-slideshow-caption.av-kd4hz9nx-fb331aa0faaa9c578e2f07ccc45f5aa0__0 .avia-caption-content{
font-size:14px;
}
#top .avia-slideshow .av-slideshow-caption.av-kd4hz9nx-fb331aa0faaa9c578e2f07ccc45f5aa0__0 .avia-caption-content p{
font-size:14px;
}
}

@media only screen and (max-width: 479px){ 
#top #wrap_all .avia-slideshow .av-slideshow-caption.av-kd4hz9nx-fb331aa0faaa9c578e2f07ccc45f5aa0__0 .avia-caption-title{
display:none;
}
#top .avia-slideshow .av-slideshow-caption.av-kd4hz9nx-fb331aa0faaa9c578e2f07ccc45f5aa0__0 .avia-caption-content{
display:none;
}
#top .avia-slideshow .av-slideshow-caption.av-kd4hz9nx-fb331aa0faaa9c578e2f07ccc45f5aa0__0 .avia-caption-content p{
display:none;
}
}
</style>
<div  class='avia-slideshow av-kd4hz9nx-fb331aa0faaa9c578e2f07ccc45f5aa0 avia-slideshow-featured av_slideshow_full avia-slide-slider av-slideshow-ui av-control-default av-slideshow-manual av-loop-once av-loop-manual-endless av-default-height-applied   avia-slideshow-1' data-slideshow-options="{&quot;animation&quot;:&quot;slide&quot;,&quot;autoplay&quot;:false,&quot;loop_autoplay&quot;:&quot;once&quot;,&quot;interval&quot;:5,&quot;loop_manual&quot;:&quot;manual-endless&quot;,&quot;autoplay_stopper&quot;:false,&quot;noNavigation&quot;:false,&quot;bg_slider&quot;:false,&quot;keep_padding&quot;:false,&quot;hoverpause&quot;:false,&quot;show_slide_delay&quot;:0}"  itemprop="image" itemscope="itemscope" itemtype="https://schema.org/ImageObject" ><ul class='avia-slideshow-inner ' style='padding-bottom: 28.72411489646%;'><li  class='avia-slideshow-slide av-kd4hz9nx-fb331aa0faaa9c578e2f07ccc45f5aa0__0  av-single-slide slide-1 slide-odd'><div data-rel='slideshow-1' class='avia-slide-wrap '   ><img decoding="async" fetchpriority="high" class="wp-image-3381 avia-img-lazy-loading-not-3381"  src="https://maailmanmuutos.org/wp-content/uploads/2023/08/eurooppalainen-kulttuuri.jpg" width="1497" height="430" title='eurooppalainen kulttuuri' alt=''  itemprop="thumbnailUrl" srcset="https://maailmanmuutos.org/wp-content/uploads/2023/08/eurooppalainen-kulttuuri.jpg 1500w, https://maailmanmuutos.org/wp-content/uploads/2023/08/eurooppalainen-kulttuuri-800x230.jpg 800w, https://maailmanmuutos.org/wp-content/uploads/2023/08/eurooppalainen-kulttuuri-120x34.jpg 120w, https://maailmanmuutos.org/wp-content/uploads/2023/08/eurooppalainen-kulttuuri-768x221.jpg 768w, https://maailmanmuutos.org/wp-content/uploads/2023/08/eurooppalainen-kulttuuri-705x203.jpg 705w" sizes="(max-width: 1497px) 100vw, 1497px" /></div></li></ul></div></div><div id='after_full_slider_1'  class='main_color av_default_container_wrap container_wrap sidebar_right'  ><div class='container av-section-cont-open' ><div class='template-page content  av-content-small alpha units'><div class='post-entry post-entry-type-page post-entry-1623'><div class='entry-content-wrapper clearfix'>

<style type="text/css" data-created_by="avia_inline_auto" id="style-css-av-5spn6-3d3e8ead61d02f87ad7c9f2fc625dc24">
.flex_column.av-5spn6-3d3e8ead61d02f87ad7c9f2fc625dc24{
border-radius:0px 0px 0px 0px;
padding:0px 0px 0px 0px;
}
</style>
<div  class='flex_column av-5spn6-3d3e8ead61d02f87ad7c9f2fc625dc24 av_one_full  avia-builder-el-1  el_after_av_slideshow_full  el_before_av_textblock  avia-builder-el-first  first flex_column_div av-zero-column-padding  '     ><p>
<style type="text/css" data-created_by="avia_inline_auto" id="style-css-av-21da4n-79d4886a0c3d3a99bdcf3be0eb8d24ca">
#top .av-special-heading.av-21da4n-79d4886a0c3d3a99bdcf3be0eb8d24ca{
padding-bottom:10px;
}
body .av-special-heading.av-21da4n-79d4886a0c3d3a99bdcf3be0eb8d24ca .av-special-heading-tag .heading-char{
font-size:25px;
}
.av-special-heading.av-21da4n-79d4886a0c3d3a99bdcf3be0eb8d24ca .av-subheading{
font-size:15px;
}
</style>
<div  class='av-special-heading av-21da4n-79d4886a0c3d3a99bdcf3be0eb8d24ca av-special-heading-h1  avia-builder-el-2  el_before_av_hr  avia-builder-el-first '><h1 class='av-special-heading-tag'  itemprop="headline"  >Eurooppalainen kulttuuri voimavarana </h1><div class="special-heading-border"><div class="special-heading-inner-border"></div></div></div><br />

<style type="text/css" data-created_by="avia_inline_auto" id="style-css-av-llc87sd3-fb57de7f2975fe0beb0dccba31be97cd">
#top .hr.hr-invisible.av-llc87sd3-fb57de7f2975fe0beb0dccba31be97cd{
height:50px;
}
</style>
<div  class='hr av-llc87sd3-fb57de7f2975fe0beb0dccba31be97cd hr-invisible  avia-builder-el-3  el_after_av_heading  el_before_av_textblock '><span class='hr-inner '><span class="hr-inner-style"></span></span></div><br />
<section  class='av_textblock_section av-lezr0od0-94e7bd8ef786eea3c9a8d27065495667 '   itemscope="itemscope" itemtype="https://schema.org/CreativeWork" ><div class='avia_textblock'  itemprop="text" ><p><em><strong>Euroopasta maailmankulttuuriksi</strong></em></p>
<p>Eurooppalainen kulttuuri vahvistui ja levisi koko maailman kattavaksi löytöretkien jälkeen siirtomaavallan myötä. Voimasuhteiden muuttuessa eurooppalaiset valtiot ovat joutuneet perääntymään maailmalta mutta ovat laajoille alueille jättäneet syvän kulttuurisen vaikutuksen. Yleisesti sitä on pidetty myönteisenä asiana, mutta voidaan myös pohtia, mitä seuraa eurooppalaisen kulttuurin muuttumisesta paljolti maailmankulttuuriksi, jota yhä harvemmat kohta tunnistavat nimenomaan eurooppalaiseksi.</p>
<p>Lähes kaikissa arvioissa kulttuuri on todettu merkittäväksi voimavaraksi myös taloudelle ja politiikalle. Sen täsmällisen laadun ja arvon määrittely on erittäin vaikeaa, mutta jokaisella eurooppalaisella lienee ainakin pääpiirteinen käsitys kulttuurinsa luonteesta.</p>
<p><em><strong>Eurooppalaiset arvot</strong></em></p>
<p>Euroopan unioni ja sen jäsenmaat ovat laatineet monia ohjelmia, joissa pyritään vahvistamaan tai ylläpitämään ”eurooppalaisia arvoja”, jotka laajasti tulkiten voidaan käsittää myös yhteiseksi kulttuuriksi. Pyrkimys noiden arvojen edistämiseen on osa eurooppalaista identiteettiä ja yhteisöllisyyttä, jota voidaan pitää merkittävänä voimavarana. Sellaisen kulttuurin puute voi pahimmassa tapauksessa tuottaa vakavaa yhteiskunnallista levottomuutta ja jopa hajottaa valtioita.</p>
<p>Konkreettisesti eurooppalaisen kulttuurin voima näkyy lisääntyvänä kulttuurimatkailijoiden tulona Eurooppaan ja erilaisten kulttuurituotteiden kaupallisena hintana maailmanmarkkinoilla. Esimerkiksi kiinalaiset tekevät sijoituksia Euroopan matkailukohteisiin lähinnä juuri kulttuuriarvojen vuoksi.</p>
<p><em><strong>Kulttuuri voimavarana</strong></em></p>
<p>Eurooppalainen yliopistoperinne ja myös muu koulutus ovat laadultaan esikuvina koko maailmassa. Yhdysvalloissa on enemmän ”huippuyliopistoja”, ja tekninen koulutus on Aasiassa nykyisin tehokasta ja paljon laajempaa, mutta eurooppalainen koulutusjärjestelmä on edelleen ylivoimainen kattavuutensa ja monipuolisuutensa vuoksi. Se on ehkä paras kilpailutekijä myös talouden alalla.</p>
<p>Maailman muutoksen keskellä Euroopan kulttuuriarvoista on saatavissa suurin hyöty, kun ne opitaan tuntemaan ja niitä hyödynnetään myönteisellä tavalla. ”Kulttuurinen ristiretkiajattelu” ei enää voi onnistua, sillä pakkosyötön yrityksen saavat vastaansa voimakkaita reaktioita. Kulttuuri voimavarana on hyödynnettävissä parhaiten avaamalla se vapaalle kilpailulle maailman muiden kulttuurien kanssa. Sellaisessa asetelmassa Euroopalla on erinomaisen hyvät lähtökohdat ajallisesti  pitkälle ulottuneen ja laajalle levinneen kulttuurisen perintönsä vuoksi.</p>
</div></section></p></div>
<section  class='av_textblock_section av-llc8860p-536f4af67757cf9782ac3a7c875a9931 '   itemscope="itemscope" itemtype="https://schema.org/CreativeWork" ><div class='avia_textblock'  itemprop="text" ><p>Kuva: <a href="https://commons.wikimedia.org/wiki/File:Manhattan-1674404_1920.jpg" target="_blank" rel="noopener">Robert Ziemi</a> / Wikimedia</p>
</div></section>
