{"id":1627,"date":"2023-03-08T20:23:28","date_gmt":"2023-03-08T20:23:28","guid":{"rendered":"http:\/\/us.ylirotu.fi\/index.php\/maailman-muutos\/euroopan-kehitysnakymat\/venajan-ja-muun-ita-euroopan-kehitysnakymat-2\/valko-venaja-ja-moldova\/"},"modified":"2023-08-15T11:53:05","modified_gmt":"2023-08-15T11:53:05","slug":"euroopan-rajojen-ja-mahdollisuuksien-etsintaa","status":"publish","type":"page","link":"https:\/\/maailmanmuutos.org\/index.php\/kylmasta-sodasta-2000-luvulle\/euroopan-kehitysnakymat\/eurooppalaisten-turvallisuusodotukset\/euroopan-rajojen-ja-mahdollisuuksien-etsintaa\/","title":{"rendered":"Euroopan rajojen ja mahdollisuuksien etsint\u00e4\u00e4\u00a0"},"content":{"rendered":"<div id='full_slider_1'  class='avia-fullwidth-slider main_color avia-shadow   avia-builder-el-0  el_before_av_one_full  avia-builder-el-first   container_wrap sidebar_right'  >\n<style type=\"text\/css\" data-created_by=\"avia_inline_auto\" id=\"style-css-av-kd4hz9nx-fb331aa0faaa9c578e2f07ccc45f5aa0\">\n#top #wrap_all .avia-slideshow .av-slideshow-caption.av-kd4hz9nx-fb331aa0faaa9c578e2f07ccc45f5aa0__0 .avia-caption-title{\nfont-size:22px;\n}\n#top .avia-slideshow .av-slideshow-caption.av-kd4hz9nx-fb331aa0faaa9c578e2f07ccc45f5aa0__0 .avia-caption-content{\nfont-size:14px;\n}\n#top .avia-slideshow .av-slideshow-caption.av-kd4hz9nx-fb331aa0faaa9c578e2f07ccc45f5aa0__0 .avia-caption-content p{\nfont-size:14px;\n}\n\n@media only screen and (min-width: 768px) and (max-width: 989px){ \n#top #wrap_all .avia-slideshow .av-slideshow-caption.av-kd4hz9nx-fb331aa0faaa9c578e2f07ccc45f5aa0__0 .avia-caption-title{\nfont-size:16px;\n}\n#top .avia-slideshow .av-slideshow-caption.av-kd4hz9nx-fb331aa0faaa9c578e2f07ccc45f5aa0__0 .avia-caption-content{\nfont-size:16px;\n}\n#top .avia-slideshow .av-slideshow-caption.av-kd4hz9nx-fb331aa0faaa9c578e2f07ccc45f5aa0__0 .avia-caption-content p{\nfont-size:16px;\n}\n}\n\n@media only screen and (min-width: 480px) and (max-width: 767px){ \n#top #wrap_all .avia-slideshow .av-slideshow-caption.av-kd4hz9nx-fb331aa0faaa9c578e2f07ccc45f5aa0__0 .avia-caption-title{\nfont-size:14px;\n}\n#top .avia-slideshow .av-slideshow-caption.av-kd4hz9nx-fb331aa0faaa9c578e2f07ccc45f5aa0__0 .avia-caption-content{\nfont-size:14px;\n}\n#top .avia-slideshow .av-slideshow-caption.av-kd4hz9nx-fb331aa0faaa9c578e2f07ccc45f5aa0__0 .avia-caption-content p{\nfont-size:14px;\n}\n}\n\n@media only screen and (max-width: 479px){ \n#top #wrap_all .avia-slideshow .av-slideshow-caption.av-kd4hz9nx-fb331aa0faaa9c578e2f07ccc45f5aa0__0 .avia-caption-title{\ndisplay:none;\n}\n#top .avia-slideshow .av-slideshow-caption.av-kd4hz9nx-fb331aa0faaa9c578e2f07ccc45f5aa0__0 .avia-caption-content{\ndisplay:none;\n}\n#top .avia-slideshow .av-slideshow-caption.av-kd4hz9nx-fb331aa0faaa9c578e2f07ccc45f5aa0__0 .avia-caption-content p{\ndisplay:none;\n}\n}\n<\/style>\n<div  class='avia-slideshow av-kd4hz9nx-fb331aa0faaa9c578e2f07ccc45f5aa0 avia-slideshow-featured av_slideshow_full avia-slide-slider av-slideshow-ui av-control-default av-slideshow-manual av-loop-once av-loop-manual-endless av-default-height-applied   avia-slideshow-1' data-slideshow-options=\"{&quot;animation&quot;:&quot;slide&quot;,&quot;autoplay&quot;:false,&quot;loop_autoplay&quot;:&quot;once&quot;,&quot;interval&quot;:5,&quot;loop_manual&quot;:&quot;manual-endless&quot;,&quot;autoplay_stopper&quot;:false,&quot;noNavigation&quot;:false,&quot;bg_slider&quot;:false,&quot;keep_padding&quot;:false,&quot;hoverpause&quot;:false,&quot;show_slide_delay&quot;:0}\"  itemprop=\"image\" itemscope=\"itemscope\" itemtype=\"https:\/\/schema.org\/ImageObject\" ><ul class='avia-slideshow-inner ' style='padding-bottom: 28.72411489646%;'><li  class='avia-slideshow-slide av-kd4hz9nx-fb331aa0faaa9c578e2f07ccc45f5aa0__0  av-single-slide slide-1 slide-odd'><div data-rel='slideshow-1' class='avia-slide-wrap '   ><img decoding=\"async\" fetchpriority=\"high\" class=\"wp-image-3387 avia-img-lazy-loading-not-3387\"  src=\"https:\/\/maailmanmuutos.org\/wp-content\/uploads\/2023\/08\/euroopan-rajojen-etsintaa.jpg\" width=\"1497\" height=\"430\" title='euroopan rajojen etsintaa' alt=''  itemprop=\"thumbnailUrl\" srcset=\"https:\/\/maailmanmuutos.org\/wp-content\/uploads\/2023\/08\/euroopan-rajojen-etsintaa.jpg 1500w, https:\/\/maailmanmuutos.org\/wp-content\/uploads\/2023\/08\/euroopan-rajojen-etsintaa-800x230.jpg 800w, https:\/\/maailmanmuutos.org\/wp-content\/uploads\/2023\/08\/euroopan-rajojen-etsintaa-120x34.jpg 120w, https:\/\/maailmanmuutos.org\/wp-content\/uploads\/2023\/08\/euroopan-rajojen-etsintaa-768x221.jpg 768w, https:\/\/maailmanmuutos.org\/wp-content\/uploads\/2023\/08\/euroopan-rajojen-etsintaa-705x203.jpg 705w\" sizes=\"(max-width: 1497px) 100vw, 1497px\" \/><\/div><\/li><\/ul><\/div><\/div><div id='after_full_slider_1'  class='main_color av_default_container_wrap container_wrap sidebar_right'  ><div class='container av-section-cont-open' ><div class='template-page content  av-content-small alpha units'><div class='post-entry post-entry-type-page post-entry-1627'><div class='entry-content-wrapper clearfix'>\n\n<style type=\"text\/css\" data-created_by=\"avia_inline_auto\" id=\"style-css-av-5spn6-3d3e8ead61d02f87ad7c9f2fc625dc24\">\n.flex_column.av-5spn6-3d3e8ead61d02f87ad7c9f2fc625dc24{\nborder-radius:0px 0px 0px 0px;\npadding:0px 0px 0px 0px;\n}\n<\/style>\n<div  class='flex_column av-5spn6-3d3e8ead61d02f87ad7c9f2fc625dc24 av_one_full  avia-builder-el-1  el_after_av_slideshow_full  el_before_av_textblock  avia-builder-el-first  first flex_column_div av-zero-column-padding  '     ><p>\n<style type=\"text\/css\" data-created_by=\"avia_inline_auto\" id=\"style-css-av-2p5z6j-38f7c4d6e8b6ea431e86fa0e0ac15867\">\n#top .av-special-heading.av-2p5z6j-38f7c4d6e8b6ea431e86fa0e0ac15867{\npadding-bottom:10px;\n}\nbody .av-special-heading.av-2p5z6j-38f7c4d6e8b6ea431e86fa0e0ac15867 .av-special-heading-tag .heading-char{\nfont-size:25px;\n}\n.av-special-heading.av-2p5z6j-38f7c4d6e8b6ea431e86fa0e0ac15867 .av-subheading{\nfont-size:15px;\n}\n<\/style>\n<div  class='av-special-heading av-2p5z6j-38f7c4d6e8b6ea431e86fa0e0ac15867 av-special-heading-h1  avia-builder-el-2  el_before_av_hr  avia-builder-el-first '><h1 class='av-special-heading-tag'  itemprop=\"headline\"  >Euroopan rajojen ja mahdollisuuksien etsint\u00e4\u00e4 <\/h1><div class=\"special-heading-border\"><div class=\"special-heading-inner-border\"><\/div><\/div><\/div><br \/>\n\n<style type=\"text\/css\" data-created_by=\"avia_inline_auto\" id=\"style-css-av-lf056a2t-042b1346a9cca6e004a6281f8225ec13\">\n#top .hr.hr-invisible.av-lf056a2t-042b1346a9cca6e004a6281f8225ec13{\nheight:50px;\n}\n<\/style>\n<div  class='hr av-lf056a2t-042b1346a9cca6e004a6281f8225ec13 hr-invisible  avia-builder-el-3  el_after_av_heading  el_before_av_textblock '><span class='hr-inner '><span class=\"hr-inner-style\"><\/span><\/span><\/div><br \/>\n<section  class='av_textblock_section av-lezr0od0-94e7bd8ef786eea3c9a8d27065495667 '   itemscope=\"itemscope\" itemtype=\"https:\/\/schema.org\/CreativeWork\" ><div class='avia_textblock'  itemprop=\"text\" ><p><em><strong>Geopoliittinen n\u00e4k\u00f6kulma<\/strong><\/em><\/p>\n<p>Ajateltaessa Eurooppaa geopoliittisena k\u00e4sitteen\u00e4 on tarpeen pohtia my\u00f6s maanosan maantieteellist\u00e4 ja historiallista rajaamista. K\u00e4sitys Euroopasta on eri aikoina ollut hyvinkin paljon nykyisest\u00e4 poikkeavaa, ja tulevaisuudessa voi j\u00e4lleen synty\u00e4 uusia tapoja mielt\u00e4\u00e4 Euroopan aluetta ja eurooppalaisuutta.<\/p>\n<p><em><strong>Eurooppalaiset siirtomaavallat<\/strong><\/em><\/p>\n<p>Euroopan vaikutusvalta maailmassa oli laajimmillaan 1800-luvun lopulla, kun Brittil\u00e4inen imperiumi, Ranska, Ven\u00e4j\u00e4 ja Saksa monen pienemm\u00e4n maan ohella alistivat l\u00e4hes koko maailman valtansa alle. Eurooppalaisiin siirtomaavaltoihin voitiin laajasti tulkiten lukea my\u00f6s Yhdysvallat, koska siell\u00e4kin eurooppalainen v\u00e4est\u00f6 oli saanut ehdottoman vallan. Toisaalta latinalaisessa Amerikassa monet siirtomaat olivat jo itsen\u00e4istyneet Espanjan ja Portugalin vallasta.<\/p>\n<p><em><strong>Yhdysvaltojen nousu<\/strong><\/em><\/p>\n<p>Ensimm\u00e4inen maailmansota, jota on sanottu my\u00f6s suureksi eurooppalaiseksi sis\u00e4llissodaksi, heikensi jo tuntuvasti Euroopan suurvaltojen voimavaroja, ja toisen maailmansodan j\u00e4lkeen Yhdysvallat nousi maailman johtavaksi vallaksi. Toisaalta kuitenkin euraasialainen Neuvostoliitto muodosti sille vastavoimaa, joka alkoi levitt\u00e4yty\u00e4 my\u00f6s vapautuneisiin siirtomaihin.<\/p>\n<p><em><strong>Eurooppa keskipisteen\u00e4 1900-luvulla<\/strong><\/em><\/p>\n<p>Suuret konfliktit 1900-luvulla, kaksi maailmansotaa ja kylm\u00e4 sota, painottuivat Eurooppaan. Kylm\u00e4n sodan j\u00e4lkeisen vuosikymmenen aikana maailmanpolitiikan huomio aluksi keskittyi edelleen Euroopan tapahtumiin, kun blokkijaon purkautumista pyrittiin hallitsemaan kansainv\u00e4listen instituutioiden ja organisaatioiden avulla sek\u00e4 valtioiden v\u00e4lisell\u00e4 yhteisty\u00f6ll\u00e4. Yhteisty\u00f6henkinen politiikka tuottikin my\u00f6nteisi\u00e4 tuloksia, sill\u00e4 kylm\u00e4n sodan asetelmat Euroopasta saatiin puretuksi rauhanomaisesti, lukuun ottamatta Jugoslavian hajoamista. Maanosan tilanne kokonaisuutena katsottuna on sitten vakiintunut.<\/p>\n<p><strong><em>Talousajattelu \u201duudessa Euroopassa\u201d<\/em><\/strong><\/p>\n<p>Kylm\u00e4n sodan j\u00e4lkeisess\u00e4 Euroopassa n\u00e4htiin l\u00e4nsieurooppalaisten maiden perustama Euroopan unioni tulevaisuuden mahdollisuutena palauttaa maanosalle yhten\u00e4isyys ja vahva asema maailmassa. N\u00e4iden hankkeiden riskej\u00e4 ei mielell\u00e4\u00e4n pohdittu julkisuudessa. My\u00f6s geopoliittista ajattelua pidettiin vanhentuneena \u201duudessa Euroopassa\u201d ottamatta huomioon, ett\u00e4 geopolitiikan k\u00e4site oli my\u00f6s laajentunut viime vuosisadan alun k\u00e4yt\u00e4nn\u00f6ist\u00e4 tarkoittamaan l\u00e4hinn\u00e4 maantieteellisten tekij\u00f6iden ottamista huomioon politiikassa. Muotiin oli tullut korostaa \u201dgeo-ekonomiaa\u201d eli talouden maantieteellisi\u00e4 perusteita politiikan sijaan.<\/p>\n<p><em><strong>Euroopan integraatio<\/strong><\/em><\/p>\n<p>Kuitenkin piilev\u00e4n\u00e4 vaikutti kysymys siit\u00e4, halusivatko l\u00e4nsieurooppalaiset todella k\u00f6yh\u00e4n It\u00e4-Euroopan maiden asukkaiden tulevan jakamaan rikkauksiaan. Kylm\u00e4n sodan aikana blokkijako oli siirt\u00e4nyt t\u00e4m\u00e4n ongelman k\u00e4sittelyn tuonnemmaksi, mutta 1990-luvulla siihen oli aika hakea vastauksia. Integraatiohuumassa noiden perimm\u00e4isten kysymysten pohtiminen j\u00e4i kuitenkin pintapuoliseksi, joten vasta 2000-luvun puolella Euroopan unionin tulevaisuutta koskevat ongelmat nousivat selke\u00e4mmin esille.<\/p>\n<p><em><strong>EU:n laajentuminen<\/strong><\/em><\/p>\n<p>Yhteisty\u00f6n s\u00e4vytt\u00e4m\u00e4ss\u00e4 ilmapiiriss\u00e4 1990-luvulla oli viel\u00e4 verraten helppoa luvata Euroopan unionin laajentamista ja \u201dviimeistenkin raja-aitojen poistamista\u201d, kuten sanonta kuului. Unionin ensimm\u00e4inen laajennuskierros oli helppo, sill\u00e4 j\u00e4seniksi vuonna 1995 liittyi kolme rikasta Efta-maata, It\u00e4valta, Ruotsi ja Suomi, jotka olivat jo v\u00e4hitellen ehtineet sopeutua yhteiseen vapaakauppa-alueeseen. Vanhojen EU-maiden ei tarvinnut tukea niit\u00e4 rakennerahastoista, kuten oli tuettu edellisen vuosikymmenen laajennuksissa Espanjaa, Portugalia, Irlantia ja Kreikkaa. Silloinkin laajennus tapahtui v\u00e4hitellen, joten taloudellinen rasitus ei muodostunut suureksi.<\/p>\n<p><em><strong>EU:n it\u00e4laajennus ongelmana<\/strong><\/em><\/p>\n<p>My\u00f6s EU:n laajentuminen Keski-Euroopassa Puolaan, Tshekin tasavaltaan, Slovakiaan, Unkariin ja Baltian maihin oli viel\u00e4 verraten kivutonta niiden l\u00e4heisyyden ja, Puolaa lukuun ottamatta, pienen koon vuoksi. Erityisesti Saksan teollisuus sai it\u00e4naapuristosta hyv\u00e4n markkina-alueen \u00a0ja ty\u00f6voimareservin. My\u00f6sk\u00e4\u00e4n V\u00e4limeren alueen pienten maiden liittyminen unioniin ei aiheuttanut suuria periaatteellisia kiistoja. Niit\u00e4 syntyi sen sijaan jo Balkanin suurempien maiden osalta ja erityisesti Turkin j\u00e4senyyskysymyksest\u00e4.<\/p>\n<p><em><strong>Uusia jakolinjoja<\/strong><\/em><\/p>\n<p>Euroopan unionin laajentuminen ja tiivist\u00e4minen merkitsee my\u00f6s blokkiutumista uusine jakolinjoineen nimenomaan suhteessa it\u00e4\u00e4n, ellei rajoille kyet\u00e4 muodostamaan liit\u00e4nn\u00e4isj\u00e4senyyksi\u00e4, kuten aikoinaan komission puheenjohtaja Jacques Delors esitti teht\u00e4v\u00e4ksi alkuper\u00e4isen Euroopan yhteis\u00f6n naapureiden kanssa. Suhtautuminen Turkin ja Ukrainan j\u00e4senyyteen m\u00e4\u00e4ritt\u00e4\u00e4 selv\u00e4sti Euroopan unionin rajoja, puhumattakaan suhteesta Ven\u00e4j\u00e4\u00e4n.<\/p>\n<p><em><strong>EU:n ja Naton laajenemisen eroavuudet<\/strong><\/em><\/p>\n<p>Kun EU:n laajennus on totaalista valtioiden ja yhteiskuntien integroimista, sotilasliitto Naton laajentumiseen on liittynyt toisenlaisia kysymyksi\u00e4. Ne koskevat erityisesti Yhdysvaltojen roolia Euroopassa ja suhteita Ven\u00e4j\u00e4\u00e4n my\u00f6s Aasian suunnalla. Euroopan unionilla ja Natolla on n\u00e4iss\u00e4 asioissa ratkaisevia l\u00e4ht\u00f6kohtien ja intressien eroja, joskin my\u00f6s paljon yhteisi\u00e4 etuja.<\/p>\n<p><em><strong>Naton toiminnan laajennus Euroopan ulkopuolelle<\/strong><\/em><\/p>\n<p>Pohjois-Atlantin liitto perustettiin vuonna 1949 L\u00e4nsi-Euroopan puolustamiseksi mahdollista id\u00e4st\u00e4 tulevaa hy\u00f6kk\u00e4yst\u00e4 vastaan. Silloin Yhdysvallat asettui Eurooppaan asevoimillaan ik\u00e4\u00e4n kuin pitk\u00e4\u00e4n asemasotaan Neuvostoliittoa vastaan. Euroopassa t\u00e4m\u00e4 tilanne on jo p\u00e4\u00e4ttynyt jo 20 vuotta sitten, mutta Aasiassa, etenkin Koreassa ja Japanissa, samanlainen asetelma yh\u00e4 jossain m\u00e4\u00e4rin jatkuu. Yhdysvallat on vuorostaan pyyt\u00e4nyt liittolaisiaan tulemaan avuksi L\u00e4hi-id\u00e4n ja Aasian kriisinhallintatoimiin, ja Naton organisaatiokin kytkettiin n\u00e4ihin hankkeisiin, kun puolustusteht\u00e4v\u00e4 Euroopassa n\u00e4ytti jo loppuneen. Yhdysvaltojen eurooppalaisten liittolaisten motivaatio uuteen rooliinsa ei kuitenkaan ole kovin vahva, varsinkin kun talousvaikeudet pakottavat karsimaan kustannuksia.<\/p>\n<p><em><strong>Maailmanpolitiikan painopiste siirtynyt<\/strong><\/em><\/p>\n<p>Euroopan yleistilanteen rauhoittuessa maailmanpolitiikan painopiste on jo siirtynyt muualle. Suuri kysymys kuuluu: Kuinka l\u00e4ntinen Eurooppa sopeutuu maailman uusien valtakeskusten syntyyn ja erityisesti Aasian nousuun? Esimerkkin\u00e4 ongelmista Euroopan unionille ja Natolle on ollut suhtautuminen Georgian ja Ven\u00e4j\u00e4n v\u00e4liseen konfliktiin, joka kes\u00e4ll\u00e4 2008 k\u00e4rjistyi sodaksi. Maantieteellisesti tuo alue sijaitsee kaukana l\u00e4ntisest\u00e4 Euroopasta, Aasian rajaseudulla, joka kuuluu samaan konfliktivy\u00f6hykkeeseen kuin Irak, Iran, Afganistan ja Pakistan.<\/p>\n<p><em><strong>Lissabonin sopimus<\/strong><\/em><\/p>\n<p>Uuden (Lissabonin) perussopimuksen mukaan EU:sta ei tehd\u00e4 liittovaltiota tai yhten\u00e4ist\u00e4 suurvaltaa, vaan sill\u00e4 halutaan s\u00e4ilytt\u00e4\u00e4 yht\u00e4aikaisesti sek\u00e4 talousyhteis\u00f6n ett\u00e4 poliittisen valtioliiton luonne. Pyrkimys on tehostaa ulkosuhdehallintoa ja siihen liittyen yhdist\u00e4\u00e4 ulkoisen ja sis\u00e4isen turvallisuuden yll\u00e4pitovastuita. Talousongelmien laajennuttua talous- ja rahaliittoa sek\u00e4 yhteisvaluutta euroa koskevaksi rahoituskriisiksi Euroopan unionin kyky vaikuttaa yhten\u00e4isen\u00e4 toimijana on joutunut kovalle koetukselle. Samalla l\u00e4ntisen ja it\u00e4isen Euroopan taloudellisen sek\u00e4 V\u00e4limeren alueen erot ovat taas kasvamaan p\u00e4in, mik\u00e4 n\u00e4kyy my\u00f6s pyrkimyksen\u00e4 lis\u00e4t\u00e4 Saksan, Ranskan ja Iso-Britannian keskin\u00e4ist\u00e4 yhteisty\u00f6t\u00e4 p\u00e4\u00e4t\u00f6ksenteossa.<\/p>\n<p><em><strong>EU:n voima yhteis\u00f6llisyydess\u00e4<\/strong><\/em><\/p>\n<p>Euroopan unionin voima on yhteis\u00f6llisyydess\u00e4 ja keinojen laaja-alaisuudessa. Voimakkaan johtovaltion puuttuminen pakottaa tekem\u00e4\u00e4n kompromisseja, eik\u00e4 t\u00e4rkeit\u00e4 kannata yritt\u00e4\u00e4 my\u00f6sk\u00e4\u00e4n sanella \u00e4\u00e4nest\u00e4jien p\u00e4iden yli. Unionin p\u00e4\u00e4t\u00f6ksenteon hajanaisuus ja eri maiden intressien poikkeavuudet eiv\u00e4t salli EU:lle voiman k\u00e4ytt\u00f6\u00e4 perinteisen suurvallan tapaan. On turvauduttava rauhanomaisempiin keinoihin, joiden k\u00e4ytt\u00f6 vie aikaa mutta takaa pysyv\u00e4mpi\u00e4 tuloksia.<\/p>\n<\/div><\/section><\/p><\/div>\n<section  class='av_textblock_section av-llc8sv6x-be8e1c2d209ce728bd59bfb9f33fcf87 '   itemscope=\"itemscope\" itemtype=\"https:\/\/schema.org\/CreativeWork\" ><div class='avia_textblock'  itemprop=\"text\" ><p>Kuva <a title=\"User:Hobbgemma\" href=\"https:\/\/commons.wikimedia.org\/wiki\/User:Hobbgemma\">Maximilian Greger<\/a> \/ Wikimedia<\/p>\n<\/div><\/section>\n","protected":false},"excerpt":{"rendered":"","protected":false},"author":1,"featured_media":0,"parent":1622,"menu_order":6,"comment_status":"closed","ping_status":"closed","template":"","meta":{"footnotes":""},"class_list":["post-1627","page","type-page","status-publish","hentry"],"_links":{"self":[{"href":"https:\/\/maailmanmuutos.org\/index.php\/wp-json\/wp\/v2\/pages\/1627","targetHints":{"allow":["GET"]}}],"collection":[{"href":"https:\/\/maailmanmuutos.org\/index.php\/wp-json\/wp\/v2\/pages"}],"about":[{"href":"https:\/\/maailmanmuutos.org\/index.php\/wp-json\/wp\/v2\/types\/page"}],"author":[{"embeddable":true,"href":"https:\/\/maailmanmuutos.org\/index.php\/wp-json\/wp\/v2\/users\/1"}],"replies":[{"embeddable":true,"href":"https:\/\/maailmanmuutos.org\/index.php\/wp-json\/wp\/v2\/comments?post=1627"}],"version-history":[{"count":11,"href":"https:\/\/maailmanmuutos.org\/index.php\/wp-json\/wp\/v2\/pages\/1627\/revisions"}],"predecessor-version":[{"id":3386,"href":"https:\/\/maailmanmuutos.org\/index.php\/wp-json\/wp\/v2\/pages\/1627\/revisions\/3386"}],"up":[{"embeddable":true,"href":"https:\/\/maailmanmuutos.org\/index.php\/wp-json\/wp\/v2\/pages\/1622"}],"wp:attachment":[{"href":"https:\/\/maailmanmuutos.org\/index.php\/wp-json\/wp\/v2\/media?parent=1627"}],"curies":[{"name":"wp","href":"https:\/\/api.w.org\/{rel}","templated":true}]}}