{"id":1650,"date":"2023-03-08T20:23:29","date_gmt":"2023-03-08T20:23:29","guid":{"rendered":"http:\/\/us.ylirotu.fi\/index.php\/maailman-muutos\/euroopan-kehitysnakymat\/venajan-ja-muun-ita-euroopan-kehitysnakymat-2\/talouden-ja-ymparistonsuojelun-ratkaiseva-merkitys\/"},"modified":"2023-08-17T08:38:21","modified_gmt":"2023-08-17T08:38:21","slug":"itameren-alueen-turvallisuustilanne","status":"publish","type":"page","link":"https:\/\/maailmanmuutos.org\/index.php\/kylmasta-sodasta-2000-luvulle\/euroopan-kehitysnakymat\/eurooppalaisten-turvallisuusodotukset\/itameren-alueen-turvallisuustilanne\/","title":{"rendered":"It\u00e4meren alueen turvallisuustilanne\u00a0\u00a0"},"content":{"rendered":"<div id='full_slider_1'  class='avia-fullwidth-slider main_color avia-shadow   avia-builder-el-0  el_before_av_one_full  avia-builder-el-first   container_wrap sidebar_right'  >\n<style type=\"text\/css\" data-created_by=\"avia_inline_auto\" id=\"style-css-av-kd4hz9nx-fb331aa0faaa9c578e2f07ccc45f5aa0\">\n#top #wrap_all .avia-slideshow .av-slideshow-caption.av-kd4hz9nx-fb331aa0faaa9c578e2f07ccc45f5aa0__0 .avia-caption-title{\nfont-size:22px;\n}\n#top .avia-slideshow .av-slideshow-caption.av-kd4hz9nx-fb331aa0faaa9c578e2f07ccc45f5aa0__0 .avia-caption-content{\nfont-size:14px;\n}\n#top .avia-slideshow .av-slideshow-caption.av-kd4hz9nx-fb331aa0faaa9c578e2f07ccc45f5aa0__0 .avia-caption-content p{\nfont-size:14px;\n}\n\n@media only screen and (min-width: 768px) and (max-width: 989px){ \n#top #wrap_all .avia-slideshow .av-slideshow-caption.av-kd4hz9nx-fb331aa0faaa9c578e2f07ccc45f5aa0__0 .avia-caption-title{\nfont-size:16px;\n}\n#top .avia-slideshow .av-slideshow-caption.av-kd4hz9nx-fb331aa0faaa9c578e2f07ccc45f5aa0__0 .avia-caption-content{\nfont-size:16px;\n}\n#top .avia-slideshow .av-slideshow-caption.av-kd4hz9nx-fb331aa0faaa9c578e2f07ccc45f5aa0__0 .avia-caption-content p{\nfont-size:16px;\n}\n}\n\n@media only screen and (min-width: 480px) and (max-width: 767px){ \n#top #wrap_all .avia-slideshow .av-slideshow-caption.av-kd4hz9nx-fb331aa0faaa9c578e2f07ccc45f5aa0__0 .avia-caption-title{\nfont-size:14px;\n}\n#top .avia-slideshow .av-slideshow-caption.av-kd4hz9nx-fb331aa0faaa9c578e2f07ccc45f5aa0__0 .avia-caption-content{\nfont-size:14px;\n}\n#top .avia-slideshow .av-slideshow-caption.av-kd4hz9nx-fb331aa0faaa9c578e2f07ccc45f5aa0__0 .avia-caption-content p{\nfont-size:14px;\n}\n}\n\n@media only screen and (max-width: 479px){ \n#top #wrap_all .avia-slideshow .av-slideshow-caption.av-kd4hz9nx-fb331aa0faaa9c578e2f07ccc45f5aa0__0 .avia-caption-title{\ndisplay:none;\n}\n#top .avia-slideshow .av-slideshow-caption.av-kd4hz9nx-fb331aa0faaa9c578e2f07ccc45f5aa0__0 .avia-caption-content{\ndisplay:none;\n}\n#top .avia-slideshow .av-slideshow-caption.av-kd4hz9nx-fb331aa0faaa9c578e2f07ccc45f5aa0__0 .avia-caption-content p{\ndisplay:none;\n}\n}\n<\/style>\n<div  class='avia-slideshow av-kd4hz9nx-fb331aa0faaa9c578e2f07ccc45f5aa0 avia-slideshow-featured av_slideshow_full avia-slide-slider av-slideshow-ui av-control-default av-slideshow-manual av-loop-once av-loop-manual-endless av-default-height-applied   avia-slideshow-1' data-slideshow-options=\"{&quot;animation&quot;:&quot;slide&quot;,&quot;autoplay&quot;:false,&quot;loop_autoplay&quot;:&quot;once&quot;,&quot;interval&quot;:5,&quot;loop_manual&quot;:&quot;manual-endless&quot;,&quot;autoplay_stopper&quot;:false,&quot;noNavigation&quot;:false,&quot;bg_slider&quot;:false,&quot;keep_padding&quot;:false,&quot;hoverpause&quot;:false,&quot;show_slide_delay&quot;:0}\"  itemprop=\"image\" itemscope=\"itemscope\" itemtype=\"https:\/\/schema.org\/ImageObject\" ><ul class='avia-slideshow-inner ' style='padding-bottom: 28.72411489646%;'><li  class='avia-slideshow-slide av-kd4hz9nx-fb331aa0faaa9c578e2f07ccc45f5aa0__0  av-single-slide slide-1 slide-odd'><div data-rel='slideshow-1' class='avia-slide-wrap '   ><img decoding=\"async\" fetchpriority=\"high\" class=\"wp-image-3377 avia-img-lazy-loading-not-3377\"  src=\"https:\/\/maailmanmuutos.org\/wp-content\/uploads\/2023\/08\/itamerenalueenturvallisuus.jpg\" width=\"1497\" height=\"430\" title='itamerenalueenturvallisuus' alt=''  itemprop=\"thumbnailUrl\" srcset=\"https:\/\/maailmanmuutos.org\/wp-content\/uploads\/2023\/08\/itamerenalueenturvallisuus.jpg 1500w, https:\/\/maailmanmuutos.org\/wp-content\/uploads\/2023\/08\/itamerenalueenturvallisuus-800x230.jpg 800w, https:\/\/maailmanmuutos.org\/wp-content\/uploads\/2023\/08\/itamerenalueenturvallisuus-120x34.jpg 120w, https:\/\/maailmanmuutos.org\/wp-content\/uploads\/2023\/08\/itamerenalueenturvallisuus-768x221.jpg 768w, https:\/\/maailmanmuutos.org\/wp-content\/uploads\/2023\/08\/itamerenalueenturvallisuus-705x203.jpg 705w\" sizes=\"(max-width: 1497px) 100vw, 1497px\" \/><\/div><\/li><\/ul><\/div><\/div><div id='after_full_slider_1'  class='main_color av_default_container_wrap container_wrap sidebar_right'  ><div class='container av-section-cont-open' ><div class='template-page content  av-content-small alpha units'><div class='post-entry post-entry-type-page post-entry-1650'><div class='entry-content-wrapper clearfix'>\n\n<style type=\"text\/css\" data-created_by=\"avia_inline_auto\" id=\"style-css-av-5spn6-3d3e8ead61d02f87ad7c9f2fc625dc24\">\n.flex_column.av-5spn6-3d3e8ead61d02f87ad7c9f2fc625dc24{\nborder-radius:0px 0px 0px 0px;\npadding:0px 0px 0px 0px;\n}\n<\/style>\n<div  class='flex_column av-5spn6-3d3e8ead61d02f87ad7c9f2fc625dc24 av_one_full  avia-builder-el-1  el_after_av_slideshow_full  el_before_av_textblock  avia-builder-el-first  first flex_column_div av-zero-column-padding  '     ><p>\n<style type=\"text\/css\" data-created_by=\"avia_inline_auto\" id=\"style-css-av-2vabaq-d49998a9ef1a0e9f01b7427e0e6d8433\">\n#top .av-special-heading.av-2vabaq-d49998a9ef1a0e9f01b7427e0e6d8433{\npadding-bottom:10px;\n}\nbody .av-special-heading.av-2vabaq-d49998a9ef1a0e9f01b7427e0e6d8433 .av-special-heading-tag .heading-char{\nfont-size:25px;\n}\n.av-special-heading.av-2vabaq-d49998a9ef1a0e9f01b7427e0e6d8433 .av-subheading{\nfont-size:15px;\n}\n<\/style>\n<div  class='av-special-heading av-2vabaq-d49998a9ef1a0e9f01b7427e0e6d8433 av-special-heading-h1  avia-builder-el-2  el_before_av_hr  avia-builder-el-first '><h1 class='av-special-heading-tag'  itemprop=\"headline\"  >It\u00e4meren alueen turvallisuustilanne <\/h1><div class=\"special-heading-border\"><div class=\"special-heading-inner-border\"><\/div><\/div><\/div><br \/>\n\n<style type=\"text\/css\" data-created_by=\"avia_inline_auto\" id=\"style-css-av-llc7wkou-19870e9d4358aa1e6a182f403dff9466\">\n#top .hr.hr-invisible.av-llc7wkou-19870e9d4358aa1e6a182f403dff9466{\nheight:50px;\n}\n<\/style>\n<div  class='hr av-llc7wkou-19870e9d4358aa1e6a182f403dff9466 hr-invisible  avia-builder-el-3  el_after_av_heading  el_before_av_textblock '><span class='hr-inner '><span class=\"hr-inner-style\"><\/span><\/span><\/div><br \/>\n<section  class='av_textblock_section av-lezr0od0-94e7bd8ef786eea3c9a8d27065495667 '   itemscope=\"itemscope\" itemtype=\"https:\/\/schema.org\/CreativeWork\" ><div class='avia_textblock'  itemprop=\"text\" ><p><em><strong>Asevoimia supistettiin<\/strong><\/em><\/p>\n<p>Kylm\u00e4n sodan j\u00e4lkeen varustelutaso It\u00e4meren alueella aleni selv\u00e4sti, kun Varsovan liitto romahti ja my\u00f6s Nato heikensi puolustusvalmiuttaan selv\u00e4sti. Vanhoja asevarastoja romutettiin, ja uudishankinnat rajoitettiin l\u00e4hinn\u00e4 kriisinhallintatoimien vaatimaan varustukseen.<\/p>\n<p>It\u00e4meren merimahti on nykyisin Saksa, mutta senkin laivasto suuntautuu l\u00e4hinn\u00e4 V\u00e4limerelle ja It\u00e4-Afrikan vesille. Neuvostoliitolta j\u00e4\u00e4nyt It\u00e4meren laivasto rappeutui tyystin, mutta parhaillaan sille rakennetaan muutaman fregatin ja sukellusveneen t\u00e4ydennyst\u00e4. Mist\u00e4\u00e4n It\u00e4meren alueen kilpavarustelusta ei siis ole kysymys.<\/p>\n<p><em><strong>Tanska<\/strong><\/em><\/p>\n<p>Pohjoismaista Tanska on l\u00e4pik\u00e4ynyt perusteellisimman muutoksen. Oman alueen puolustuskyvyst\u00e4 on siell\u00e4 luovuttu, koska hy\u00f6kk\u00e4yksen uhkaa ei koeta. Tanska on aktivoinut sotilastoimiaan kaukaisilla alueilla Yhdysvaltojen apujoukkona, n\u00e4kyvimmin osallistumalla taisteluihin Irakissa \u00a0ja Afganistanissa. Tanskalaiset eiv\u00e4t sen sijaan ole osallistuneet Euroopan unionin sotilaalliseen toimintaan eiv\u00e4tk\u00e4 pohjoismaiseen puolustusyhteisty\u00f6h\u00f6n.<\/p>\n<p><em><strong>Ruotsi<\/strong><\/em><\/p>\n<p>Ruotsi ei ole radikaalisti muuttanut turvallisuuspoliittista peruslinjaansa, sotilaallista liittoutumattomuutta, mutta turvallisuusymp\u00e4rist\u00f6n suuri muutos on sallinut \u00a0luopumisen vahvasta maanpuolustuksesta, jolla oli valmistauduttu suurhy\u00f6kk\u00e4yksen torjuntaan. Rakenteilla on pienen ammattiarmeijan ja vapaaehtoisjoukkojen yhdistelm\u00e4, jolla koulutetaan henkil\u00f6st\u00f6\u00e4 l\u00e4hinn\u00e4 ulkomaisiin sotilasteht\u00e4viin. Vaikeudet ovat kuitenkin suuret, sill\u00e4 samalla on tarkoitus jatkaa puolustusmenojen supistamista. Ruotsin puolustusbudjetti on noin 40 miljardia kruunua (4 mrd euroa) vastaten 1,4 prosentin kansantuoteosuutta. Mainittakoon, ett\u00e4 Suomen puolustusmenot ovat 2,7 miljardia euroa ja BKT-osuus Ruotsin luokkaa.<\/p>\n<p><em><strong>Pohjoismainen yhteisty\u00f6<\/strong><\/em><\/p>\n<p>Ratkaisuna asevoimien kustannusten kohoamisen ongelmaan on ehdotettu pohjoismaisen yhteisty\u00f6n tehostamista. Yhteistoimintakohteita on l\u00f6ydetty paljon, mutta niiden k\u00e4yt\u00e4nn\u00f6n toteutus on silti ep\u00e4varmaa. Kun esimerkiksi Ruotsi yritti myyd\u00e4 modernisoituja JAS-h\u00e4vitt\u00e4ji\u00e4 Norjalle, ruotsalaislehtien mukaan tarjous hyl\u00e4ttiin kyseenalaisin perustein. Samantapaisia vaikeuksia ovat kokeneet suomalaiset pyrkiess\u00e4\u00e4n Ruotsin markkinoille. On kuitenkin n\u00e4ht\u00e4viss\u00e4, ett\u00e4 pohjoismaiden kesken saadaan aikaan uudenlaista sotilaallisen koulutuksen ja hankintojen sek\u00e4 alueiden valvonnan yhteisty\u00f6t\u00e4. Lis\u00e4ksi siviilialoilla on kaikki mahdollisuudet pohjoismaisen ja It\u00e4meren alueen yhteisty\u00f6n tehostamiseen.<\/p>\n<\/div><\/section><\/p><\/div>\n<section  class='av_textblock_section av-llc7wzu6-04a54c48b865b5a50615e14c9384cb85 '   itemscope=\"itemscope\" itemtype=\"https:\/\/schema.org\/CreativeWork\" ><div class='avia_textblock'  itemprop=\"text\" ><p>Kuva: <a href=\"http:\/\/www.navy.mil\/view_image.asp?id=8160\" target=\"_blank\" rel=\"noopener\">Mate 2nd Class Michael Sandberg<\/a> \/ Wikimedia<\/p>\n<\/div><\/section>\n","protected":false},"excerpt":{"rendered":"","protected":false},"author":1,"featured_media":0,"parent":1622,"menu_order":4,"comment_status":"closed","ping_status":"closed","template":"","meta":{"footnotes":""},"class_list":["post-1650","page","type-page","status-publish","hentry"],"_links":{"self":[{"href":"https:\/\/maailmanmuutos.org\/index.php\/wp-json\/wp\/v2\/pages\/1650","targetHints":{"allow":["GET"]}}],"collection":[{"href":"https:\/\/maailmanmuutos.org\/index.php\/wp-json\/wp\/v2\/pages"}],"about":[{"href":"https:\/\/maailmanmuutos.org\/index.php\/wp-json\/wp\/v2\/types\/page"}],"author":[{"embeddable":true,"href":"https:\/\/maailmanmuutos.org\/index.php\/wp-json\/wp\/v2\/users\/1"}],"replies":[{"embeddable":true,"href":"https:\/\/maailmanmuutos.org\/index.php\/wp-json\/wp\/v2\/comments?post=1650"}],"version-history":[{"count":17,"href":"https:\/\/maailmanmuutos.org\/index.php\/wp-json\/wp\/v2\/pages\/1650\/revisions"}],"predecessor-version":[{"id":4241,"href":"https:\/\/maailmanmuutos.org\/index.php\/wp-json\/wp\/v2\/pages\/1650\/revisions\/4241"}],"up":[{"embeddable":true,"href":"https:\/\/maailmanmuutos.org\/index.php\/wp-json\/wp\/v2\/pages\/1622"}],"wp:attachment":[{"href":"https:\/\/maailmanmuutos.org\/index.php\/wp-json\/wp\/v2\/media?parent=1650"}],"curies":[{"name":"wp","href":"https:\/\/api.w.org\/{rel}","templated":true}]}}