{"id":1660,"date":"2023-03-08T20:23:30","date_gmt":"2023-03-08T20:23:30","guid":{"rendered":"http:\/\/us.ylirotu.fi\/index.php\/maailman-muutos\/euroopan-kehitysnakymat\/venajan-ja-muun-ita-euroopan-kehitysnakymat-2\/kaukasian-konfliktialue-2000-luvun-alussa\/"},"modified":"2023-08-17T08:39:28","modified_gmt":"2023-08-17T08:39:28","slug":"euroopan-vaestorakenne-ja-maahanmuuttopolitiikka","status":"publish","type":"page","link":"https:\/\/maailmanmuutos.org\/index.php\/kylmasta-sodasta-2000-luvulle\/euroopan-kehitysnakymat\/eurooppalaisten-turvallisuusodotukset\/euroopan-vaestorakenne-ja-maahanmuuttopolitiikka\/","title":{"rendered":"Euroopan v\u00e4est\u00f6rakenne ja maahanmuuttopolitiikka\u00a0"},"content":{"rendered":"<div id='full_slider_1'  class='avia-fullwidth-slider main_color avia-shadow   avia-builder-el-0  el_before_av_one_full  avia-builder-el-first   container_wrap sidebar_right'  >\n<style type=\"text\/css\" data-created_by=\"avia_inline_auto\" id=\"style-css-av-kd4hz9nx-fb331aa0faaa9c578e2f07ccc45f5aa0\">\n#top #wrap_all .avia-slideshow .av-slideshow-caption.av-kd4hz9nx-fb331aa0faaa9c578e2f07ccc45f5aa0__0 .avia-caption-title{\nfont-size:22px;\n}\n#top .avia-slideshow .av-slideshow-caption.av-kd4hz9nx-fb331aa0faaa9c578e2f07ccc45f5aa0__0 .avia-caption-content{\nfont-size:14px;\n}\n#top .avia-slideshow .av-slideshow-caption.av-kd4hz9nx-fb331aa0faaa9c578e2f07ccc45f5aa0__0 .avia-caption-content p{\nfont-size:14px;\n}\n\n@media only screen and (min-width: 768px) and (max-width: 989px){ \n#top #wrap_all .avia-slideshow .av-slideshow-caption.av-kd4hz9nx-fb331aa0faaa9c578e2f07ccc45f5aa0__0 .avia-caption-title{\nfont-size:16px;\n}\n#top .avia-slideshow .av-slideshow-caption.av-kd4hz9nx-fb331aa0faaa9c578e2f07ccc45f5aa0__0 .avia-caption-content{\nfont-size:16px;\n}\n#top .avia-slideshow .av-slideshow-caption.av-kd4hz9nx-fb331aa0faaa9c578e2f07ccc45f5aa0__0 .avia-caption-content p{\nfont-size:16px;\n}\n}\n\n@media only screen and (min-width: 480px) and (max-width: 767px){ \n#top #wrap_all .avia-slideshow .av-slideshow-caption.av-kd4hz9nx-fb331aa0faaa9c578e2f07ccc45f5aa0__0 .avia-caption-title{\nfont-size:14px;\n}\n#top .avia-slideshow .av-slideshow-caption.av-kd4hz9nx-fb331aa0faaa9c578e2f07ccc45f5aa0__0 .avia-caption-content{\nfont-size:14px;\n}\n#top .avia-slideshow .av-slideshow-caption.av-kd4hz9nx-fb331aa0faaa9c578e2f07ccc45f5aa0__0 .avia-caption-content p{\nfont-size:14px;\n}\n}\n\n@media only screen and (max-width: 479px){ \n#top #wrap_all .avia-slideshow .av-slideshow-caption.av-kd4hz9nx-fb331aa0faaa9c578e2f07ccc45f5aa0__0 .avia-caption-title{\ndisplay:none;\n}\n#top .avia-slideshow .av-slideshow-caption.av-kd4hz9nx-fb331aa0faaa9c578e2f07ccc45f5aa0__0 .avia-caption-content{\ndisplay:none;\n}\n#top .avia-slideshow .av-slideshow-caption.av-kd4hz9nx-fb331aa0faaa9c578e2f07ccc45f5aa0__0 .avia-caption-content p{\ndisplay:none;\n}\n}\n<\/style>\n<div  class='avia-slideshow av-kd4hz9nx-fb331aa0faaa9c578e2f07ccc45f5aa0 avia-slideshow-featured av_slideshow_full avia-slide-slider av-slideshow-ui av-control-default av-slideshow-manual av-loop-once av-loop-manual-endless av-default-height-applied   avia-slideshow-1' data-slideshow-options=\"{&quot;animation&quot;:&quot;slide&quot;,&quot;autoplay&quot;:false,&quot;loop_autoplay&quot;:&quot;once&quot;,&quot;interval&quot;:5,&quot;loop_manual&quot;:&quot;manual-endless&quot;,&quot;autoplay_stopper&quot;:false,&quot;noNavigation&quot;:false,&quot;bg_slider&quot;:false,&quot;keep_padding&quot;:false,&quot;hoverpause&quot;:false,&quot;show_slide_delay&quot;:0}\"  itemprop=\"image\" itemscope=\"itemscope\" itemtype=\"https:\/\/schema.org\/ImageObject\" ><ul class='avia-slideshow-inner ' style='padding-bottom: 28.72411489646%;'><li  class='avia-slideshow-slide av-kd4hz9nx-fb331aa0faaa9c578e2f07ccc45f5aa0__0  av-single-slide slide-1 slide-odd'><div data-rel='slideshow-1' class='avia-slide-wrap '   ><img decoding=\"async\" fetchpriority=\"high\" class=\"wp-image-3315 avia-img-lazy-loading-not-3315\"  src=\"https:\/\/maailmanmuutos.org\/wp-content\/uploads\/2023\/08\/maahanmuutto.jpg\" width=\"1497\" height=\"430\" title='kuvituskuvat' alt=''  itemprop=\"thumbnailUrl\" srcset=\"https:\/\/maailmanmuutos.org\/wp-content\/uploads\/2023\/08\/maahanmuutto.jpg 1500w, https:\/\/maailmanmuutos.org\/wp-content\/uploads\/2023\/08\/maahanmuutto-800x230.jpg 800w, https:\/\/maailmanmuutos.org\/wp-content\/uploads\/2023\/08\/maahanmuutto-120x34.jpg 120w, https:\/\/maailmanmuutos.org\/wp-content\/uploads\/2023\/08\/maahanmuutto-768x221.jpg 768w, https:\/\/maailmanmuutos.org\/wp-content\/uploads\/2023\/08\/maahanmuutto-705x203.jpg 705w\" sizes=\"(max-width: 1497px) 100vw, 1497px\" \/><\/div><\/li><\/ul><\/div><\/div><div id='after_full_slider_1'  class='main_color av_default_container_wrap container_wrap sidebar_right'  ><div class='container av-section-cont-open' ><div class='template-page content  av-content-small alpha units'><div class='post-entry post-entry-type-page post-entry-1660'><div class='entry-content-wrapper clearfix'>\n\n<style type=\"text\/css\" data-created_by=\"avia_inline_auto\" id=\"style-css-av-5spn6-3d3e8ead61d02f87ad7c9f2fc625dc24\">\n.flex_column.av-5spn6-3d3e8ead61d02f87ad7c9f2fc625dc24{\nborder-radius:0px 0px 0px 0px;\npadding:0px 0px 0px 0px;\n}\n<\/style>\n<div  class='flex_column av-5spn6-3d3e8ead61d02f87ad7c9f2fc625dc24 av_one_full  avia-builder-el-1  el_after_av_slideshow_full  avia-builder-el-no-sibling  first flex_column_div av-zero-column-padding  '     ><p>\n<style type=\"text\/css\" data-created_by=\"avia_inline_auto\" id=\"style-css-av-21c7ks-9e38e160cb12ae2a0fd12d0271c41053\">\n#top .av-special-heading.av-21c7ks-9e38e160cb12ae2a0fd12d0271c41053{\npadding-bottom:10px;\n}\nbody .av-special-heading.av-21c7ks-9e38e160cb12ae2a0fd12d0271c41053 .av-special-heading-tag .heading-char{\nfont-size:25px;\n}\n.av-special-heading.av-21c7ks-9e38e160cb12ae2a0fd12d0271c41053 .av-subheading{\nfont-size:15px;\n}\n<\/style>\n<div  class='av-special-heading av-21c7ks-9e38e160cb12ae2a0fd12d0271c41053 av-special-heading-h1  avia-builder-el-2  el_before_av_hr  avia-builder-el-first '><h1 class='av-special-heading-tag'  itemprop=\"headline\"  >Euroopan v\u00e4est\u00f6rakenne ja maahanmuuttopolitiikka <\/h1><div class=\"special-heading-border\"><div class=\"special-heading-inner-border\"><\/div><\/div><\/div><br \/>\n\n<style type=\"text\/css\" data-created_by=\"avia_inline_auto\" id=\"style-css-av-lf0421j4-ce8b89b5cfa52a1211b8ceb2c7bee65e\">\n#top .hr.hr-invisible.av-lf0421j4-ce8b89b5cfa52a1211b8ceb2c7bee65e{\nheight:50px;\n}\n<\/style>\n<div  class='hr av-lf0421j4-ce8b89b5cfa52a1211b8ceb2c7bee65e hr-invisible  avia-builder-el-3  el_after_av_heading  el_before_av_textblock '><span class='hr-inner '><span class=\"hr-inner-style\"><\/span><\/span><\/div><br \/>\n<section  class='av_textblock_section av-lezr0od0-94e7bd8ef786eea3c9a8d27065495667 '   itemscope=\"itemscope\" itemtype=\"https:\/\/schema.org\/CreativeWork\" ><div class='avia_textblock'  itemprop=\"text\" ><p><em><strong>Euroopan v\u00e4est\u00f6osuus pienenee<\/strong><\/em><\/p>\n<p>Euroopan tulevaisuutta koskevissa arvioissa hyvin keskeisell\u00e4 sijalla on kysymys v\u00e4est\u00f6rakenteesta ja sen vaikutuksista maanosan talouden suorituskykyyn. Suhteessa muihin maanosiin Euroopan v\u00e4est\u00f6n m\u00e4\u00e4r\u00e4 jatkuvasti pienenee ja ik\u00e4rakenne k\u00e4y ty\u00f6voimapoliittisesti ep\u00e4edulliseksi.<\/p>\n<p>Viel\u00e4 1950-luvulla Euroopassa asui noin 30 prosenttia maapallon asukkaista, ja nykyisin eurooppalaisia on noin 15 prosenttia. Vuonna 2050 arvioidaan Euroopan v\u00e4kiluvun olevan en\u00e4\u00e4 12 prosenttia koko maailman v\u00e4est\u00f6st\u00e4. Vastaavasti kehitys Afrikassa on kulkemassa aivan toiseen suuntaan: 1950-luvulla afrikkalaisia oli 9 prosenttia, nyt 14 ja vuonna 2050 arviolta 22 prosenttia maailman kokonaisv\u00e4est\u00f6st\u00e4.<\/p>\n<p><em><strong>V\u00e4est\u00f6 vanhenee<\/strong><\/em><\/p>\n<p>Euroopan unionin kokonaisv\u00e4kiluku noin 500 miljoonaa v\u00e4henee ennusteiden mukaan l\u00e4hivuosikymmenten aikana jonkin verran, mutta v\u00e4est\u00f6n koostumus muuttuu dramaattisesti. Siihen vaikuttaa elini\u00e4n selv\u00e4 pidentyminen, jota ei voida korvata maahanmuuton suosimisellakaan. Ty\u00f6ik\u00e4isen v\u00e4est\u00f6n (15\u201364-vuotiaiden) m\u00e4\u00e4r\u00e4 EU:ssa v\u00e4henee l\u00e4hes 50 miljoonalla vuoteen 2050 menness\u00e4. Silloin vain puolet v\u00e4est\u00f6st\u00e4 olisi ty\u00f6ik\u00e4isi\u00e4. Muutos t\u00e4h\u00e4n suuntaan on voimakas jo ensi vuosikymmenell\u00e4, kun sodanj\u00e4lkeiset suuret ik\u00e4luokat j\u00e4\u00e4v\u00e4t el\u00e4kkeelle.<\/p>\n<p><em><strong>Ongelmien ratkaisukeinoja<\/strong><\/em><\/p>\n<p>V\u00e4est\u00f6n ik\u00e4\u00e4ntyminen tuottaa kasvupaineita julkisiin menoihin ja heikent\u00e4\u00e4 talouden ja sosiaaliturvan toimivuutta siin\u00e4 m\u00e4\u00e4rin, ett\u00e4 vaikutuksia on pyritt\u00e4v\u00e4 lievent\u00e4m\u00e4\u00e4n kaikin keinoin. Niihin kuuluvat l\u00e4hinn\u00e4 perhepoliittiset, lapsim\u00e4\u00e4ri\u00e4 lis\u00e4\u00e4v\u00e4t toimet sek\u00e4 ty\u00f6ss\u00e4oloajan kasvattaminen. My\u00f6s maahanmuuttoa suosimalla voidaan v\u00e4est\u00f6kehityksen ongelmia jossain m\u00e4\u00e4rin lievent\u00e4\u00e4. On kuitenkin varauduttava siihen, ett\u00e4 mainitut haitat pahenevat ja siit\u00e4 seuraa vakavia yhteiskunnallisia h\u00e4iri\u00f6it\u00e4.<\/p>\n<p><em><strong>EU:n maahanmuuttopolitiikka<\/strong><\/em><\/p>\n<p>Euroopan unionin piiriss\u00e4 on kehitetty ohjelmia ennustettavissa olevan v\u00e4est\u00f6kehityksen ongelmien pienent\u00e4miseksi, mutta viime k\u00e4dess\u00e4 valtiot vastaavat sosiaalipolitiikastaan. Yhteisill\u00e4 tutkimuksilla ja ohjeistuksilla voidaan valtioita ohjata edullisiksi n\u00e4htyihin ratkaisuihin, mutta unionin toimivaltaa tuskin on mahdollista ja tarpeellista lis\u00e4t\u00e4 n\u00e4iss\u00e4 asioissa, sill\u00e4 vaara kansalaisten vastustavista reaktioista on aivan ilmeinen.<\/p>\n<p>Nykyisin on jo koko unionin alueella havaittavissa merkkej\u00e4 asenteiden kiristymisest\u00e4 maahanmuuttajia kohtaan, joten maahanmuuttopolitiikan keinoista on odotettavissa vain v\u00e4h\u00e4ist\u00e4 apua v\u00e4est\u00f6ongelmaan. Silti pidet\u00e4\u00e4n hy\u00f6dyllisen\u00e4 k\u00e4ytt\u00e4\u00e4 my\u00f6s siirtolaisuutta apuna v\u00e4est\u00f6rakenteen vinoutuman korjaamisessa.<\/p>\n<\/div><\/section><\/p><\/div>\n","protected":false},"excerpt":{"rendered":"","protected":false},"author":1,"featured_media":0,"parent":1622,"menu_order":2,"comment_status":"closed","ping_status":"closed","template":"","meta":{"footnotes":""},"class_list":["post-1660","page","type-page","status-publish","hentry"],"_links":{"self":[{"href":"https:\/\/maailmanmuutos.org\/index.php\/wp-json\/wp\/v2\/pages\/1660","targetHints":{"allow":["GET"]}}],"collection":[{"href":"https:\/\/maailmanmuutos.org\/index.php\/wp-json\/wp\/v2\/pages"}],"about":[{"href":"https:\/\/maailmanmuutos.org\/index.php\/wp-json\/wp\/v2\/types\/page"}],"author":[{"embeddable":true,"href":"https:\/\/maailmanmuutos.org\/index.php\/wp-json\/wp\/v2\/users\/1"}],"replies":[{"embeddable":true,"href":"https:\/\/maailmanmuutos.org\/index.php\/wp-json\/wp\/v2\/comments?post=1660"}],"version-history":[{"count":18,"href":"https:\/\/maailmanmuutos.org\/index.php\/wp-json\/wp\/v2\/pages\/1660\/revisions"}],"predecessor-version":[{"id":4244,"href":"https:\/\/maailmanmuutos.org\/index.php\/wp-json\/wp\/v2\/pages\/1660\/revisions\/4244"}],"up":[{"embeddable":true,"href":"https:\/\/maailmanmuutos.org\/index.php\/wp-json\/wp\/v2\/pages\/1622"}],"wp:attachment":[{"href":"https:\/\/maailmanmuutos.org\/index.php\/wp-json\/wp\/v2\/media?parent=1660"}],"curies":[{"name":"wp","href":"https:\/\/api.w.org\/{rel}","templated":true}]}}

Euroopan väestörakenne ja maahanmuuttopolitiikka

<div id='full_slider_1'  class='avia-fullwidth-slider main_color avia-shadow   avia-builder-el-0  el_before_av_one_full  avia-builder-el-first   container_wrap sidebar_right'  >
<style type="text/css" data-created_by="avia_inline_auto" id="style-css-av-kd4hz9nx-fb331aa0faaa9c578e2f07ccc45f5aa0">
#top #wrap_all .avia-slideshow .av-slideshow-caption.av-kd4hz9nx-fb331aa0faaa9c578e2f07ccc45f5aa0__0 .avia-caption-title{
font-size:22px;
}
#top .avia-slideshow .av-slideshow-caption.av-kd4hz9nx-fb331aa0faaa9c578e2f07ccc45f5aa0__0 .avia-caption-content{
font-size:14px;
}
#top .avia-slideshow .av-slideshow-caption.av-kd4hz9nx-fb331aa0faaa9c578e2f07ccc45f5aa0__0 .avia-caption-content p{
font-size:14px;
}

@media only screen and (min-width: 768px) and (max-width: 989px){ 
#top #wrap_all .avia-slideshow .av-slideshow-caption.av-kd4hz9nx-fb331aa0faaa9c578e2f07ccc45f5aa0__0 .avia-caption-title{
font-size:16px;
}
#top .avia-slideshow .av-slideshow-caption.av-kd4hz9nx-fb331aa0faaa9c578e2f07ccc45f5aa0__0 .avia-caption-content{
font-size:16px;
}
#top .avia-slideshow .av-slideshow-caption.av-kd4hz9nx-fb331aa0faaa9c578e2f07ccc45f5aa0__0 .avia-caption-content p{
font-size:16px;
}
}

@media only screen and (min-width: 480px) and (max-width: 767px){ 
#top #wrap_all .avia-slideshow .av-slideshow-caption.av-kd4hz9nx-fb331aa0faaa9c578e2f07ccc45f5aa0__0 .avia-caption-title{
font-size:14px;
}
#top .avia-slideshow .av-slideshow-caption.av-kd4hz9nx-fb331aa0faaa9c578e2f07ccc45f5aa0__0 .avia-caption-content{
font-size:14px;
}
#top .avia-slideshow .av-slideshow-caption.av-kd4hz9nx-fb331aa0faaa9c578e2f07ccc45f5aa0__0 .avia-caption-content p{
font-size:14px;
}
}

@media only screen and (max-width: 479px){ 
#top #wrap_all .avia-slideshow .av-slideshow-caption.av-kd4hz9nx-fb331aa0faaa9c578e2f07ccc45f5aa0__0 .avia-caption-title{
display:none;
}
#top .avia-slideshow .av-slideshow-caption.av-kd4hz9nx-fb331aa0faaa9c578e2f07ccc45f5aa0__0 .avia-caption-content{
display:none;
}
#top .avia-slideshow .av-slideshow-caption.av-kd4hz9nx-fb331aa0faaa9c578e2f07ccc45f5aa0__0 .avia-caption-content p{
display:none;
}
}
</style>
<div  class='avia-slideshow av-kd4hz9nx-fb331aa0faaa9c578e2f07ccc45f5aa0 avia-slideshow-featured av_slideshow_full avia-slide-slider av-slideshow-ui av-control-default av-slideshow-manual av-loop-once av-loop-manual-endless av-default-height-applied   avia-slideshow-1' data-slideshow-options="{&quot;animation&quot;:&quot;slide&quot;,&quot;autoplay&quot;:false,&quot;loop_autoplay&quot;:&quot;once&quot;,&quot;interval&quot;:5,&quot;loop_manual&quot;:&quot;manual-endless&quot;,&quot;autoplay_stopper&quot;:false,&quot;noNavigation&quot;:false,&quot;bg_slider&quot;:false,&quot;keep_padding&quot;:false,&quot;hoverpause&quot;:false,&quot;show_slide_delay&quot;:0}"  itemprop="image" itemscope="itemscope" itemtype="https://schema.org/ImageObject" ><ul class='avia-slideshow-inner ' style='padding-bottom: 28.72411489646%;'><li  class='avia-slideshow-slide av-kd4hz9nx-fb331aa0faaa9c578e2f07ccc45f5aa0__0  av-single-slide slide-1 slide-odd'><div data-rel='slideshow-1' class='avia-slide-wrap '   ><img decoding="async" fetchpriority="high" class="wp-image-3315 avia-img-lazy-loading-not-3315"  src="https://maailmanmuutos.org/wp-content/uploads/2023/08/maahanmuutto.jpg" width="1497" height="430" title='kuvituskuvat' alt=''  itemprop="thumbnailUrl" srcset="https://maailmanmuutos.org/wp-content/uploads/2023/08/maahanmuutto.jpg 1500w, https://maailmanmuutos.org/wp-content/uploads/2023/08/maahanmuutto-800x230.jpg 800w, https://maailmanmuutos.org/wp-content/uploads/2023/08/maahanmuutto-120x34.jpg 120w, https://maailmanmuutos.org/wp-content/uploads/2023/08/maahanmuutto-768x221.jpg 768w, https://maailmanmuutos.org/wp-content/uploads/2023/08/maahanmuutto-705x203.jpg 705w" sizes="(max-width: 1497px) 100vw, 1497px" /></div></li></ul></div></div><div id='after_full_slider_1'  class='main_color av_default_container_wrap container_wrap sidebar_right'  ><div class='container av-section-cont-open' ><div class='template-page content  av-content-small alpha units'><div class='post-entry post-entry-type-page post-entry-1660'><div class='entry-content-wrapper clearfix'>

<style type="text/css" data-created_by="avia_inline_auto" id="style-css-av-5spn6-3d3e8ead61d02f87ad7c9f2fc625dc24">
.flex_column.av-5spn6-3d3e8ead61d02f87ad7c9f2fc625dc24{
border-radius:0px 0px 0px 0px;
padding:0px 0px 0px 0px;
}
</style>
<div  class='flex_column av-5spn6-3d3e8ead61d02f87ad7c9f2fc625dc24 av_one_full  avia-builder-el-1  el_after_av_slideshow_full  avia-builder-el-no-sibling  first flex_column_div av-zero-column-padding  '     ><p>
<style type="text/css" data-created_by="avia_inline_auto" id="style-css-av-21c7ks-9e38e160cb12ae2a0fd12d0271c41053">
#top .av-special-heading.av-21c7ks-9e38e160cb12ae2a0fd12d0271c41053{
padding-bottom:10px;
}
body .av-special-heading.av-21c7ks-9e38e160cb12ae2a0fd12d0271c41053 .av-special-heading-tag .heading-char{
font-size:25px;
}
.av-special-heading.av-21c7ks-9e38e160cb12ae2a0fd12d0271c41053 .av-subheading{
font-size:15px;
}
</style>
<div  class='av-special-heading av-21c7ks-9e38e160cb12ae2a0fd12d0271c41053 av-special-heading-h1  avia-builder-el-2  el_before_av_hr  avia-builder-el-first '><h1 class='av-special-heading-tag'  itemprop="headline"  >Euroopan väestörakenne ja maahanmuuttopolitiikka </h1><div class="special-heading-border"><div class="special-heading-inner-border"></div></div></div><br />

<style type="text/css" data-created_by="avia_inline_auto" id="style-css-av-lf0421j4-ce8b89b5cfa52a1211b8ceb2c7bee65e">
#top .hr.hr-invisible.av-lf0421j4-ce8b89b5cfa52a1211b8ceb2c7bee65e{
height:50px;
}
</style>
<div  class='hr av-lf0421j4-ce8b89b5cfa52a1211b8ceb2c7bee65e hr-invisible  avia-builder-el-3  el_after_av_heading  el_before_av_textblock '><span class='hr-inner '><span class="hr-inner-style"></span></span></div><br />
<section  class='av_textblock_section av-lezr0od0-94e7bd8ef786eea3c9a8d27065495667 '   itemscope="itemscope" itemtype="https://schema.org/CreativeWork" ><div class='avia_textblock'  itemprop="text" ><p><em><strong>Euroopan väestöosuus pienenee</strong></em></p>
<p>Euroopan tulevaisuutta koskevissa arvioissa hyvin keskeisellä sijalla on kysymys väestörakenteesta ja sen vaikutuksista maanosan talouden suorituskykyyn. Suhteessa muihin maanosiin Euroopan väestön määrä jatkuvasti pienenee ja ikärakenne käy työvoimapoliittisesti epäedulliseksi.</p>
<p>Vielä 1950-luvulla Euroopassa asui noin 30 prosenttia maapallon asukkaista, ja nykyisin eurooppalaisia on noin 15 prosenttia. Vuonna 2050 arvioidaan Euroopan väkiluvun olevan enää 12 prosenttia koko maailman väestöstä. Vastaavasti kehitys Afrikassa on kulkemassa aivan toiseen suuntaan: 1950-luvulla afrikkalaisia oli 9 prosenttia, nyt 14 ja vuonna 2050 arviolta 22 prosenttia maailman kokonaisväestöstä.</p>
<p><em><strong>Väestö vanhenee</strong></em></p>
<p>Euroopan unionin kokonaisväkiluku noin 500 miljoonaa vähenee ennusteiden mukaan lähivuosikymmenten aikana jonkin verran, mutta väestön koostumus muuttuu dramaattisesti. Siihen vaikuttaa eliniän selvä pidentyminen, jota ei voida korvata maahanmuuton suosimisellakaan. Työikäisen väestön (15–64-vuotiaiden) määrä EU:ssa vähenee lähes 50 miljoonalla vuoteen 2050 mennessä. Silloin vain puolet väestöstä olisi työikäisiä. Muutos tähän suuntaan on voimakas jo ensi vuosikymmenellä, kun sodanjälkeiset suuret ikäluokat jäävät eläkkeelle.</p>
<p><em><strong>Ongelmien ratkaisukeinoja</strong></em></p>
<p>Väestön ikääntyminen tuottaa kasvupaineita julkisiin menoihin ja heikentää talouden ja sosiaaliturvan toimivuutta siinä määrin, että vaikutuksia on pyrittävä lieventämään kaikin keinoin. Niihin kuuluvat lähinnä perhepoliittiset, lapsimääriä lisäävät toimet sekä työssäoloajan kasvattaminen. Myös maahanmuuttoa suosimalla voidaan väestökehityksen ongelmia jossain määrin lieventää. On kuitenkin varauduttava siihen, että mainitut haitat pahenevat ja siitä seuraa vakavia yhteiskunnallisia häiriöitä.</p>
<p><em><strong>EU:n maahanmuuttopolitiikka</strong></em></p>
<p>Euroopan unionin piirissä on kehitetty ohjelmia ennustettavissa olevan väestökehityksen ongelmien pienentämiseksi, mutta viime kädessä valtiot vastaavat sosiaalipolitiikastaan. Yhteisillä tutkimuksilla ja ohjeistuksilla voidaan valtioita ohjata edullisiksi nähtyihin ratkaisuihin, mutta unionin toimivaltaa tuskin on mahdollista ja tarpeellista lisätä näissä asioissa, sillä vaara kansalaisten vastustavista reaktioista on aivan ilmeinen.</p>
<p>Nykyisin on jo koko unionin alueella havaittavissa merkkejä asenteiden kiristymisestä maahanmuuttajia kohtaan, joten maahanmuuttopolitiikan keinoista on odotettavissa vain vähäistä apua väestöongelmaan. Silti pidetään hyödyllisenä käyttää myös siirtolaisuutta apuna väestörakenteen vinoutuman korjaamisessa.</p>
</div></section></p></div>
