{"id":1718,"date":"2023-03-08T20:39:45","date_gmt":"2023-03-08T20:39:45","guid":{"rendered":"http:\/\/us.ylirotu.fi\/index.php\/suomi\/suomen-liittyminen-euroopan-unioniin\/suomen-reaktiot-kylman-sodan-paattymiseen-2\/"},"modified":"2023-08-16T11:15:33","modified_gmt":"2023-08-16T11:15:33","slug":"suhtautuminen-itaisen-euroopan-murrokseen","status":"publish","type":"page","link":"https:\/\/maailmanmuutos.org\/index.php\/suomi\/suomen-liittyminen-euroopan-unioniin\/suomen-reaktiot-kylman-sodan-paattymiseen\/suhtautuminen-itaisen-euroopan-murrokseen\/","title":{"rendered":"Suhtautuminen it\u00e4isen Euroopan murrokseen"},"content":{"rendered":"<div id='full_slider_1'  class='avia-fullwidth-slider main_color avia-shadow   avia-builder-el-0  el_before_av_one_full  avia-builder-el-first   container_wrap sidebar_right'  >\n<style type=\"text\/css\" data-created_by=\"avia_inline_auto\" id=\"style-css-av-kd4hz9nx-fb331aa0faaa9c578e2f07ccc45f5aa0\">\n#top #wrap_all .avia-slideshow .av-slideshow-caption.av-kd4hz9nx-fb331aa0faaa9c578e2f07ccc45f5aa0__0 .avia-caption-title{\nfont-size:22px;\n}\n#top .avia-slideshow .av-slideshow-caption.av-kd4hz9nx-fb331aa0faaa9c578e2f07ccc45f5aa0__0 .avia-caption-content{\nfont-size:14px;\n}\n#top .avia-slideshow .av-slideshow-caption.av-kd4hz9nx-fb331aa0faaa9c578e2f07ccc45f5aa0__0 .avia-caption-content p{\nfont-size:14px;\n}\n\n@media only screen and (min-width: 768px) and (max-width: 989px){ \n#top #wrap_all .avia-slideshow .av-slideshow-caption.av-kd4hz9nx-fb331aa0faaa9c578e2f07ccc45f5aa0__0 .avia-caption-title{\nfont-size:16px;\n}\n#top .avia-slideshow .av-slideshow-caption.av-kd4hz9nx-fb331aa0faaa9c578e2f07ccc45f5aa0__0 .avia-caption-content{\nfont-size:16px;\n}\n#top .avia-slideshow .av-slideshow-caption.av-kd4hz9nx-fb331aa0faaa9c578e2f07ccc45f5aa0__0 .avia-caption-content p{\nfont-size:16px;\n}\n}\n\n@media only screen and (min-width: 480px) and (max-width: 767px){ \n#top #wrap_all .avia-slideshow .av-slideshow-caption.av-kd4hz9nx-fb331aa0faaa9c578e2f07ccc45f5aa0__0 .avia-caption-title{\nfont-size:14px;\n}\n#top .avia-slideshow .av-slideshow-caption.av-kd4hz9nx-fb331aa0faaa9c578e2f07ccc45f5aa0__0 .avia-caption-content{\nfont-size:14px;\n}\n#top .avia-slideshow .av-slideshow-caption.av-kd4hz9nx-fb331aa0faaa9c578e2f07ccc45f5aa0__0 .avia-caption-content p{\nfont-size:14px;\n}\n}\n\n@media only screen and (max-width: 479px){ \n#top #wrap_all .avia-slideshow .av-slideshow-caption.av-kd4hz9nx-fb331aa0faaa9c578e2f07ccc45f5aa0__0 .avia-caption-title{\ndisplay:none;\n}\n#top .avia-slideshow .av-slideshow-caption.av-kd4hz9nx-fb331aa0faaa9c578e2f07ccc45f5aa0__0 .avia-caption-content{\ndisplay:none;\n}\n#top .avia-slideshow .av-slideshow-caption.av-kd4hz9nx-fb331aa0faaa9c578e2f07ccc45f5aa0__0 .avia-caption-content p{\ndisplay:none;\n}\n}\n<\/style>\n<div  class='avia-slideshow av-kd4hz9nx-fb331aa0faaa9c578e2f07ccc45f5aa0 avia-slideshow-featured av_slideshow_full avia-slide-slider av-slideshow-ui av-control-default av-slideshow-manual av-loop-once av-loop-manual-endless av-default-height-applied   avia-slideshow-1' data-slideshow-options=\"{&quot;animation&quot;:&quot;slide&quot;,&quot;autoplay&quot;:false,&quot;loop_autoplay&quot;:&quot;once&quot;,&quot;interval&quot;:5,&quot;loop_manual&quot;:&quot;manual-endless&quot;,&quot;autoplay_stopper&quot;:false,&quot;noNavigation&quot;:false,&quot;bg_slider&quot;:false,&quot;keep_padding&quot;:false,&quot;hoverpause&quot;:false,&quot;show_slide_delay&quot;:0}\"  itemprop=\"image\" itemscope=\"itemscope\" itemtype=\"https:\/\/schema.org\/ImageObject\" ><ul class='avia-slideshow-inner ' style='padding-bottom: 28.72411489646%;'><li  class='avia-slideshow-slide av-kd4hz9nx-fb331aa0faaa9c578e2f07ccc45f5aa0__0  av-single-slide slide-1 slide-odd'><div data-rel='slideshow-1' class='avia-slide-wrap '   ><img decoding=\"async\" fetchpriority=\"high\" class=\"wp-image-2950 avia-img-lazy-loading-not-2950\"  src=\"https:\/\/maailmanmuutos.org\/wp-content\/uploads\/2023\/08\/ETYK_1975.jpg\" width=\"1497\" height=\"430\" title='kuvituskuvat' alt=''  itemprop=\"thumbnailUrl\" srcset=\"https:\/\/maailmanmuutos.org\/wp-content\/uploads\/2023\/08\/ETYK_1975.jpg 1500w, https:\/\/maailmanmuutos.org\/wp-content\/uploads\/2023\/08\/ETYK_1975-800x230.jpg 800w, https:\/\/maailmanmuutos.org\/wp-content\/uploads\/2023\/08\/ETYK_1975-120x34.jpg 120w, https:\/\/maailmanmuutos.org\/wp-content\/uploads\/2023\/08\/ETYK_1975-768x221.jpg 768w, https:\/\/maailmanmuutos.org\/wp-content\/uploads\/2023\/08\/ETYK_1975-705x203.jpg 705w\" sizes=\"(max-width: 1497px) 100vw, 1497px\" \/><\/div><\/li><\/ul><\/div><\/div><div id='after_full_slider_1'  class='main_color av_default_container_wrap container_wrap sidebar_right'  ><div class='container av-section-cont-open' ><div class='template-page content  av-content-small alpha units'><div class='post-entry post-entry-type-page post-entry-1718'><div class='entry-content-wrapper clearfix'>\n\n<style type=\"text\/css\" data-created_by=\"avia_inline_auto\" id=\"style-css-av-5spn6-3d3e8ead61d02f87ad7c9f2fc625dc24\">\n.flex_column.av-5spn6-3d3e8ead61d02f87ad7c9f2fc625dc24{\nborder-radius:0px 0px 0px 0px;\npadding:0px 0px 0px 0px;\n}\n<\/style>\n<div  class='flex_column av-5spn6-3d3e8ead61d02f87ad7c9f2fc625dc24 av_one_full  avia-builder-el-1  el_after_av_slideshow_full  avia-builder-el-no-sibling  first flex_column_div av-zero-column-padding  '     ><p>\n<style type=\"text\/css\" data-created_by=\"avia_inline_auto\" id=\"style-css-av-32oy46-17cbcf7142be9fa8f6d4be3b5ae80612\">\n#top .av-special-heading.av-32oy46-17cbcf7142be9fa8f6d4be3b5ae80612{\npadding-bottom:10px;\n}\nbody .av-special-heading.av-32oy46-17cbcf7142be9fa8f6d4be3b5ae80612 .av-special-heading-tag .heading-char{\nfont-size:25px;\n}\n.av-special-heading.av-32oy46-17cbcf7142be9fa8f6d4be3b5ae80612 .av-subheading{\nfont-size:15px;\n}\n<\/style>\n<div  class='av-special-heading av-32oy46-17cbcf7142be9fa8f6d4be3b5ae80612 av-special-heading-h1  avia-builder-el-2  el_before_av_hr  avia-builder-el-first '><h1 class='av-special-heading-tag'  itemprop=\"headline\"  >Suhtautuminen it\u00e4isen Euroopan murrokseen <\/h1><div class=\"special-heading-border\"><div class=\"special-heading-inner-border\"><\/div><\/div><\/div><br \/>\n\n<style type=\"text\/css\" data-created_by=\"avia_inline_auto\" id=\"style-css-av-2t4ifa-72634cf02a237fa06d240326d3679477\">\n#top .hr.hr-invisible.av-2t4ifa-72634cf02a237fa06d240326d3679477{\nheight:50px;\n}\n<\/style>\n<div  class='hr av-2t4ifa-72634cf02a237fa06d240326d3679477 hr-invisible  avia-builder-el-3  el_after_av_heading  el_before_av_textblock '><span class='hr-inner '><span class=\"hr-inner-style\"><\/span><\/span><\/div><br \/>\n<section  class='av_textblock_section av-lezr0od0-94e7bd8ef786eea3c9a8d27065495667 '   itemscope=\"itemscope\" itemtype=\"https:\/\/schema.org\/CreativeWork\" ><div class='avia_textblock'  itemprop=\"text\" ><p>Kylm\u00e4n sodan loppuvaiheissa Suomi nojautui ulkopolitiikassa Etyk-periaatteisiin ja toimi aktiivisesti sen puitteissa. Ensi sijassa t\u00e4m\u00e4 n\u00e4kyi 1980-luvun \u00a0lopulla Tukholman kokouksessa sek\u00e4 Wieniss\u00e4 k\u00e4ydyiss\u00e4, luottamusta ja turvallisuutta lis\u00e4\u00e4vi\u00e4 toimia koskeneissa neuvotteluissa. Niiss\u00e4 Suomi luettiin yhdess\u00e4 Ruotsin, It\u00e4vallan, Sveitsin ja Jugoslavian kanssa ns. N+N -maiden ryhm\u00e4\u00e4n, joka v\u00e4litti menestyksellisesti blokkien v\u00e4lisiss\u00e4 kiistakysymyksiss\u00e4.<\/p>\n<p>It\u00e4isen Euroopan kuohunnan voimistuessa Suomen virallinen linja edelleen my\u00f6t\u00e4ili YK:n ja Etykin periaatteita. Niihin kuului puuttumattomuus toisten valtioiden sis\u00e4isiin asioihin ja samalla kuitenkin rauhanomaisten muutosten edist\u00e4minen.<\/p>\n<p><em><strong>Varovaisia linjauksia<\/strong><\/em><\/p>\n<p>Yleens\u00e4 tuo varovainen linjaus toimi ja my\u00f6s yleisesti hyv\u00e4ksyttiin, mutta nimenomaan suhtautumisessa Baltian maiden irtautumiseen Neuvostoliitosta tuli hallituksen politiikan ja kansalaisten k\u00e4sitysten v\u00e4lille my\u00f6s eroja. Lehdist\u00f6ss\u00e4 arvosteltiin ajoittain valtiojohdon kannanottoja liian varovaisiksi, mutta mit\u00e4\u00e4n ratkaisevaa kuilua ei n\u00e4kemysten v\u00e4lille syntynyt.<\/p>\n<p>Suomen ulkopoliittiset linjaukset suhteessa Neuvostoliittoon ja Baltian maiden itsen\u00e4isyysliikkeisiin olivat 1990-luvun alussa l\u00e4hell\u00e4 Saksan ja Yhdysvaltojen virallisia kantoja, mutta jonkin verran varovaisempia kuin pohjoismaiden kannanotot.<\/p>\n<\/div><\/section><\/p><\/div>\n","protected":false},"excerpt":{"rendered":"","protected":false},"author":1,"featured_media":0,"parent":1709,"menu_order":1,"comment_status":"closed","ping_status":"closed","template":"","meta":{"footnotes":""},"class_list":["post-1718","page","type-page","status-publish","hentry"],"_links":{"self":[{"href":"https:\/\/maailmanmuutos.org\/index.php\/wp-json\/wp\/v2\/pages\/1718","targetHints":{"allow":["GET"]}}],"collection":[{"href":"https:\/\/maailmanmuutos.org\/index.php\/wp-json\/wp\/v2\/pages"}],"about":[{"href":"https:\/\/maailmanmuutos.org\/index.php\/wp-json\/wp\/v2\/types\/page"}],"author":[{"embeddable":true,"href":"https:\/\/maailmanmuutos.org\/index.php\/wp-json\/wp\/v2\/users\/1"}],"replies":[{"embeddable":true,"href":"https:\/\/maailmanmuutos.org\/index.php\/wp-json\/wp\/v2\/comments?post=1718"}],"version-history":[{"count":6,"href":"https:\/\/maailmanmuutos.org\/index.php\/wp-json\/wp\/v2\/pages\/1718\/revisions"}],"predecessor-version":[{"id":3880,"href":"https:\/\/maailmanmuutos.org\/index.php\/wp-json\/wp\/v2\/pages\/1718\/revisions\/3880"}],"up":[{"embeddable":true,"href":"https:\/\/maailmanmuutos.org\/index.php\/wp-json\/wp\/v2\/pages\/1709"}],"wp:attachment":[{"href":"https:\/\/maailmanmuutos.org\/index.php\/wp-json\/wp\/v2\/media?parent=1718"}],"curies":[{"name":"wp","href":"https:\/\/api.w.org\/{rel}","templated":true}]}}

Suhtautuminen itäisen Euroopan murrokseen

<div id='full_slider_1'  class='avia-fullwidth-slider main_color avia-shadow   avia-builder-el-0  el_before_av_one_full  avia-builder-el-first   container_wrap sidebar_right'  >
<style type="text/css" data-created_by="avia_inline_auto" id="style-css-av-kd4hz9nx-fb331aa0faaa9c578e2f07ccc45f5aa0">
#top #wrap_all .avia-slideshow .av-slideshow-caption.av-kd4hz9nx-fb331aa0faaa9c578e2f07ccc45f5aa0__0 .avia-caption-title{
font-size:22px;
}
#top .avia-slideshow .av-slideshow-caption.av-kd4hz9nx-fb331aa0faaa9c578e2f07ccc45f5aa0__0 .avia-caption-content{
font-size:14px;
}
#top .avia-slideshow .av-slideshow-caption.av-kd4hz9nx-fb331aa0faaa9c578e2f07ccc45f5aa0__0 .avia-caption-content p{
font-size:14px;
}

@media only screen and (min-width: 768px) and (max-width: 989px){ 
#top #wrap_all .avia-slideshow .av-slideshow-caption.av-kd4hz9nx-fb331aa0faaa9c578e2f07ccc45f5aa0__0 .avia-caption-title{
font-size:16px;
}
#top .avia-slideshow .av-slideshow-caption.av-kd4hz9nx-fb331aa0faaa9c578e2f07ccc45f5aa0__0 .avia-caption-content{
font-size:16px;
}
#top .avia-slideshow .av-slideshow-caption.av-kd4hz9nx-fb331aa0faaa9c578e2f07ccc45f5aa0__0 .avia-caption-content p{
font-size:16px;
}
}

@media only screen and (min-width: 480px) and (max-width: 767px){ 
#top #wrap_all .avia-slideshow .av-slideshow-caption.av-kd4hz9nx-fb331aa0faaa9c578e2f07ccc45f5aa0__0 .avia-caption-title{
font-size:14px;
}
#top .avia-slideshow .av-slideshow-caption.av-kd4hz9nx-fb331aa0faaa9c578e2f07ccc45f5aa0__0 .avia-caption-content{
font-size:14px;
}
#top .avia-slideshow .av-slideshow-caption.av-kd4hz9nx-fb331aa0faaa9c578e2f07ccc45f5aa0__0 .avia-caption-content p{
font-size:14px;
}
}

@media only screen and (max-width: 479px){ 
#top #wrap_all .avia-slideshow .av-slideshow-caption.av-kd4hz9nx-fb331aa0faaa9c578e2f07ccc45f5aa0__0 .avia-caption-title{
display:none;
}
#top .avia-slideshow .av-slideshow-caption.av-kd4hz9nx-fb331aa0faaa9c578e2f07ccc45f5aa0__0 .avia-caption-content{
display:none;
}
#top .avia-slideshow .av-slideshow-caption.av-kd4hz9nx-fb331aa0faaa9c578e2f07ccc45f5aa0__0 .avia-caption-content p{
display:none;
}
}
</style>
<div  class='avia-slideshow av-kd4hz9nx-fb331aa0faaa9c578e2f07ccc45f5aa0 avia-slideshow-featured av_slideshow_full avia-slide-slider av-slideshow-ui av-control-default av-slideshow-manual av-loop-once av-loop-manual-endless av-default-height-applied   avia-slideshow-1' data-slideshow-options="{&quot;animation&quot;:&quot;slide&quot;,&quot;autoplay&quot;:false,&quot;loop_autoplay&quot;:&quot;once&quot;,&quot;interval&quot;:5,&quot;loop_manual&quot;:&quot;manual-endless&quot;,&quot;autoplay_stopper&quot;:false,&quot;noNavigation&quot;:false,&quot;bg_slider&quot;:false,&quot;keep_padding&quot;:false,&quot;hoverpause&quot;:false,&quot;show_slide_delay&quot;:0}"  itemprop="image" itemscope="itemscope" itemtype="https://schema.org/ImageObject" ><ul class='avia-slideshow-inner ' style='padding-bottom: 28.72411489646%;'><li  class='avia-slideshow-slide av-kd4hz9nx-fb331aa0faaa9c578e2f07ccc45f5aa0__0  av-single-slide slide-1 slide-odd'><div data-rel='slideshow-1' class='avia-slide-wrap '   ><img decoding="async" fetchpriority="high" class="wp-image-2950 avia-img-lazy-loading-not-2950"  src="https://maailmanmuutos.org/wp-content/uploads/2023/08/ETYK_1975.jpg" width="1497" height="430" title='kuvituskuvat' alt=''  itemprop="thumbnailUrl" srcset="https://maailmanmuutos.org/wp-content/uploads/2023/08/ETYK_1975.jpg 1500w, https://maailmanmuutos.org/wp-content/uploads/2023/08/ETYK_1975-800x230.jpg 800w, https://maailmanmuutos.org/wp-content/uploads/2023/08/ETYK_1975-120x34.jpg 120w, https://maailmanmuutos.org/wp-content/uploads/2023/08/ETYK_1975-768x221.jpg 768w, https://maailmanmuutos.org/wp-content/uploads/2023/08/ETYK_1975-705x203.jpg 705w" sizes="(max-width: 1497px) 100vw, 1497px" /></div></li></ul></div></div><div id='after_full_slider_1'  class='main_color av_default_container_wrap container_wrap sidebar_right'  ><div class='container av-section-cont-open' ><div class='template-page content  av-content-small alpha units'><div class='post-entry post-entry-type-page post-entry-1718'><div class='entry-content-wrapper clearfix'>

<style type="text/css" data-created_by="avia_inline_auto" id="style-css-av-5spn6-3d3e8ead61d02f87ad7c9f2fc625dc24">
.flex_column.av-5spn6-3d3e8ead61d02f87ad7c9f2fc625dc24{
border-radius:0px 0px 0px 0px;
padding:0px 0px 0px 0px;
}
</style>
<div  class='flex_column av-5spn6-3d3e8ead61d02f87ad7c9f2fc625dc24 av_one_full  avia-builder-el-1  el_after_av_slideshow_full  avia-builder-el-no-sibling  first flex_column_div av-zero-column-padding  '     ><p>
<style type="text/css" data-created_by="avia_inline_auto" id="style-css-av-32oy46-17cbcf7142be9fa8f6d4be3b5ae80612">
#top .av-special-heading.av-32oy46-17cbcf7142be9fa8f6d4be3b5ae80612{
padding-bottom:10px;
}
body .av-special-heading.av-32oy46-17cbcf7142be9fa8f6d4be3b5ae80612 .av-special-heading-tag .heading-char{
font-size:25px;
}
.av-special-heading.av-32oy46-17cbcf7142be9fa8f6d4be3b5ae80612 .av-subheading{
font-size:15px;
}
</style>
<div  class='av-special-heading av-32oy46-17cbcf7142be9fa8f6d4be3b5ae80612 av-special-heading-h1  avia-builder-el-2  el_before_av_hr  avia-builder-el-first '><h1 class='av-special-heading-tag'  itemprop="headline"  >Suhtautuminen itäisen Euroopan murrokseen </h1><div class="special-heading-border"><div class="special-heading-inner-border"></div></div></div><br />

<style type="text/css" data-created_by="avia_inline_auto" id="style-css-av-2t4ifa-72634cf02a237fa06d240326d3679477">
#top .hr.hr-invisible.av-2t4ifa-72634cf02a237fa06d240326d3679477{
height:50px;
}
</style>
<div  class='hr av-2t4ifa-72634cf02a237fa06d240326d3679477 hr-invisible  avia-builder-el-3  el_after_av_heading  el_before_av_textblock '><span class='hr-inner '><span class="hr-inner-style"></span></span></div><br />
<section  class='av_textblock_section av-lezr0od0-94e7bd8ef786eea3c9a8d27065495667 '   itemscope="itemscope" itemtype="https://schema.org/CreativeWork" ><div class='avia_textblock'  itemprop="text" ><p>Kylmän sodan loppuvaiheissa Suomi nojautui ulkopolitiikassa Etyk-periaatteisiin ja toimi aktiivisesti sen puitteissa. Ensi sijassa tämä näkyi 1980-luvun  lopulla Tukholman kokouksessa sekä Wienissä käydyissä, luottamusta ja turvallisuutta lisääviä toimia koskeneissa neuvotteluissa. Niissä Suomi luettiin yhdessä Ruotsin, Itävallan, Sveitsin ja Jugoslavian kanssa ns. N+N -maiden ryhmään, joka välitti menestyksellisesti blokkien välisissä kiistakysymyksissä.</p>
<p>Itäisen Euroopan kuohunnan voimistuessa Suomen virallinen linja edelleen myötäili YK:n ja Etykin periaatteita. Niihin kuului puuttumattomuus toisten valtioiden sisäisiin asioihin ja samalla kuitenkin rauhanomaisten muutosten edistäminen.</p>
<p><em><strong>Varovaisia linjauksia</strong></em></p>
<p>Yleensä tuo varovainen linjaus toimi ja myös yleisesti hyväksyttiin, mutta nimenomaan suhtautumisessa Baltian maiden irtautumiseen Neuvostoliitosta tuli hallituksen politiikan ja kansalaisten käsitysten välille myös eroja. Lehdistössä arvosteltiin ajoittain valtiojohdon kannanottoja liian varovaisiksi, mutta mitään ratkaisevaa kuilua ei näkemysten välille syntynyt.</p>
<p>Suomen ulkopoliittiset linjaukset suhteessa Neuvostoliittoon ja Baltian maiden itsenäisyysliikkeisiin olivat 1990-luvun alussa lähellä Saksan ja Yhdysvaltojen virallisia kantoja, mutta jonkin verran varovaisempia kuin pohjoismaiden kannanotot.</p>
</div></section></p></div>
