{"id":1719,"date":"2023-03-08T20:39:45","date_gmt":"2023-03-08T20:39:45","guid":{"rendered":"http:\/\/us.ylirotu.fi\/index.php\/suomi\/suomen-liittyminen-euroopan-unioniin\/suomen-reaktiot-kylman-sodan-paattymiseen-3\/"},"modified":"2023-08-16T11:14:23","modified_gmt":"2023-08-16T11:14:23","slug":"saksa-ja-suomi","status":"publish","type":"page","link":"https:\/\/maailmanmuutos.org\/index.php\/suomi\/suomen-liittyminen-euroopan-unioniin\/suomen-reaktiot-kylman-sodan-paattymiseen\/saksa-ja-suomi\/","title":{"rendered":"Saksa ja Suomi"},"content":{"rendered":"<div id='full_slider_1'  class='avia-fullwidth-slider main_color avia-shadow   avia-builder-el-0  el_before_av_one_full  avia-builder-el-first   container_wrap sidebar_right'  >\n<style type=\"text\/css\" data-created_by=\"avia_inline_auto\" id=\"style-css-av-kd4hz9nx-fb331aa0faaa9c578e2f07ccc45f5aa0\">\n#top #wrap_all .avia-slideshow .av-slideshow-caption.av-kd4hz9nx-fb331aa0faaa9c578e2f07ccc45f5aa0__0 .avia-caption-title{\nfont-size:22px;\n}\n#top .avia-slideshow .av-slideshow-caption.av-kd4hz9nx-fb331aa0faaa9c578e2f07ccc45f5aa0__0 .avia-caption-content{\nfont-size:14px;\n}\n#top .avia-slideshow .av-slideshow-caption.av-kd4hz9nx-fb331aa0faaa9c578e2f07ccc45f5aa0__0 .avia-caption-content p{\nfont-size:14px;\n}\n\n@media only screen and (min-width: 768px) and (max-width: 989px){ \n#top #wrap_all .avia-slideshow .av-slideshow-caption.av-kd4hz9nx-fb331aa0faaa9c578e2f07ccc45f5aa0__0 .avia-caption-title{\nfont-size:16px;\n}\n#top .avia-slideshow .av-slideshow-caption.av-kd4hz9nx-fb331aa0faaa9c578e2f07ccc45f5aa0__0 .avia-caption-content{\nfont-size:16px;\n}\n#top .avia-slideshow .av-slideshow-caption.av-kd4hz9nx-fb331aa0faaa9c578e2f07ccc45f5aa0__0 .avia-caption-content p{\nfont-size:16px;\n}\n}\n\n@media only screen and (min-width: 480px) and (max-width: 767px){ \n#top #wrap_all .avia-slideshow .av-slideshow-caption.av-kd4hz9nx-fb331aa0faaa9c578e2f07ccc45f5aa0__0 .avia-caption-title{\nfont-size:14px;\n}\n#top .avia-slideshow .av-slideshow-caption.av-kd4hz9nx-fb331aa0faaa9c578e2f07ccc45f5aa0__0 .avia-caption-content{\nfont-size:14px;\n}\n#top .avia-slideshow .av-slideshow-caption.av-kd4hz9nx-fb331aa0faaa9c578e2f07ccc45f5aa0__0 .avia-caption-content p{\nfont-size:14px;\n}\n}\n\n@media only screen and (max-width: 479px){ \n#top #wrap_all .avia-slideshow .av-slideshow-caption.av-kd4hz9nx-fb331aa0faaa9c578e2f07ccc45f5aa0__0 .avia-caption-title{\ndisplay:none;\n}\n#top .avia-slideshow .av-slideshow-caption.av-kd4hz9nx-fb331aa0faaa9c578e2f07ccc45f5aa0__0 .avia-caption-content{\ndisplay:none;\n}\n#top .avia-slideshow .av-slideshow-caption.av-kd4hz9nx-fb331aa0faaa9c578e2f07ccc45f5aa0__0 .avia-caption-content p{\ndisplay:none;\n}\n}\n<\/style>\n<div  class='avia-slideshow av-kd4hz9nx-fb331aa0faaa9c578e2f07ccc45f5aa0 avia-slideshow-featured av_slideshow_full avia-slide-slider av-slideshow-ui av-control-default av-slideshow-manual av-loop-once av-loop-manual-endless av-default-height-applied   avia-slideshow-1' data-slideshow-options=\"{&quot;animation&quot;:&quot;slide&quot;,&quot;autoplay&quot;:false,&quot;loop_autoplay&quot;:&quot;once&quot;,&quot;interval&quot;:5,&quot;loop_manual&quot;:&quot;manual-endless&quot;,&quot;autoplay_stopper&quot;:false,&quot;noNavigation&quot;:false,&quot;bg_slider&quot;:false,&quot;keep_padding&quot;:false,&quot;hoverpause&quot;:false,&quot;show_slide_delay&quot;:0}\"  itemprop=\"image\" itemscope=\"itemscope\" itemtype=\"https:\/\/schema.org\/ImageObject\" ><ul class='avia-slideshow-inner ' style='padding-bottom: 28.72411489646%;'><li  class='avia-slideshow-slide av-kd4hz9nx-fb331aa0faaa9c578e2f07ccc45f5aa0__0  av-single-slide slide-1 slide-odd'><div data-rel='slideshow-1' class='avia-slide-wrap '   ><img decoding=\"async\" fetchpriority=\"high\" class=\"wp-image-3878 avia-img-lazy-loading-not-3878\"  src=\"https:\/\/maailmanmuutos.org\/wp-content\/uploads\/2023\/08\/helmut-kohl.jpg\" width=\"1497\" height=\"430\" title='kuvituskuvat' alt=''  itemprop=\"thumbnailUrl\" srcset=\"https:\/\/maailmanmuutos.org\/wp-content\/uploads\/2023\/08\/helmut-kohl.jpg 1500w, https:\/\/maailmanmuutos.org\/wp-content\/uploads\/2023\/08\/helmut-kohl-800x230.jpg 800w, https:\/\/maailmanmuutos.org\/wp-content\/uploads\/2023\/08\/helmut-kohl-120x34.jpg 120w, https:\/\/maailmanmuutos.org\/wp-content\/uploads\/2023\/08\/helmut-kohl-768x221.jpg 768w, https:\/\/maailmanmuutos.org\/wp-content\/uploads\/2023\/08\/helmut-kohl-705x203.jpg 705w\" sizes=\"(max-width: 1497px) 100vw, 1497px\" \/><\/div><\/li><\/ul><\/div><\/div><div id='after_full_slider_1'  class='main_color av_default_container_wrap container_wrap sidebar_right'  ><div class='container av-section-cont-open' ><div class='template-page content  av-content-small alpha units'><div class='post-entry post-entry-type-page post-entry-1719'><div class='entry-content-wrapper clearfix'>\n\n<style type=\"text\/css\" data-created_by=\"avia_inline_auto\" id=\"style-css-av-5spn6-3d3e8ead61d02f87ad7c9f2fc625dc24\">\n.flex_column.av-5spn6-3d3e8ead61d02f87ad7c9f2fc625dc24{\nborder-radius:0px 0px 0px 0px;\npadding:0px 0px 0px 0px;\n}\n<\/style>\n<div  class='flex_column av-5spn6-3d3e8ead61d02f87ad7c9f2fc625dc24 av_one_full  avia-builder-el-1  el_after_av_slideshow_full  avia-builder-el-no-sibling  first flex_column_div av-zero-column-padding  '     ><p>\n<style type=\"text\/css\" data-created_by=\"avia_inline_auto\" id=\"style-css-av-2plu8n-5a4ca3eb74ca96717870d7a4b525b1e1\">\n#top .av-special-heading.av-2plu8n-5a4ca3eb74ca96717870d7a4b525b1e1{\npadding-bottom:10px;\n}\nbody .av-special-heading.av-2plu8n-5a4ca3eb74ca96717870d7a4b525b1e1 .av-special-heading-tag .heading-char{\nfont-size:25px;\n}\n.av-special-heading.av-2plu8n-5a4ca3eb74ca96717870d7a4b525b1e1 .av-subheading{\nfont-size:15px;\n}\n<\/style>\n<div  class='av-special-heading av-2plu8n-5a4ca3eb74ca96717870d7a4b525b1e1 av-special-heading-h1  avia-builder-el-2  el_before_av_textblock  avia-builder-el-first '><h1 class='av-special-heading-tag'  itemprop=\"headline\"  >Saksa ja Suomi <\/h1><div class=\"special-heading-border\"><div class=\"special-heading-inner-border\"><\/div><\/div><\/div><br \/>\n<section  class='av_textblock_section av-lezr0od0-94e7bd8ef786eea3c9a8d27065495667 '   itemscope=\"itemscope\" itemtype=\"https:\/\/schema.org\/CreativeWork\" ><div class='avia_textblock'  itemprop=\"text\" ><p><em><strong>Yhdistymisest\u00e4 ei ongelmia<\/strong><\/em><\/p>\n<p>Suomessa suhtauduttiin Saksan yhdistymiseen kaikkiaan rauhallisesti verrattuna moniin muihin eurooppalaisiin maihin, joissa ep\u00e4ilyt Saksaa kohtaan eliv\u00e4t syv\u00e4ss\u00e4. Suomalais-saksalaisissa suhteissa ei ollut selvitt\u00e4m\u00e4tt\u00f6mi\u00e4 historiallisia tai ajankohtaisia ongelmia, eik\u00e4 muutenkaan n\u00e4hty aihetta pel\u00e4t\u00e4 uuden \u201dSuur-Saksan\u201d paluuta Keski-Eurooppaa hallitsevaksi voimaksi.<\/p>\n<p>Silti Suomessakin verraten pitk\u00e4\u00e4n ep\u00e4iltiin Saksan yhdistymisen onnistumista ja odotettiin siit\u00e4 ehk\u00e4 seuraavan uusia riskej\u00e4. Viel\u00e4 syksyll\u00e4 ja talvella 1989-1990 Suomessa verraten yleisesti arvioitiin, ett\u00e4 yhdistyminen saattaa viiv\u00e4sty\u00e4 ja kohtaa kovenevaa vastustusta.<\/p>\n<p><em><strong>Suomessa uudelleenarviointeja<\/strong><\/em><\/p>\n<p>Kes\u00e4ll\u00e4 1990 n\u00e4ytti kuitenkin jo silt\u00e4, ett\u00e4 Suomi tulisi hy\u00f6tym\u00e4\u00e4n yhdistyneen Saksan painopisteen siirtymisest\u00e4 It\u00e4meren suuntaan. Samoin pidettiin eritt\u00e4in my\u00f6nteisen\u00e4 sit\u00e4, ett\u00e4 Helmut Kohl ja Mihail Gorbatshov p\u00e4\u00e4siv\u00e4t k\u00e4yt\u00e4nn\u00f6n j\u00e4rjestelyist\u00e4 yhteisymm\u00e4rrykseen. Siit\u00e4 seurasi edelleen, ett\u00e4 Suomessa ryhdyttiin pikaisesti arvioimaan mahdollisia vaikutuksia Pariisin rauhansopimukselle ja yya-sopimukselle.<\/p>\n<p><em><strong>Id\u00e4npolitiikassa yht\u00e4l\u00e4isyyksi\u00e4<\/strong><\/em><\/p>\n<p>Suomen ulkopolitiikan johtajat olivat tietoisia siit\u00e4, ett\u00e4 Saksan liittotasavallan tuoreet linjaukset monissa asioissa olivat l\u00e4hell\u00e4 Suomen kantoja, eik\u00e4 ollut aihetta odottaa yhdistyneen Saksan tekev\u00e4n siihen muutosta. Erityisen t\u00e4rke\u00e4\u00e4 oli Saksan asettuminen id\u00e4npolitiikassa sovittelevaan yhteisty\u00f6h\u00f6n Neuvostoliitto\/Ven\u00e4j\u00e4n kanssa, jolloin toisen maailmansodan ja kylm\u00e4n sodan aikaiset vihollisuudet voitiin jo unohtaa ja palata ennen 1900-lukua vallinneen hyv\u00e4n saksalais-ven\u00e4l\u00e4isen yhteisty\u00f6n linjoille.<\/p>\n<\/div><\/section><\/p><\/div>\n","protected":false},"excerpt":{"rendered":"","protected":false},"author":1,"featured_media":0,"parent":1709,"menu_order":2,"comment_status":"closed","ping_status":"closed","template":"","meta":{"footnotes":""},"class_list":["post-1719","page","type-page","status-publish","hentry"],"_links":{"self":[{"href":"https:\/\/maailmanmuutos.org\/index.php\/wp-json\/wp\/v2\/pages\/1719","targetHints":{"allow":["GET"]}}],"collection":[{"href":"https:\/\/maailmanmuutos.org\/index.php\/wp-json\/wp\/v2\/pages"}],"about":[{"href":"https:\/\/maailmanmuutos.org\/index.php\/wp-json\/wp\/v2\/types\/page"}],"author":[{"embeddable":true,"href":"https:\/\/maailmanmuutos.org\/index.php\/wp-json\/wp\/v2\/users\/1"}],"replies":[{"embeddable":true,"href":"https:\/\/maailmanmuutos.org\/index.php\/wp-json\/wp\/v2\/comments?post=1719"}],"version-history":[{"count":4,"href":"https:\/\/maailmanmuutos.org\/index.php\/wp-json\/wp\/v2\/pages\/1719\/revisions"}],"predecessor-version":[{"id":3877,"href":"https:\/\/maailmanmuutos.org\/index.php\/wp-json\/wp\/v2\/pages\/1719\/revisions\/3877"}],"up":[{"embeddable":true,"href":"https:\/\/maailmanmuutos.org\/index.php\/wp-json\/wp\/v2\/pages\/1709"}],"wp:attachment":[{"href":"https:\/\/maailmanmuutos.org\/index.php\/wp-json\/wp\/v2\/media?parent=1719"}],"curies":[{"name":"wp","href":"https:\/\/api.w.org\/{rel}","templated":true}]}}

<div id='full_slider_1'  class='avia-fullwidth-slider main_color avia-shadow   avia-builder-el-0  el_before_av_one_full  avia-builder-el-first   container_wrap sidebar_right'  >
<style type="text/css" data-created_by="avia_inline_auto" id="style-css-av-kd4hz9nx-fb331aa0faaa9c578e2f07ccc45f5aa0">
#top #wrap_all .avia-slideshow .av-slideshow-caption.av-kd4hz9nx-fb331aa0faaa9c578e2f07ccc45f5aa0__0 .avia-caption-title{
font-size:22px;
}
#top .avia-slideshow .av-slideshow-caption.av-kd4hz9nx-fb331aa0faaa9c578e2f07ccc45f5aa0__0 .avia-caption-content{
font-size:14px;
}
#top .avia-slideshow .av-slideshow-caption.av-kd4hz9nx-fb331aa0faaa9c578e2f07ccc45f5aa0__0 .avia-caption-content p{
font-size:14px;
}

@media only screen and (min-width: 768px) and (max-width: 989px){ 
#top #wrap_all .avia-slideshow .av-slideshow-caption.av-kd4hz9nx-fb331aa0faaa9c578e2f07ccc45f5aa0__0 .avia-caption-title{
font-size:16px;
}
#top .avia-slideshow .av-slideshow-caption.av-kd4hz9nx-fb331aa0faaa9c578e2f07ccc45f5aa0__0 .avia-caption-content{
font-size:16px;
}
#top .avia-slideshow .av-slideshow-caption.av-kd4hz9nx-fb331aa0faaa9c578e2f07ccc45f5aa0__0 .avia-caption-content p{
font-size:16px;
}
}

@media only screen and (min-width: 480px) and (max-width: 767px){ 
#top #wrap_all .avia-slideshow .av-slideshow-caption.av-kd4hz9nx-fb331aa0faaa9c578e2f07ccc45f5aa0__0 .avia-caption-title{
font-size:14px;
}
#top .avia-slideshow .av-slideshow-caption.av-kd4hz9nx-fb331aa0faaa9c578e2f07ccc45f5aa0__0 .avia-caption-content{
font-size:14px;
}
#top .avia-slideshow .av-slideshow-caption.av-kd4hz9nx-fb331aa0faaa9c578e2f07ccc45f5aa0__0 .avia-caption-content p{
font-size:14px;
}
}

@media only screen and (max-width: 479px){ 
#top #wrap_all .avia-slideshow .av-slideshow-caption.av-kd4hz9nx-fb331aa0faaa9c578e2f07ccc45f5aa0__0 .avia-caption-title{
display:none;
}
#top .avia-slideshow .av-slideshow-caption.av-kd4hz9nx-fb331aa0faaa9c578e2f07ccc45f5aa0__0 .avia-caption-content{
display:none;
}
#top .avia-slideshow .av-slideshow-caption.av-kd4hz9nx-fb331aa0faaa9c578e2f07ccc45f5aa0__0 .avia-caption-content p{
display:none;
}
}
</style>
<div  class='avia-slideshow av-kd4hz9nx-fb331aa0faaa9c578e2f07ccc45f5aa0 avia-slideshow-featured av_slideshow_full avia-slide-slider av-slideshow-ui av-control-default av-slideshow-manual av-loop-once av-loop-manual-endless av-default-height-applied   avia-slideshow-1' data-slideshow-options="{&quot;animation&quot;:&quot;slide&quot;,&quot;autoplay&quot;:false,&quot;loop_autoplay&quot;:&quot;once&quot;,&quot;interval&quot;:5,&quot;loop_manual&quot;:&quot;manual-endless&quot;,&quot;autoplay_stopper&quot;:false,&quot;noNavigation&quot;:false,&quot;bg_slider&quot;:false,&quot;keep_padding&quot;:false,&quot;hoverpause&quot;:false,&quot;show_slide_delay&quot;:0}"  itemprop="image" itemscope="itemscope" itemtype="https://schema.org/ImageObject" ><ul class='avia-slideshow-inner ' style='padding-bottom: 28.72411489646%;'><li  class='avia-slideshow-slide av-kd4hz9nx-fb331aa0faaa9c578e2f07ccc45f5aa0__0  av-single-slide slide-1 slide-odd'><div data-rel='slideshow-1' class='avia-slide-wrap '   ><img decoding="async" fetchpriority="high" class="wp-image-3878 avia-img-lazy-loading-not-3878"  src="https://maailmanmuutos.org/wp-content/uploads/2023/08/helmut-kohl.jpg" width="1497" height="430" title='kuvituskuvat' alt=''  itemprop="thumbnailUrl" srcset="https://maailmanmuutos.org/wp-content/uploads/2023/08/helmut-kohl.jpg 1500w, https://maailmanmuutos.org/wp-content/uploads/2023/08/helmut-kohl-800x230.jpg 800w, https://maailmanmuutos.org/wp-content/uploads/2023/08/helmut-kohl-120x34.jpg 120w, https://maailmanmuutos.org/wp-content/uploads/2023/08/helmut-kohl-768x221.jpg 768w, https://maailmanmuutos.org/wp-content/uploads/2023/08/helmut-kohl-705x203.jpg 705w" sizes="(max-width: 1497px) 100vw, 1497px" /></div></li></ul></div></div><div id='after_full_slider_1'  class='main_color av_default_container_wrap container_wrap sidebar_right'  ><div class='container av-section-cont-open' ><div class='template-page content  av-content-small alpha units'><div class='post-entry post-entry-type-page post-entry-1719'><div class='entry-content-wrapper clearfix'>

<style type="text/css" data-created_by="avia_inline_auto" id="style-css-av-5spn6-3d3e8ead61d02f87ad7c9f2fc625dc24">
.flex_column.av-5spn6-3d3e8ead61d02f87ad7c9f2fc625dc24{
border-radius:0px 0px 0px 0px;
padding:0px 0px 0px 0px;
}
</style>
<div  class='flex_column av-5spn6-3d3e8ead61d02f87ad7c9f2fc625dc24 av_one_full  avia-builder-el-1  el_after_av_slideshow_full  avia-builder-el-no-sibling  first flex_column_div av-zero-column-padding  '     ><p>
<style type="text/css" data-created_by="avia_inline_auto" id="style-css-av-2plu8n-5a4ca3eb74ca96717870d7a4b525b1e1">
#top .av-special-heading.av-2plu8n-5a4ca3eb74ca96717870d7a4b525b1e1{
padding-bottom:10px;
}
body .av-special-heading.av-2plu8n-5a4ca3eb74ca96717870d7a4b525b1e1 .av-special-heading-tag .heading-char{
font-size:25px;
}
.av-special-heading.av-2plu8n-5a4ca3eb74ca96717870d7a4b525b1e1 .av-subheading{
font-size:15px;
}
</style>
<div  class='av-special-heading av-2plu8n-5a4ca3eb74ca96717870d7a4b525b1e1 av-special-heading-h1  avia-builder-el-2  el_before_av_textblock  avia-builder-el-first '><h1 class='av-special-heading-tag'  itemprop="headline"  >Saksa ja Suomi </h1><div class="special-heading-border"><div class="special-heading-inner-border"></div></div></div><br />
<section  class='av_textblock_section av-lezr0od0-94e7bd8ef786eea3c9a8d27065495667 '   itemscope="itemscope" itemtype="https://schema.org/CreativeWork" ><div class='avia_textblock'  itemprop="text" ><p><em><strong>Yhdistymisestä ei ongelmia</strong></em></p>
<p>Suomessa suhtauduttiin Saksan yhdistymiseen kaikkiaan rauhallisesti verrattuna moniin muihin eurooppalaisiin maihin, joissa epäilyt Saksaa kohtaan elivät syvässä. Suomalais-saksalaisissa suhteissa ei ollut selvittämättömiä historiallisia tai ajankohtaisia ongelmia, eikä muutenkaan nähty aihetta pelätä uuden ”Suur-Saksan” paluuta Keski-Eurooppaa hallitsevaksi voimaksi.</p>
<p>Silti Suomessakin verraten pitkään epäiltiin Saksan yhdistymisen onnistumista ja odotettiin siitä ehkä seuraavan uusia riskejä. Vielä syksyllä ja talvella 1989-1990 Suomessa verraten yleisesti arvioitiin, että yhdistyminen saattaa viivästyä ja kohtaa kovenevaa vastustusta.</p>
<p><em><strong>Suomessa uudelleenarviointeja</strong></em></p>
<p>Kesällä 1990 näytti kuitenkin jo siltä, että Suomi tulisi hyötymään yhdistyneen Saksan painopisteen siirtymisestä Itämeren suuntaan. Samoin pidettiin erittäin myönteisenä sitä, että Helmut Kohl ja Mihail Gorbatshov pääsivät käytännön järjestelyistä yhteisymmärrykseen. Siitä seurasi edelleen, että Suomessa ryhdyttiin pikaisesti arvioimaan mahdollisia vaikutuksia Pariisin rauhansopimukselle ja yya-sopimukselle.</p>
<p><em><strong>Idänpolitiikassa yhtäläisyyksiä</strong></em></p>
<p>Suomen ulkopolitiikan johtajat olivat tietoisia siitä, että Saksan liittotasavallan tuoreet linjaukset monissa asioissa olivat lähellä Suomen kantoja, eikä ollut aihetta odottaa yhdistyneen Saksan tekevän siihen muutosta. Erityisen tärkeää oli Saksan asettuminen idänpolitiikassa sovittelevaan yhteistyöhön Neuvostoliitto/Venäjän kanssa, jolloin toisen maailmansodan ja kylmän sodan aikaiset vihollisuudet voitiin jo unohtaa ja palata ennen 1900-lukua vallinneen hyvän saksalais-venäläisen yhteistyön linjoille.</p>
</div></section></p></div>
