{"id":1857,"date":"2023-03-08T21:07:07","date_gmt":"2023-03-08T21:07:07","guid":{"rendered":"http:\/\/us.ylirotu.fi\/index.php\/suomi\/suomen-liittyminen-euroopan-unioniin\/eu-jasenyyden-toteutuminen-2\/turvallisuuspolitiikan-peruslinjan-maaritys-3\/"},"modified":"2023-08-16T11:31:16","modified_gmt":"2023-08-16T11:31:16","slug":"ulkopolitiikan-sopeuttaminen-eu-aikaan","status":"publish","type":"page","link":"https:\/\/maailmanmuutos.org\/index.php\/suomi\/suomen-liittyminen-euroopan-unioniin\/eu-jasenyyden-toteutuminen-2\/ulkopolitiikan-sopeuttaminen-eu-aikaan\/","title":{"rendered":"Ulkopolitiikan\u00a0sopeuttaminen\u00a0EU-aikaan\u00a0"},"content":{"rendered":"<div id='full_slider_1'  class='avia-fullwidth-slider main_color avia-shadow   avia-builder-el-0  el_before_av_one_full  avia-builder-el-first   container_wrap sidebar_right'  >\n<style type=\"text\/css\" data-created_by=\"avia_inline_auto\" id=\"style-css-av-kd4hz9nx-fb331aa0faaa9c578e2f07ccc45f5aa0\">\n#top #wrap_all .avia-slideshow .av-slideshow-caption.av-kd4hz9nx-fb331aa0faaa9c578e2f07ccc45f5aa0__0 .avia-caption-title{\nfont-size:22px;\n}\n#top .avia-slideshow .av-slideshow-caption.av-kd4hz9nx-fb331aa0faaa9c578e2f07ccc45f5aa0__0 .avia-caption-content{\nfont-size:14px;\n}\n#top .avia-slideshow .av-slideshow-caption.av-kd4hz9nx-fb331aa0faaa9c578e2f07ccc45f5aa0__0 .avia-caption-content p{\nfont-size:14px;\n}\n\n@media only screen and (min-width: 768px) and (max-width: 989px){ \n#top #wrap_all .avia-slideshow .av-slideshow-caption.av-kd4hz9nx-fb331aa0faaa9c578e2f07ccc45f5aa0__0 .avia-caption-title{\nfont-size:16px;\n}\n#top .avia-slideshow .av-slideshow-caption.av-kd4hz9nx-fb331aa0faaa9c578e2f07ccc45f5aa0__0 .avia-caption-content{\nfont-size:16px;\n}\n#top .avia-slideshow .av-slideshow-caption.av-kd4hz9nx-fb331aa0faaa9c578e2f07ccc45f5aa0__0 .avia-caption-content p{\nfont-size:16px;\n}\n}\n\n@media only screen and (min-width: 480px) and (max-width: 767px){ \n#top #wrap_all .avia-slideshow .av-slideshow-caption.av-kd4hz9nx-fb331aa0faaa9c578e2f07ccc45f5aa0__0 .avia-caption-title{\nfont-size:14px;\n}\n#top .avia-slideshow .av-slideshow-caption.av-kd4hz9nx-fb331aa0faaa9c578e2f07ccc45f5aa0__0 .avia-caption-content{\nfont-size:14px;\n}\n#top .avia-slideshow .av-slideshow-caption.av-kd4hz9nx-fb331aa0faaa9c578e2f07ccc45f5aa0__0 .avia-caption-content p{\nfont-size:14px;\n}\n}\n\n@media only screen and (max-width: 479px){ \n#top #wrap_all .avia-slideshow .av-slideshow-caption.av-kd4hz9nx-fb331aa0faaa9c578e2f07ccc45f5aa0__0 .avia-caption-title{\ndisplay:none;\n}\n#top .avia-slideshow .av-slideshow-caption.av-kd4hz9nx-fb331aa0faaa9c578e2f07ccc45f5aa0__0 .avia-caption-content{\ndisplay:none;\n}\n#top .avia-slideshow .av-slideshow-caption.av-kd4hz9nx-fb331aa0faaa9c578e2f07ccc45f5aa0__0 .avia-caption-content p{\ndisplay:none;\n}\n}\n<\/style>\n<div  class='avia-slideshow av-kd4hz9nx-fb331aa0faaa9c578e2f07ccc45f5aa0 avia-slideshow-featured av_slideshow_full avia-slide-slider av-slideshow-ui av-control-default av-slideshow-manual av-loop-once av-loop-manual-endless av-default-height-applied   avia-slideshow-1' data-slideshow-options=\"{&quot;animation&quot;:&quot;slide&quot;,&quot;autoplay&quot;:false,&quot;loop_autoplay&quot;:&quot;once&quot;,&quot;interval&quot;:5,&quot;loop_manual&quot;:&quot;manual-endless&quot;,&quot;autoplay_stopper&quot;:false,&quot;noNavigation&quot;:false,&quot;bg_slider&quot;:false,&quot;keep_padding&quot;:false,&quot;hoverpause&quot;:false,&quot;show_slide_delay&quot;:0}\"  itemprop=\"image\" itemscope=\"itemscope\" itemtype=\"https:\/\/schema.org\/ImageObject\" ><ul class='avia-slideshow-inner ' style='padding-bottom: 28.72411489646%;'><li  class='avia-slideshow-slide av-kd4hz9nx-fb331aa0faaa9c578e2f07ccc45f5aa0__0  av-single-slide slide-1 slide-odd'><div data-rel='slideshow-1' class='avia-slide-wrap '   ><img decoding=\"async\" fetchpriority=\"high\" class=\"wp-image-3739 avia-img-lazy-loading-not-3739\"  src=\"https:\/\/maailmanmuutos.org\/wp-content\/uploads\/2023\/08\/vanhanen-2006-eu.jpg\" width=\"1497\" height=\"430\" title='kuvituskuvat' alt=''  itemprop=\"thumbnailUrl\" srcset=\"https:\/\/maailmanmuutos.org\/wp-content\/uploads\/2023\/08\/vanhanen-2006-eu.jpg 1500w, https:\/\/maailmanmuutos.org\/wp-content\/uploads\/2023\/08\/vanhanen-2006-eu-800x230.jpg 800w, https:\/\/maailmanmuutos.org\/wp-content\/uploads\/2023\/08\/vanhanen-2006-eu-120x34.jpg 120w, https:\/\/maailmanmuutos.org\/wp-content\/uploads\/2023\/08\/vanhanen-2006-eu-768x221.jpg 768w, https:\/\/maailmanmuutos.org\/wp-content\/uploads\/2023\/08\/vanhanen-2006-eu-705x203.jpg 705w\" sizes=\"(max-width: 1497px) 100vw, 1497px\" \/><\/div><\/li><\/ul><\/div><\/div><div id='after_full_slider_1'  class='main_color av_default_container_wrap container_wrap sidebar_right'  ><div class='container av-section-cont-open' ><div class='template-page content  av-content-small alpha units'><div class='post-entry post-entry-type-page post-entry-1857'><div class='entry-content-wrapper clearfix'>\n\n<style type=\"text\/css\" data-created_by=\"avia_inline_auto\" id=\"style-css-av-5spn6-3d3e8ead61d02f87ad7c9f2fc625dc24\">\n.flex_column.av-5spn6-3d3e8ead61d02f87ad7c9f2fc625dc24{\nborder-radius:0px 0px 0px 0px;\npadding:0px 0px 0px 0px;\n}\n<\/style>\n<div  class='flex_column av-5spn6-3d3e8ead61d02f87ad7c9f2fc625dc24 av_one_full  avia-builder-el-1  el_after_av_slideshow_full  avia-builder-el-no-sibling  first flex_column_div av-zero-column-padding  '     ><p>\n<style type=\"text\/css\" data-created_by=\"avia_inline_auto\" id=\"style-css-av-av_heading-7522e0688045438084a70116708af7c0\">\n#top .av-special-heading.av-av_heading-7522e0688045438084a70116708af7c0{\npadding-bottom:10px;\n}\nbody .av-special-heading.av-av_heading-7522e0688045438084a70116708af7c0 .av-special-heading-tag .heading-char{\nfont-size:25px;\n}\n.av-special-heading.av-av_heading-7522e0688045438084a70116708af7c0 .av-subheading{\nfont-size:15px;\n}\n<\/style>\n<div  class='av-special-heading av-av_heading-7522e0688045438084a70116708af7c0 av-special-heading-h1  avia-builder-el-2  el_before_av_hr  avia-builder-el-first '><h1 class='av-special-heading-tag'  itemprop=\"headline\"  >Ulkopolitiikan sopeuttaminen EU-aikaan <\/h1><div class=\"special-heading-border\"><div class=\"special-heading-inner-border\"><\/div><\/div><\/div><br \/>\n\n<style type=\"text\/css\" data-created_by=\"avia_inline_auto\" id=\"style-css-av-lldnbhp6-73249b5e80520e7e6e79a0ce60a4817f\">\n#top .hr.hr-invisible.av-lldnbhp6-73249b5e80520e7e6e79a0ce60a4817f{\nheight:50px;\n}\n<\/style>\n<div  class='hr av-lldnbhp6-73249b5e80520e7e6e79a0ce60a4817f hr-invisible  avia-builder-el-3  el_after_av_heading  el_before_av_textblock '><span class='hr-inner '><span class=\"hr-inner-style\"><\/span><\/span><\/div><br \/>\n<section  class='av_textblock_section av-lezr0od0-94e7bd8ef786eea3c9a8d27065495667 '   itemscope=\"itemscope\" itemtype=\"https:\/\/schema.org\/CreativeWork\" ><div class='avia_textblock'  itemprop=\"text\" ><p><em><strong>Ulkoasiainministeri\u00f6n rooli merkitt\u00e4v\u00e4<\/strong><\/em><\/p>\n<p>Ulkoasiainministeri\u00f6 sai vastuulleen t\u00e4rkeimpien Euroopan unionin yhteisen ulko- ja turvallisuuspolitiikan asioiden valmistelun. My\u00f6s muilla ministeri\u00f6ill\u00e4 on ollut suoria suhteita EU:n elimiin, ja asianomainen ministeri on edustanut Suomea oman alansa ministerineuvoston kokouksissa. Eurooppa-neuvoston kokouksissa Suomea on edustanut aina p\u00e4\u00e4ministeri, ja my\u00f6s tasavallan presidentti on tarpeen mukaan ottanut osaa neuvoston kokouksiin p\u00e4\u00e4tett\u00e4ess\u00e4 t\u00e4rkeist\u00e4 ulkopolitiikan kysymyksist\u00e4.<\/p>\n<p>Suomen omaksuman kannan mukaan Euroopan unionilla on suuri merkitys Suomen ulko- ja turvallisuuspoliittiselle asemalle, joten my\u00f6s unionin ulkopoliittista toimintakyky\u00e4 on pyritty vahvistamaan. Suomi on kannattanut integraation syvent\u00e4mist\u00e4, mik\u00e4 k\u00e4yt\u00e4nn\u00f6ss\u00e4 on kuvastunut erityisesti pyrkimyksiss\u00e4 EU:n komission toimintakyvyn vahvistamiseen.<\/p>\n<p>Suomi harjoitti \u201dvakauspolitiikkaa\u201d l\u00e4hialueillaan, joihin kuuluvaksi m\u00e4\u00e4ritettiin Baltian maat ja rajantakaiset Ven\u00e4j\u00e4n alueet sek\u00e4 laajemminkin It\u00e4meren ja Barentsin alueet. Baltian maiden poliittiseen, yhteiskunnalliseen ja taloudelliseen tukemiseen 1990-luvulla Suomi osallistui aluksi yhdess\u00e4 pohjoismaiden kanssa ja my\u00f6hemmin my\u00f6s Euroopan unionin toimintojen osana.<\/p>\n<\/div><\/section><\/p><\/div>\n","protected":false},"excerpt":{"rendered":"","protected":false},"author":1,"featured_media":0,"parent":1845,"menu_order":2,"comment_status":"closed","ping_status":"closed","template":"","meta":{"footnotes":""},"class_list":["post-1857","page","type-page","status-publish","hentry"],"_links":{"self":[{"href":"https:\/\/maailmanmuutos.org\/index.php\/wp-json\/wp\/v2\/pages\/1857","targetHints":{"allow":["GET"]}}],"collection":[{"href":"https:\/\/maailmanmuutos.org\/index.php\/wp-json\/wp\/v2\/pages"}],"about":[{"href":"https:\/\/maailmanmuutos.org\/index.php\/wp-json\/wp\/v2\/types\/page"}],"author":[{"embeddable":true,"href":"https:\/\/maailmanmuutos.org\/index.php\/wp-json\/wp\/v2\/users\/1"}],"replies":[{"embeddable":true,"href":"https:\/\/maailmanmuutos.org\/index.php\/wp-json\/wp\/v2\/comments?post=1857"}],"version-history":[{"count":4,"href":"https:\/\/maailmanmuutos.org\/index.php\/wp-json\/wp\/v2\/pages\/1857\/revisions"}],"predecessor-version":[{"id":3891,"href":"https:\/\/maailmanmuutos.org\/index.php\/wp-json\/wp\/v2\/pages\/1857\/revisions\/3891"}],"up":[{"embeddable":true,"href":"https:\/\/maailmanmuutos.org\/index.php\/wp-json\/wp\/v2\/pages\/1845"}],"wp:attachment":[{"href":"https:\/\/maailmanmuutos.org\/index.php\/wp-json\/wp\/v2\/media?parent=1857"}],"curies":[{"name":"wp","href":"https:\/\/api.w.org\/{rel}","templated":true}]}}

<div id='full_slider_1'  class='avia-fullwidth-slider main_color avia-shadow   avia-builder-el-0  el_before_av_one_full  avia-builder-el-first   container_wrap sidebar_right'  >
<style type="text/css" data-created_by="avia_inline_auto" id="style-css-av-kd4hz9nx-fb331aa0faaa9c578e2f07ccc45f5aa0">
#top #wrap_all .avia-slideshow .av-slideshow-caption.av-kd4hz9nx-fb331aa0faaa9c578e2f07ccc45f5aa0__0 .avia-caption-title{
font-size:22px;
}
#top .avia-slideshow .av-slideshow-caption.av-kd4hz9nx-fb331aa0faaa9c578e2f07ccc45f5aa0__0 .avia-caption-content{
font-size:14px;
}
#top .avia-slideshow .av-slideshow-caption.av-kd4hz9nx-fb331aa0faaa9c578e2f07ccc45f5aa0__0 .avia-caption-content p{
font-size:14px;
}

@media only screen and (min-width: 768px) and (max-width: 989px){ 
#top #wrap_all .avia-slideshow .av-slideshow-caption.av-kd4hz9nx-fb331aa0faaa9c578e2f07ccc45f5aa0__0 .avia-caption-title{
font-size:16px;
}
#top .avia-slideshow .av-slideshow-caption.av-kd4hz9nx-fb331aa0faaa9c578e2f07ccc45f5aa0__0 .avia-caption-content{
font-size:16px;
}
#top .avia-slideshow .av-slideshow-caption.av-kd4hz9nx-fb331aa0faaa9c578e2f07ccc45f5aa0__0 .avia-caption-content p{
font-size:16px;
}
}

@media only screen and (min-width: 480px) and (max-width: 767px){ 
#top #wrap_all .avia-slideshow .av-slideshow-caption.av-kd4hz9nx-fb331aa0faaa9c578e2f07ccc45f5aa0__0 .avia-caption-title{
font-size:14px;
}
#top .avia-slideshow .av-slideshow-caption.av-kd4hz9nx-fb331aa0faaa9c578e2f07ccc45f5aa0__0 .avia-caption-content{
font-size:14px;
}
#top .avia-slideshow .av-slideshow-caption.av-kd4hz9nx-fb331aa0faaa9c578e2f07ccc45f5aa0__0 .avia-caption-content p{
font-size:14px;
}
}

@media only screen and (max-width: 479px){ 
#top #wrap_all .avia-slideshow .av-slideshow-caption.av-kd4hz9nx-fb331aa0faaa9c578e2f07ccc45f5aa0__0 .avia-caption-title{
display:none;
}
#top .avia-slideshow .av-slideshow-caption.av-kd4hz9nx-fb331aa0faaa9c578e2f07ccc45f5aa0__0 .avia-caption-content{
display:none;
}
#top .avia-slideshow .av-slideshow-caption.av-kd4hz9nx-fb331aa0faaa9c578e2f07ccc45f5aa0__0 .avia-caption-content p{
display:none;
}
}
</style>
<div  class='avia-slideshow av-kd4hz9nx-fb331aa0faaa9c578e2f07ccc45f5aa0 avia-slideshow-featured av_slideshow_full avia-slide-slider av-slideshow-ui av-control-default av-slideshow-manual av-loop-once av-loop-manual-endless av-default-height-applied   avia-slideshow-1' data-slideshow-options="{&quot;animation&quot;:&quot;slide&quot;,&quot;autoplay&quot;:false,&quot;loop_autoplay&quot;:&quot;once&quot;,&quot;interval&quot;:5,&quot;loop_manual&quot;:&quot;manual-endless&quot;,&quot;autoplay_stopper&quot;:false,&quot;noNavigation&quot;:false,&quot;bg_slider&quot;:false,&quot;keep_padding&quot;:false,&quot;hoverpause&quot;:false,&quot;show_slide_delay&quot;:0}"  itemprop="image" itemscope="itemscope" itemtype="https://schema.org/ImageObject" ><ul class='avia-slideshow-inner ' style='padding-bottom: 28.72411489646%;'><li  class='avia-slideshow-slide av-kd4hz9nx-fb331aa0faaa9c578e2f07ccc45f5aa0__0  av-single-slide slide-1 slide-odd'><div data-rel='slideshow-1' class='avia-slide-wrap '   ><img decoding="async" fetchpriority="high" class="wp-image-3739 avia-img-lazy-loading-not-3739"  src="https://maailmanmuutos.org/wp-content/uploads/2023/08/vanhanen-2006-eu.jpg" width="1497" height="430" title='kuvituskuvat' alt=''  itemprop="thumbnailUrl" srcset="https://maailmanmuutos.org/wp-content/uploads/2023/08/vanhanen-2006-eu.jpg 1500w, https://maailmanmuutos.org/wp-content/uploads/2023/08/vanhanen-2006-eu-800x230.jpg 800w, https://maailmanmuutos.org/wp-content/uploads/2023/08/vanhanen-2006-eu-120x34.jpg 120w, https://maailmanmuutos.org/wp-content/uploads/2023/08/vanhanen-2006-eu-768x221.jpg 768w, https://maailmanmuutos.org/wp-content/uploads/2023/08/vanhanen-2006-eu-705x203.jpg 705w" sizes="(max-width: 1497px) 100vw, 1497px" /></div></li></ul></div></div><div id='after_full_slider_1'  class='main_color av_default_container_wrap container_wrap sidebar_right'  ><div class='container av-section-cont-open' ><div class='template-page content  av-content-small alpha units'><div class='post-entry post-entry-type-page post-entry-1857'><div class='entry-content-wrapper clearfix'>

<style type="text/css" data-created_by="avia_inline_auto" id="style-css-av-5spn6-3d3e8ead61d02f87ad7c9f2fc625dc24">
.flex_column.av-5spn6-3d3e8ead61d02f87ad7c9f2fc625dc24{
border-radius:0px 0px 0px 0px;
padding:0px 0px 0px 0px;
}
</style>
<div  class='flex_column av-5spn6-3d3e8ead61d02f87ad7c9f2fc625dc24 av_one_full  avia-builder-el-1  el_after_av_slideshow_full  avia-builder-el-no-sibling  first flex_column_div av-zero-column-padding  '     ><p>
<style type="text/css" data-created_by="avia_inline_auto" id="style-css-av-av_heading-7522e0688045438084a70116708af7c0">
#top .av-special-heading.av-av_heading-7522e0688045438084a70116708af7c0{
padding-bottom:10px;
}
body .av-special-heading.av-av_heading-7522e0688045438084a70116708af7c0 .av-special-heading-tag .heading-char{
font-size:25px;
}
.av-special-heading.av-av_heading-7522e0688045438084a70116708af7c0 .av-subheading{
font-size:15px;
}
</style>
<div  class='av-special-heading av-av_heading-7522e0688045438084a70116708af7c0 av-special-heading-h1  avia-builder-el-2  el_before_av_hr  avia-builder-el-first '><h1 class='av-special-heading-tag'  itemprop="headline"  >Ulkopolitiikan sopeuttaminen EU-aikaan </h1><div class="special-heading-border"><div class="special-heading-inner-border"></div></div></div><br />

<style type="text/css" data-created_by="avia_inline_auto" id="style-css-av-lldnbhp6-73249b5e80520e7e6e79a0ce60a4817f">
#top .hr.hr-invisible.av-lldnbhp6-73249b5e80520e7e6e79a0ce60a4817f{
height:50px;
}
</style>
<div  class='hr av-lldnbhp6-73249b5e80520e7e6e79a0ce60a4817f hr-invisible  avia-builder-el-3  el_after_av_heading  el_before_av_textblock '><span class='hr-inner '><span class="hr-inner-style"></span></span></div><br />
<section  class='av_textblock_section av-lezr0od0-94e7bd8ef786eea3c9a8d27065495667 '   itemscope="itemscope" itemtype="https://schema.org/CreativeWork" ><div class='avia_textblock'  itemprop="text" ><p><em><strong>Ulkoasiainministeriön rooli merkittävä</strong></em></p>
<p>Ulkoasiainministeriö sai vastuulleen tärkeimpien Euroopan unionin yhteisen ulko- ja turvallisuuspolitiikan asioiden valmistelun. Myös muilla ministeriöillä on ollut suoria suhteita EU:n elimiin, ja asianomainen ministeri on edustanut Suomea oman alansa ministerineuvoston kokouksissa. Eurooppa-neuvoston kokouksissa Suomea on edustanut aina pääministeri, ja myös tasavallan presidentti on tarpeen mukaan ottanut osaa neuvoston kokouksiin päätettäessä tärkeistä ulkopolitiikan kysymyksistä.</p>
<p>Suomen omaksuman kannan mukaan Euroopan unionilla on suuri merkitys Suomen ulko- ja turvallisuuspoliittiselle asemalle, joten myös unionin ulkopoliittista toimintakykyä on pyritty vahvistamaan. Suomi on kannattanut integraation syventämistä, mikä käytännössä on kuvastunut erityisesti pyrkimyksissä EU:n komission toimintakyvyn vahvistamiseen.</p>
<p>Suomi harjoitti ”vakauspolitiikkaa” lähialueillaan, joihin kuuluvaksi määritettiin Baltian maat ja rajantakaiset Venäjän alueet sekä laajemminkin Itämeren ja Barentsin alueet. Baltian maiden poliittiseen, yhteiskunnalliseen ja taloudelliseen tukemiseen 1990-luvulla Suomi osallistui aluksi yhdessä pohjoismaiden kanssa ja myöhemmin myös Euroopan unionin toimintojen osana.</p>
</div></section></p></div>
