{"id":1858,"date":"2023-03-08T21:07:07","date_gmt":"2023-03-08T21:07:07","guid":{"rendered":"http:\/\/us.ylirotu.fi\/index.php\/suomi\/suomen-liittyminen-euroopan-unioniin\/eu-jasenyyden-toteutuminen-2\/turvallisuuspolitiikan-peruslinjan-maaritys-4\/"},"modified":"2023-08-16T11:41:47","modified_gmt":"2023-08-16T11:41:47","slug":"pohjois-eurioopan-turvallisuustilanteen-kehitys","status":"publish","type":"page","link":"https:\/\/maailmanmuutos.org\/index.php\/suomi\/suomen-liittyminen-euroopan-unioniin\/eu-jasenyyden-toteutuminen-2\/pohjois-eurioopan-turvallisuustilanteen-kehitys\/","title":{"rendered":"Pohjois-Euroopan turvallisuustilanteen kehitys"},"content":{"rendered":"<div id='full_slider_1'  class='avia-fullwidth-slider main_color avia-shadow   avia-builder-el-0  el_before_av_one_full  avia-builder-el-first   container_wrap sidebar_right'  >\n<style type=\"text\/css\" data-created_by=\"avia_inline_auto\" id=\"style-css-av-kd4hz9nx-fb331aa0faaa9c578e2f07ccc45f5aa0\">\n#top #wrap_all .avia-slideshow .av-slideshow-caption.av-kd4hz9nx-fb331aa0faaa9c578e2f07ccc45f5aa0__0 .avia-caption-title{\nfont-size:22px;\n}\n#top .avia-slideshow .av-slideshow-caption.av-kd4hz9nx-fb331aa0faaa9c578e2f07ccc45f5aa0__0 .avia-caption-content{\nfont-size:14px;\n}\n#top .avia-slideshow .av-slideshow-caption.av-kd4hz9nx-fb331aa0faaa9c578e2f07ccc45f5aa0__0 .avia-caption-content p{\nfont-size:14px;\n}\n\n@media only screen and (min-width: 768px) and (max-width: 989px){ \n#top #wrap_all .avia-slideshow .av-slideshow-caption.av-kd4hz9nx-fb331aa0faaa9c578e2f07ccc45f5aa0__0 .avia-caption-title{\nfont-size:16px;\n}\n#top .avia-slideshow .av-slideshow-caption.av-kd4hz9nx-fb331aa0faaa9c578e2f07ccc45f5aa0__0 .avia-caption-content{\nfont-size:16px;\n}\n#top .avia-slideshow .av-slideshow-caption.av-kd4hz9nx-fb331aa0faaa9c578e2f07ccc45f5aa0__0 .avia-caption-content p{\nfont-size:16px;\n}\n}\n\n@media only screen and (min-width: 480px) and (max-width: 767px){ \n#top #wrap_all .avia-slideshow .av-slideshow-caption.av-kd4hz9nx-fb331aa0faaa9c578e2f07ccc45f5aa0__0 .avia-caption-title{\nfont-size:14px;\n}\n#top .avia-slideshow .av-slideshow-caption.av-kd4hz9nx-fb331aa0faaa9c578e2f07ccc45f5aa0__0 .avia-caption-content{\nfont-size:14px;\n}\n#top .avia-slideshow .av-slideshow-caption.av-kd4hz9nx-fb331aa0faaa9c578e2f07ccc45f5aa0__0 .avia-caption-content p{\nfont-size:14px;\n}\n}\n\n@media only screen and (max-width: 479px){ \n#top #wrap_all .avia-slideshow .av-slideshow-caption.av-kd4hz9nx-fb331aa0faaa9c578e2f07ccc45f5aa0__0 .avia-caption-title{\ndisplay:none;\n}\n#top .avia-slideshow .av-slideshow-caption.av-kd4hz9nx-fb331aa0faaa9c578e2f07ccc45f5aa0__0 .avia-caption-content{\ndisplay:none;\n}\n#top .avia-slideshow .av-slideshow-caption.av-kd4hz9nx-fb331aa0faaa9c578e2f07ccc45f5aa0__0 .avia-caption-content p{\ndisplay:none;\n}\n}\n<\/style>\n<div  class='avia-slideshow av-kd4hz9nx-fb331aa0faaa9c578e2f07ccc45f5aa0 avia-slideshow-featured av_slideshow_full avia-slide-slider av-slideshow-ui av-control-default av-slideshow-manual av-loop-once av-loop-manual-endless av-default-height-applied   avia-slideshow-1' data-slideshow-options=\"{&quot;animation&quot;:&quot;slide&quot;,&quot;autoplay&quot;:false,&quot;loop_autoplay&quot;:&quot;once&quot;,&quot;interval&quot;:5,&quot;loop_manual&quot;:&quot;manual-endless&quot;,&quot;autoplay_stopper&quot;:false,&quot;noNavigation&quot;:false,&quot;bg_slider&quot;:false,&quot;keep_padding&quot;:false,&quot;hoverpause&quot;:false,&quot;show_slide_delay&quot;:0}\"  itemprop=\"image\" itemscope=\"itemscope\" itemtype=\"https:\/\/schema.org\/ImageObject\" ><ul class='avia-slideshow-inner ' style='padding-bottom: 28.666666666667%;'><li  class='avia-slideshow-slide av-kd4hz9nx-fb331aa0faaa9c578e2f07ccc45f5aa0__0  av-single-slide slide-1 slide-odd'><div data-rel='slideshow-1' class='avia-slide-wrap '   ><img decoding=\"async\" fetchpriority=\"high\" class=\"wp-image-3899 avia-img-lazy-loading-not-3899\"  src=\"https:\/\/maailmanmuutos.org\/wp-content\/uploads\/2023\/08\/SU-army-leaving-europe-1500x430.jpg\" width=\"1500\" height=\"430\" title='kuvituskuvat' alt=''  itemprop=\"thumbnailUrl\" srcset=\"https:\/\/maailmanmuutos.org\/wp-content\/uploads\/2023\/08\/SU-army-leaving-europe-1500x431.jpg 1500w, https:\/\/maailmanmuutos.org\/wp-content\/uploads\/2023\/08\/SU-army-leaving-europe-800x230.jpg 800w, https:\/\/maailmanmuutos.org\/wp-content\/uploads\/2023\/08\/SU-army-leaving-europe-120x34.jpg 120w, https:\/\/maailmanmuutos.org\/wp-content\/uploads\/2023\/08\/SU-army-leaving-europe-768x220.jpg 768w, https:\/\/maailmanmuutos.org\/wp-content\/uploads\/2023\/08\/SU-army-leaving-europe-1536x441.jpg 1536w, https:\/\/maailmanmuutos.org\/wp-content\/uploads\/2023\/08\/SU-army-leaving-europe-705x202.jpg 705w, https:\/\/maailmanmuutos.org\/wp-content\/uploads\/2023\/08\/SU-army-leaving-europe.jpg 2000w\" sizes=\"(max-width: 1500px) 100vw, 1500px\" \/><\/div><\/li><\/ul><\/div><\/div><div id='after_full_slider_1'  class='main_color av_default_container_wrap container_wrap sidebar_right'  ><div class='container av-section-cont-open' ><div class='template-page content  av-content-small alpha units'><div class='post-entry post-entry-type-page post-entry-1858'><div class='entry-content-wrapper clearfix'>\n\n<style type=\"text\/css\" data-created_by=\"avia_inline_auto\" id=\"style-css-av-5spn6-3d3e8ead61d02f87ad7c9f2fc625dc24\">\n.flex_column.av-5spn6-3d3e8ead61d02f87ad7c9f2fc625dc24{\nborder-radius:0px 0px 0px 0px;\npadding:0px 0px 0px 0px;\n}\n<\/style>\n<div  class='flex_column av-5spn6-3d3e8ead61d02f87ad7c9f2fc625dc24 av_one_full  avia-builder-el-1  el_after_av_slideshow_full  avia-builder-el-no-sibling  first flex_column_div av-zero-column-padding  '     ><p>\n<style type=\"text\/css\" data-created_by=\"avia_inline_auto\" id=\"style-css-av-34ngsy-34f8fd457f050e1a3e330df20cf6f02b\">\n#top .av-special-heading.av-34ngsy-34f8fd457f050e1a3e330df20cf6f02b{\npadding-bottom:10px;\n}\nbody .av-special-heading.av-34ngsy-34f8fd457f050e1a3e330df20cf6f02b .av-special-heading-tag .heading-char{\nfont-size:25px;\n}\n.av-special-heading.av-34ngsy-34f8fd457f050e1a3e330df20cf6f02b .av-subheading{\nfont-size:15px;\n}\n<\/style>\n<div  class='av-special-heading av-34ngsy-34f8fd457f050e1a3e330df20cf6f02b av-special-heading-h1  avia-builder-el-2  el_before_av_hr  avia-builder-el-first '><h1 class='av-special-heading-tag'  itemprop=\"headline\"  >Pohjois-Euroopan turvallisuustilanteen kehitys<\/h1><div class=\"special-heading-border\"><div class=\"special-heading-inner-border\"><\/div><\/div><\/div><br \/>\n\n<style type=\"text\/css\" data-created_by=\"avia_inline_auto\" id=\"style-css-av-2ntr8y-71a86df4687765b54130a56d857a0573\">\n#top .hr.hr-invisible.av-2ntr8y-71a86df4687765b54130a56d857a0573{\nheight:50px;\n}\n<\/style>\n<div  class='hr av-2ntr8y-71a86df4687765b54130a56d857a0573 hr-invisible  avia-builder-el-3  el_after_av_heading  el_before_av_textblock '><span class='hr-inner '><span class=\"hr-inner-style\"><\/span><\/span><\/div><br \/>\n<section  class='av_textblock_section av-lezr0od0-94e7bd8ef786eea3c9a8d27065495667 '   itemscope=\"itemscope\" itemtype=\"https:\/\/schema.org\/CreativeWork\" ><div class='avia_textblock'  itemprop=\"text\" ><p><em><strong>Turvallisuuspoliittinen tilanne<\/strong><\/em><\/p>\n<p>Pohjois-Euroopan turvallisuuspoliittinen tilanne pysyi 1990-luvulla vakaana, vaikka aluksi vallitsi ep\u00e4varmuutta kylm\u00e4n sodan p\u00e4\u00e4ttymisen vaikutuksista Ven\u00e4j\u00e4n kehitykseen. Asevoimien vahvuudet olivat 1990-luvun alkupuolella yh\u00e4 kylm\u00e4n sodan aikaisella tasolla, \u00a0joskin niiden toimintavalmiutta alennettiin. L\u00e4nness\u00e4 ei en\u00e4\u00e4 koettu sotilaallisen hy\u00f6kk\u00e4yksen uhkaa, vaan varauduttiin l\u00e4hinn\u00e4 Ven\u00e4j\u00e4n sis\u00e4isen kuohunnan mahdollisesti tuottamiin vaaroihin.<\/p>\n<p><em><strong>Neuvostoliiton asevoimien l\u00e4ht\u00f6 Keski-Euroopasta<\/strong><\/em><\/p>\n<p>Neuvostoliiton asevoimien vet\u00e4minen Keski-Euroopasta kasvatti aluksi aseistuksen m\u00e4\u00e4ri\u00e4 Ven\u00e4j\u00e4n luoteisosissa, mik\u00e4 vaikutti siihen, ett\u00e4 Ruotsissa, Norjassa ja Suomessa yll\u00e4pidettiin verraten tehokasta puolustusvalmiutta eik\u00e4 organisaatioita heti supistettu. Vasta vuosikymmenen lopulla Pohjois-Euroopassa ryhdyttiin merkitt\u00e4v\u00e4sti alentamaan asevoimien vahvuuksia ja muutenkin alentamaan sotilaallista valmiutta.<\/p>\n<p><em><strong>Muutos It\u00e4meren alueella<\/strong><\/em><\/p>\n<p>It\u00e4meren alueella muutos kylm\u00e4n sodan aikaan verraten oli suuri. Neuvostoliiton It\u00e4meren laivastoa supistettiin voimakkaasti. Sen alukset siirtyiv\u00e4t Saksasta, Puolasta ja Baltian maista Ven\u00e4j\u00e4n alueelle ahtaisiin tukikohtiin, eik\u00e4 laivaston toimintavalmiutta k\u00e4yt\u00e4nn\u00f6ss\u00e4 en\u00e4\u00e4 yll\u00e4pidetty kuin minimitasolla. T\u00e4m\u00e4 kehitys mahdollisti Ruotsissa ja my\u00f6hemmin my\u00f6s Suomessa meri- ja rannikkopuolustuksen huomattavat supistukset.<\/p>\n<p><em><strong>\u00a0\u201dSuomi-skenaarioissa\u201d<\/strong><\/em><\/p>\n<p>Suomessa seurattiin l\u00e4hialueiden tilannekehityst\u00e4, joka 1990-luvun loppupuoliskolla viittasi sotilaallisen j\u00e4nnityksen tuntuvaan ja pysyv\u00e4isluontoiseen v\u00e4henemiseen Pohjois-Euroopassa sek\u00e4 siit\u00e4 seuraavaan asevoimien supistamiseen. Suomen maanpuolustuksen valmiutta yll\u00e4pidettiin silti korkealla tasolla naapurimaiden verrattuna.<\/p>\n<p>Tilanteen kehitysmahdollisuuksia arvioitiin muun muassa skenaarioiden avulla. Valtioneuvoston toimeksiannosta tehdyiss\u00e4 \u201dSuomi-skenaarioissa\u201d hahmoteltiin vallitseva suuntaus eli trendi ja sille vaihtoehtoisia kehitysmalleja. N\u00e4ytti silt\u00e4, ett\u00e4 maailman kehityst\u00e4 voitaisiin ohjailla yhteisty\u00f6ll\u00e4 \u201dsuuren suunnitelman\u201d mukaisesti, mutta my\u00f6s kriisivaihtoehtoihin piti valmistautua.<\/p>\n<\/div><\/section><\/p><\/div>\n","protected":false},"excerpt":{"rendered":"","protected":false},"author":1,"featured_media":0,"parent":1845,"menu_order":4,"comment_status":"closed","ping_status":"closed","template":"","meta":{"footnotes":""},"class_list":["post-1858","page","type-page","status-publish","hentry"],"_links":{"self":[{"href":"https:\/\/maailmanmuutos.org\/index.php\/wp-json\/wp\/v2\/pages\/1858","targetHints":{"allow":["GET"]}}],"collection":[{"href":"https:\/\/maailmanmuutos.org\/index.php\/wp-json\/wp\/v2\/pages"}],"about":[{"href":"https:\/\/maailmanmuutos.org\/index.php\/wp-json\/wp\/v2\/types\/page"}],"author":[{"embeddable":true,"href":"https:\/\/maailmanmuutos.org\/index.php\/wp-json\/wp\/v2\/users\/1"}],"replies":[{"embeddable":true,"href":"https:\/\/maailmanmuutos.org\/index.php\/wp-json\/wp\/v2\/comments?post=1858"}],"version-history":[{"count":6,"href":"https:\/\/maailmanmuutos.org\/index.php\/wp-json\/wp\/v2\/pages\/1858\/revisions"}],"predecessor-version":[{"id":3898,"href":"https:\/\/maailmanmuutos.org\/index.php\/wp-json\/wp\/v2\/pages\/1858\/revisions\/3898"}],"up":[{"embeddable":true,"href":"https:\/\/maailmanmuutos.org\/index.php\/wp-json\/wp\/v2\/pages\/1845"}],"wp:attachment":[{"href":"https:\/\/maailmanmuutos.org\/index.php\/wp-json\/wp\/v2\/media?parent=1858"}],"curies":[{"name":"wp","href":"https:\/\/api.w.org\/{rel}","templated":true}]}}

<div id='full_slider_1'  class='avia-fullwidth-slider main_color avia-shadow   avia-builder-el-0  el_before_av_one_full  avia-builder-el-first   container_wrap sidebar_right'  >
<style type="text/css" data-created_by="avia_inline_auto" id="style-css-av-kd4hz9nx-fb331aa0faaa9c578e2f07ccc45f5aa0">
#top #wrap_all .avia-slideshow .av-slideshow-caption.av-kd4hz9nx-fb331aa0faaa9c578e2f07ccc45f5aa0__0 .avia-caption-title{
font-size:22px;
}
#top .avia-slideshow .av-slideshow-caption.av-kd4hz9nx-fb331aa0faaa9c578e2f07ccc45f5aa0__0 .avia-caption-content{
font-size:14px;
}
#top .avia-slideshow .av-slideshow-caption.av-kd4hz9nx-fb331aa0faaa9c578e2f07ccc45f5aa0__0 .avia-caption-content p{
font-size:14px;
}

@media only screen and (min-width: 768px) and (max-width: 989px){ 
#top #wrap_all .avia-slideshow .av-slideshow-caption.av-kd4hz9nx-fb331aa0faaa9c578e2f07ccc45f5aa0__0 .avia-caption-title{
font-size:16px;
}
#top .avia-slideshow .av-slideshow-caption.av-kd4hz9nx-fb331aa0faaa9c578e2f07ccc45f5aa0__0 .avia-caption-content{
font-size:16px;
}
#top .avia-slideshow .av-slideshow-caption.av-kd4hz9nx-fb331aa0faaa9c578e2f07ccc45f5aa0__0 .avia-caption-content p{
font-size:16px;
}
}

@media only screen and (min-width: 480px) and (max-width: 767px){ 
#top #wrap_all .avia-slideshow .av-slideshow-caption.av-kd4hz9nx-fb331aa0faaa9c578e2f07ccc45f5aa0__0 .avia-caption-title{
font-size:14px;
}
#top .avia-slideshow .av-slideshow-caption.av-kd4hz9nx-fb331aa0faaa9c578e2f07ccc45f5aa0__0 .avia-caption-content{
font-size:14px;
}
#top .avia-slideshow .av-slideshow-caption.av-kd4hz9nx-fb331aa0faaa9c578e2f07ccc45f5aa0__0 .avia-caption-content p{
font-size:14px;
}
}

@media only screen and (max-width: 479px){ 
#top #wrap_all .avia-slideshow .av-slideshow-caption.av-kd4hz9nx-fb331aa0faaa9c578e2f07ccc45f5aa0__0 .avia-caption-title{
display:none;
}
#top .avia-slideshow .av-slideshow-caption.av-kd4hz9nx-fb331aa0faaa9c578e2f07ccc45f5aa0__0 .avia-caption-content{
display:none;
}
#top .avia-slideshow .av-slideshow-caption.av-kd4hz9nx-fb331aa0faaa9c578e2f07ccc45f5aa0__0 .avia-caption-content p{
display:none;
}
}
</style>
<div  class='avia-slideshow av-kd4hz9nx-fb331aa0faaa9c578e2f07ccc45f5aa0 avia-slideshow-featured av_slideshow_full avia-slide-slider av-slideshow-ui av-control-default av-slideshow-manual av-loop-once av-loop-manual-endless av-default-height-applied   avia-slideshow-1' data-slideshow-options="{&quot;animation&quot;:&quot;slide&quot;,&quot;autoplay&quot;:false,&quot;loop_autoplay&quot;:&quot;once&quot;,&quot;interval&quot;:5,&quot;loop_manual&quot;:&quot;manual-endless&quot;,&quot;autoplay_stopper&quot;:false,&quot;noNavigation&quot;:false,&quot;bg_slider&quot;:false,&quot;keep_padding&quot;:false,&quot;hoverpause&quot;:false,&quot;show_slide_delay&quot;:0}"  itemprop="image" itemscope="itemscope" itemtype="https://schema.org/ImageObject" ><ul class='avia-slideshow-inner ' style='padding-bottom: 28.666666666667%;'><li  class='avia-slideshow-slide av-kd4hz9nx-fb331aa0faaa9c578e2f07ccc45f5aa0__0  av-single-slide slide-1 slide-odd'><div data-rel='slideshow-1' class='avia-slide-wrap '   ><img decoding="async" fetchpriority="high" class="wp-image-3899 avia-img-lazy-loading-not-3899"  src="https://maailmanmuutos.org/wp-content/uploads/2023/08/SU-army-leaving-europe-1500x430.jpg" width="1500" height="430" title='kuvituskuvat' alt=''  itemprop="thumbnailUrl" srcset="https://maailmanmuutos.org/wp-content/uploads/2023/08/SU-army-leaving-europe-1500x431.jpg 1500w, https://maailmanmuutos.org/wp-content/uploads/2023/08/SU-army-leaving-europe-800x230.jpg 800w, https://maailmanmuutos.org/wp-content/uploads/2023/08/SU-army-leaving-europe-120x34.jpg 120w, https://maailmanmuutos.org/wp-content/uploads/2023/08/SU-army-leaving-europe-768x220.jpg 768w, https://maailmanmuutos.org/wp-content/uploads/2023/08/SU-army-leaving-europe-1536x441.jpg 1536w, https://maailmanmuutos.org/wp-content/uploads/2023/08/SU-army-leaving-europe-705x202.jpg 705w, https://maailmanmuutos.org/wp-content/uploads/2023/08/SU-army-leaving-europe.jpg 2000w" sizes="(max-width: 1500px) 100vw, 1500px" /></div></li></ul></div></div><div id='after_full_slider_1'  class='main_color av_default_container_wrap container_wrap sidebar_right'  ><div class='container av-section-cont-open' ><div class='template-page content  av-content-small alpha units'><div class='post-entry post-entry-type-page post-entry-1858'><div class='entry-content-wrapper clearfix'>

<style type="text/css" data-created_by="avia_inline_auto" id="style-css-av-5spn6-3d3e8ead61d02f87ad7c9f2fc625dc24">
.flex_column.av-5spn6-3d3e8ead61d02f87ad7c9f2fc625dc24{
border-radius:0px 0px 0px 0px;
padding:0px 0px 0px 0px;
}
</style>
<div  class='flex_column av-5spn6-3d3e8ead61d02f87ad7c9f2fc625dc24 av_one_full  avia-builder-el-1  el_after_av_slideshow_full  avia-builder-el-no-sibling  first flex_column_div av-zero-column-padding  '     ><p>
<style type="text/css" data-created_by="avia_inline_auto" id="style-css-av-34ngsy-34f8fd457f050e1a3e330df20cf6f02b">
#top .av-special-heading.av-34ngsy-34f8fd457f050e1a3e330df20cf6f02b{
padding-bottom:10px;
}
body .av-special-heading.av-34ngsy-34f8fd457f050e1a3e330df20cf6f02b .av-special-heading-tag .heading-char{
font-size:25px;
}
.av-special-heading.av-34ngsy-34f8fd457f050e1a3e330df20cf6f02b .av-subheading{
font-size:15px;
}
</style>
<div  class='av-special-heading av-34ngsy-34f8fd457f050e1a3e330df20cf6f02b av-special-heading-h1  avia-builder-el-2  el_before_av_hr  avia-builder-el-first '><h1 class='av-special-heading-tag'  itemprop="headline"  >Pohjois-Euroopan turvallisuustilanteen kehitys</h1><div class="special-heading-border"><div class="special-heading-inner-border"></div></div></div><br />

<style type="text/css" data-created_by="avia_inline_auto" id="style-css-av-2ntr8y-71a86df4687765b54130a56d857a0573">
#top .hr.hr-invisible.av-2ntr8y-71a86df4687765b54130a56d857a0573{
height:50px;
}
</style>
<div  class='hr av-2ntr8y-71a86df4687765b54130a56d857a0573 hr-invisible  avia-builder-el-3  el_after_av_heading  el_before_av_textblock '><span class='hr-inner '><span class="hr-inner-style"></span></span></div><br />
<section  class='av_textblock_section av-lezr0od0-94e7bd8ef786eea3c9a8d27065495667 '   itemscope="itemscope" itemtype="https://schema.org/CreativeWork" ><div class='avia_textblock'  itemprop="text" ><p><em><strong>Turvallisuuspoliittinen tilanne</strong></em></p>
<p>Pohjois-Euroopan turvallisuuspoliittinen tilanne pysyi 1990-luvulla vakaana, vaikka aluksi vallitsi epävarmuutta kylmän sodan päättymisen vaikutuksista Venäjän kehitykseen. Asevoimien vahvuudet olivat 1990-luvun alkupuolella yhä kylmän sodan aikaisella tasolla,  joskin niiden toimintavalmiutta alennettiin. Lännessä ei enää koettu sotilaallisen hyökkäyksen uhkaa, vaan varauduttiin lähinnä Venäjän sisäisen kuohunnan mahdollisesti tuottamiin vaaroihin.</p>
<p><em><strong>Neuvostoliiton asevoimien lähtö Keski-Euroopasta</strong></em></p>
<p>Neuvostoliiton asevoimien vetäminen Keski-Euroopasta kasvatti aluksi aseistuksen määriä Venäjän luoteisosissa, mikä vaikutti siihen, että Ruotsissa, Norjassa ja Suomessa ylläpidettiin verraten tehokasta puolustusvalmiutta eikä organisaatioita heti supistettu. Vasta vuosikymmenen lopulla Pohjois-Euroopassa ryhdyttiin merkittävästi alentamaan asevoimien vahvuuksia ja muutenkin alentamaan sotilaallista valmiutta.</p>
<p><em><strong>Muutos Itämeren alueella</strong></em></p>
<p>Itämeren alueella muutos kylmän sodan aikaan verraten oli suuri. Neuvostoliiton Itämeren laivastoa supistettiin voimakkaasti. Sen alukset siirtyivät Saksasta, Puolasta ja Baltian maista Venäjän alueelle ahtaisiin tukikohtiin, eikä laivaston toimintavalmiutta käytännössä enää ylläpidetty kuin minimitasolla. Tämä kehitys mahdollisti Ruotsissa ja myöhemmin myös Suomessa meri- ja rannikkopuolustuksen huomattavat supistukset.</p>
<p><em><strong> ”Suomi-skenaarioissa”</strong></em></p>
<p>Suomessa seurattiin lähialueiden tilannekehitystä, joka 1990-luvun loppupuoliskolla viittasi sotilaallisen jännityksen tuntuvaan ja pysyväisluontoiseen vähenemiseen Pohjois-Euroopassa sekä siitä seuraavaan asevoimien supistamiseen. Suomen maanpuolustuksen valmiutta ylläpidettiin silti korkealla tasolla naapurimaiden verrattuna.</p>
<p>Tilanteen kehitysmahdollisuuksia arvioitiin muun muassa skenaarioiden avulla. Valtioneuvoston toimeksiannosta tehdyissä ”Suomi-skenaarioissa” hahmoteltiin vallitseva suuntaus eli trendi ja sille vaihtoehtoisia kehitysmalleja. Näytti siltä, että maailman kehitystä voitaisiin ohjailla yhteistyöllä ”suuren suunnitelman” mukaisesti, mutta myös kriisivaihtoehtoihin piti valmistautua.</p>
</div></section></p></div>
