{"id":1877,"date":"2023-03-08T21:14:01","date_gmt":"2023-03-08T21:14:01","guid":{"rendered":"http:\/\/us.ylirotu.fi\/index.php\/suomi\/suomi-muutoksen-maailmassa\/sopeutuminen-globaalitalouteen-2\/"},"modified":"2023-08-16T06:58:24","modified_gmt":"2023-08-16T06:58:24","slug":"nousu-lamasta-vientiteollisuuden-voimin","status":"publish","type":"page","link":"https:\/\/maailmanmuutos.org\/index.php\/suomi\/suomi-muutoksen-maailmassa\/sopeutuminen-globaalitalouteen\/nousu-lamasta-vientiteollisuuden-voimin\/","title":{"rendered":"Nousu lamasta vientiteollisuuden voimin\u00a0"},"content":{"rendered":"<div id='full_slider_1'  class='avia-fullwidth-slider main_color avia-shadow   avia-builder-el-0  el_before_av_one_full  avia-builder-el-first   container_wrap sidebar_right'  >\n<style type=\"text\/css\" data-created_by=\"avia_inline_auto\" id=\"style-css-av-kd4hz9nx-fb331aa0faaa9c578e2f07ccc45f5aa0\">\n#top #wrap_all .avia-slideshow .av-slideshow-caption.av-kd4hz9nx-fb331aa0faaa9c578e2f07ccc45f5aa0__0 .avia-caption-title{\nfont-size:22px;\n}\n#top .avia-slideshow .av-slideshow-caption.av-kd4hz9nx-fb331aa0faaa9c578e2f07ccc45f5aa0__0 .avia-caption-content{\nfont-size:14px;\n}\n#top .avia-slideshow .av-slideshow-caption.av-kd4hz9nx-fb331aa0faaa9c578e2f07ccc45f5aa0__0 .avia-caption-content p{\nfont-size:14px;\n}\n\n@media only screen and (min-width: 768px) and (max-width: 989px){ \n#top #wrap_all .avia-slideshow .av-slideshow-caption.av-kd4hz9nx-fb331aa0faaa9c578e2f07ccc45f5aa0__0 .avia-caption-title{\nfont-size:16px;\n}\n#top .avia-slideshow .av-slideshow-caption.av-kd4hz9nx-fb331aa0faaa9c578e2f07ccc45f5aa0__0 .avia-caption-content{\nfont-size:16px;\n}\n#top .avia-slideshow .av-slideshow-caption.av-kd4hz9nx-fb331aa0faaa9c578e2f07ccc45f5aa0__0 .avia-caption-content p{\nfont-size:16px;\n}\n}\n\n@media only screen and (min-width: 480px) and (max-width: 767px){ \n#top #wrap_all .avia-slideshow .av-slideshow-caption.av-kd4hz9nx-fb331aa0faaa9c578e2f07ccc45f5aa0__0 .avia-caption-title{\nfont-size:14px;\n}\n#top .avia-slideshow .av-slideshow-caption.av-kd4hz9nx-fb331aa0faaa9c578e2f07ccc45f5aa0__0 .avia-caption-content{\nfont-size:14px;\n}\n#top .avia-slideshow .av-slideshow-caption.av-kd4hz9nx-fb331aa0faaa9c578e2f07ccc45f5aa0__0 .avia-caption-content p{\nfont-size:14px;\n}\n}\n\n@media only screen and (max-width: 479px){ \n#top #wrap_all .avia-slideshow .av-slideshow-caption.av-kd4hz9nx-fb331aa0faaa9c578e2f07ccc45f5aa0__0 .avia-caption-title{\ndisplay:none;\n}\n#top .avia-slideshow .av-slideshow-caption.av-kd4hz9nx-fb331aa0faaa9c578e2f07ccc45f5aa0__0 .avia-caption-content{\ndisplay:none;\n}\n#top .avia-slideshow .av-slideshow-caption.av-kd4hz9nx-fb331aa0faaa9c578e2f07ccc45f5aa0__0 .avia-caption-content p{\ndisplay:none;\n}\n}\n<\/style>\n<div  class='avia-slideshow av-kd4hz9nx-fb331aa0faaa9c578e2f07ccc45f5aa0 avia-slideshow-featured av_slideshow_full avia-slide-slider av-slideshow-ui av-control-default av-slideshow-manual av-loop-once av-loop-manual-endless av-default-height-applied   avia-slideshow-1' data-slideshow-options=\"{&quot;animation&quot;:&quot;slide&quot;,&quot;autoplay&quot;:false,&quot;loop_autoplay&quot;:&quot;once&quot;,&quot;interval&quot;:5,&quot;loop_manual&quot;:&quot;manual-endless&quot;,&quot;autoplay_stopper&quot;:false,&quot;noNavigation&quot;:false,&quot;bg_slider&quot;:false,&quot;keep_padding&quot;:false,&quot;hoverpause&quot;:false,&quot;show_slide_delay&quot;:0}\"  itemprop=\"image\" itemscope=\"itemscope\" itemtype=\"https:\/\/schema.org\/ImageObject\" ><ul class='avia-slideshow-inner ' style='padding-bottom: 28.72411489646%;'><li  class='avia-slideshow-slide av-kd4hz9nx-fb331aa0faaa9c578e2f07ccc45f5aa0__0  av-single-slide slide-1 slide-odd'><div data-rel='slideshow-1' class='avia-slide-wrap '   ><img decoding=\"async\" fetchpriority=\"high\" class=\"wp-image-3802 avia-img-lazy-loading-not-3802\"  src=\"https:\/\/maailmanmuutos.org\/wp-content\/uploads\/2023\/08\/vientiteollisuus.jpg\" width=\"1497\" height=\"430\" title='kuvituskuvat' alt=''  itemprop=\"thumbnailUrl\" srcset=\"https:\/\/maailmanmuutos.org\/wp-content\/uploads\/2023\/08\/vientiteollisuus.jpg 1500w, https:\/\/maailmanmuutos.org\/wp-content\/uploads\/2023\/08\/vientiteollisuus-800x230.jpg 800w, https:\/\/maailmanmuutos.org\/wp-content\/uploads\/2023\/08\/vientiteollisuus-120x34.jpg 120w, https:\/\/maailmanmuutos.org\/wp-content\/uploads\/2023\/08\/vientiteollisuus-768x221.jpg 768w, https:\/\/maailmanmuutos.org\/wp-content\/uploads\/2023\/08\/vientiteollisuus-705x203.jpg 705w\" sizes=\"(max-width: 1497px) 100vw, 1497px\" \/><\/div><\/li><\/ul><\/div><\/div><div id='after_full_slider_1'  class='main_color av_default_container_wrap container_wrap sidebar_right'  ><div class='container av-section-cont-open' ><div class='template-page content  av-content-small alpha units'><div class='post-entry post-entry-type-page post-entry-1877'><div class='entry-content-wrapper clearfix'>\n\n<style type=\"text\/css\" data-created_by=\"avia_inline_auto\" id=\"style-css-av-5spn6-3d3e8ead61d02f87ad7c9f2fc625dc24\">\n.flex_column.av-5spn6-3d3e8ead61d02f87ad7c9f2fc625dc24{\nborder-radius:0px 0px 0px 0px;\npadding:0px 0px 0px 0px;\n}\n<\/style>\n<div  class='flex_column av-5spn6-3d3e8ead61d02f87ad7c9f2fc625dc24 av_one_full  avia-builder-el-1  el_after_av_slideshow_full  avia-builder-el-no-sibling  first flex_column_div av-zero-column-padding  '     ><p>\n<style type=\"text\/css\" data-created_by=\"avia_inline_auto\" id=\"style-css-av-av_heading-10ba05c3355c5491aef00ba37686daae\">\n#top .av-special-heading.av-av_heading-10ba05c3355c5491aef00ba37686daae{\npadding-bottom:10px;\n}\nbody .av-special-heading.av-av_heading-10ba05c3355c5491aef00ba37686daae .av-special-heading-tag .heading-char{\nfont-size:25px;\n}\n.av-special-heading.av-av_heading-10ba05c3355c5491aef00ba37686daae .av-subheading{\nfont-size:15px;\n}\n<\/style>\n<div  class='av-special-heading av-av_heading-10ba05c3355c5491aef00ba37686daae av-special-heading-h1  avia-builder-el-2  el_before_av_hr  avia-builder-el-first '><h1 class='av-special-heading-tag'  itemprop=\"headline\"  >Nousu lamasta vientiteollisuuden voimin <\/h1><div class=\"special-heading-border\"><div class=\"special-heading-inner-border\"><\/div><\/div><\/div><br \/>\n\n<style type=\"text\/css\" data-created_by=\"avia_inline_auto\" id=\"style-css-av-lldd1y8e-e70dc48a892ee45d68cb33a8deed7741\">\n#top .hr.hr-invisible.av-lldd1y8e-e70dc48a892ee45d68cb33a8deed7741{\nheight:50px;\n}\n<\/style>\n<div  class='hr av-lldd1y8e-e70dc48a892ee45d68cb33a8deed7741 hr-invisible  avia-builder-el-3  el_after_av_heading  el_before_av_textblock '><span class='hr-inner '><span class=\"hr-inner-style\"><\/span><\/span><\/div><br \/>\n<section  class='av_textblock_section av-lezr0od0-94e7bd8ef786eea3c9a8d27065495667 '   itemscope=\"itemscope\" itemtype=\"https:\/\/schema.org\/CreativeWork\" ><div class='avia_textblock'  itemprop=\"text\" ><p><em><strong>S\u00e4\u00e4dellyst\u00e4 taloudesta vapaakauppaan<\/strong><\/em><\/p>\n<p>Suomi joutui 1990-luvun alussa talouskriisiin viel\u00e4 perustaltaan kylm\u00e4n sodan oloihin muokkaantuneella talouden rakenteella, joka vain lakkasi toimimasta uudessa tilanteessa. Vaikka rahamarkkinoita oli vapautettu, monet valtiollisen ohjailun ja s\u00e4\u00e4ntelyn piirteet silti viel\u00e4 vallitsivat. Vapaakauppa Euroopan yhteis\u00f6n piiriss\u00e4 oli toistaiseksi ulotettu koskemaan vain teollisuustuotteita, joten sen ulkopuolella toimi suuri osa kansantaloudesta.<\/p>\n<p><em><strong>Markan kurssi jousti<\/strong><\/em><\/p>\n<p>Oma valuutta oli kansallisin toimin viel\u00e4 ohjailtavissa, joskin oli jo p\u00e4\u00e4tetty sopeutumisesta Euroopan yhteis\u00f6n rahapolitiikkaan, eik\u00e4 my\u00f6sk\u00e4\u00e4n maailmalta tulevia valuuttakurssipaineita voitu est\u00e4\u00e4. Valuutta oli totuttu devalvoimaan viennin tukemisen vaatiessa, mutta pienen valuutan kiinte\u00e4n kurssin puolustaminen osoittautui entist\u00e4 vaikeammaksi, kun talouden perusta muuten horjui ja ulkomaisen lainanoton tarve kasvoi kilpaa korkojen kanssa. Ratkaisuksi ongelmaan l\u00f6ydettiin lopulta markan arvon p\u00e4\u00e4st\u00e4minen kellumaan, jolloin markkinat p\u00e4\u00e4ttiv\u00e4t sen kurssista. T\u00e4m\u00e4 osoittautui vientiteollisuuden etuja palvelevaksi sek\u00e4 muutenkin hyv\u00e4ksytyksi ja toimivaksi j\u00e4rjestelyksi, joten v\u00e4hitellen rahoituskriisi saatiin hallintaan.<\/p>\n<p><em><strong>Onnistunutta tutkimusta ja tuotekehittely\u00e4<\/strong><\/em><\/p>\n<p>Valtio ohjasi 1990-luvun puoliv\u00e4liss\u00e4 m\u00e4\u00e4r\u00e4tietoisesti rahoitusta viennin edist\u00e4miseen. Huomattavat panostukset tutkimukseen ja tuotekehittelyyn tuottivat verraten nopeasti tulosta. Tunnetuin menestystarina tuolta ajalta on Nokian kohoaminen uuden informaatioteknologian laajenevilla maailmanmarkkinoilla matkapuhelinten johtavaksi valmistajaksi.<\/p>\n<p><em><strong>Globalisaation paineet<\/strong><\/em><\/p>\n<p>Onnistuneen vientikelpoisten tuotteiden kehittelyn ja niiden kotimaisen valmistuksen organisoinnin ansiosta Suomen talous oli hyv\u00e4ss\u00e4 kunnossa 2000-luvulle tultaessa. Oli kuitenkin selv\u00e4\u00e4, ett\u00e4 yh\u00e4 globalisoituvat maailmanmarkkinat asettaisivat kilpailukyvyn pian ankaraan kokeeseen. Ensimm\u00e4iseksi alkoivat teollisuuden matalan jalostusasteen ty\u00f6paikat kadota ulkomaille. Vaatetusteollisuudessa n\u00e4in oli tapahtunut, mutta nyt uhkana oli elektroniikkateollisuuden komponenttien valmistuksen k\u00e4yminen<br \/>\nkannattamattomaksi suomalaisella kulujen tasolla.<\/p>\n<p><em><strong>Kilpailukyky\u00e4 paremmaksi<\/strong><\/em><\/p>\n<p>Ratkaisua kilpailukyvyn parantamiseksi haettiin ensi sijassa korkean teknologian innovaatioista, joilla s\u00e4ilytett\u00e4isiin vaativat ty\u00f6t Suomessa. Suomen Akatemian ohjelmissa korostettiin tarvetta sopeutua globaalitalouteen tutkimus- ja kehitystoiminnalla, jolloin t\u00e4rke\u00e4ksi n\u00e4htiin teollisten innovaatio-prosessien ohella tutkia my\u00f6s kansainv\u00e4lisen talouskehityksen yhteiskunnallisia vaikutuksia. T\u00e4h\u00e4n antoi pohjaa my\u00f6s globaalien riskien arviointi, jonka avulla pyrittiin m\u00e4\u00e4ritt\u00e4m\u00e4\u00e4n tarpeita julkisen sektorin palvelurakenteen ja verotuksen muutoksille. Erityisen t\u00e4rke\u00e4ksi n\u00e4htiin koulutuksen j\u00e4rjestely, mihin liittyi my\u00f6s ulkomaisten asiantuntijoiden ja opiskelijoiden \u00a0houkuttelu Suomeen. Uusia kehitt\u00e4mismahdollisuuksia esitettiin etenkin palvelualoille.<\/p>\n<\/div><\/section><\/p><\/div>\n","protected":false},"excerpt":{"rendered":"","protected":false},"author":1,"featured_media":0,"parent":1874,"menu_order":1,"comment_status":"closed","ping_status":"closed","template":"","meta":{"footnotes":""},"class_list":["post-1877","page","type-page","status-publish","hentry"],"_links":{"self":[{"href":"https:\/\/maailmanmuutos.org\/index.php\/wp-json\/wp\/v2\/pages\/1877","targetHints":{"allow":["GET"]}}],"collection":[{"href":"https:\/\/maailmanmuutos.org\/index.php\/wp-json\/wp\/v2\/pages"}],"about":[{"href":"https:\/\/maailmanmuutos.org\/index.php\/wp-json\/wp\/v2\/types\/page"}],"author":[{"embeddable":true,"href":"https:\/\/maailmanmuutos.org\/index.php\/wp-json\/wp\/v2\/users\/1"}],"replies":[{"embeddable":true,"href":"https:\/\/maailmanmuutos.org\/index.php\/wp-json\/wp\/v2\/comments?post=1877"}],"version-history":[{"count":8,"href":"https:\/\/maailmanmuutos.org\/index.php\/wp-json\/wp\/v2\/pages\/1877\/revisions"}],"predecessor-version":[{"id":3804,"href":"https:\/\/maailmanmuutos.org\/index.php\/wp-json\/wp\/v2\/pages\/1877\/revisions\/3804"}],"up":[{"embeddable":true,"href":"https:\/\/maailmanmuutos.org\/index.php\/wp-json\/wp\/v2\/pages\/1874"}],"wp:attachment":[{"href":"https:\/\/maailmanmuutos.org\/index.php\/wp-json\/wp\/v2\/media?parent=1877"}],"curies":[{"name":"wp","href":"https:\/\/api.w.org\/{rel}","templated":true}]}}