{"id":1880,"date":"2023-03-08T21:15:04","date_gmt":"2023-03-08T21:15:04","guid":{"rendered":"http:\/\/us.ylirotu.fi\/index.php\/suomi\/suomi-muutoksen-maailmassa\/sopeutuminen-globaalitalouteen\/nousu-lamasta-vientiteollisuuden-voimin-2\/"},"modified":"2023-08-16T07:54:52","modified_gmt":"2023-08-16T07:54:52","slug":"maailmantalouden-kriisin-2008-2009-vaikutukset-suomessa","status":"publish","type":"page","link":"https:\/\/maailmanmuutos.org\/index.php\/suomi\/suomi-muutoksen-maailmassa\/sopeutuminen-globaalitalouteen\/maailmantalouden-kriisin-2008-2009-vaikutukset-suomessa\/","title":{"rendered":"Maailmantalouden kriisin 2008\u20132009 vaikutukset Suomessa\u00a0"},"content":{"rendered":"<div id='full_slider_1'  class='avia-fullwidth-slider main_color avia-shadow   avia-builder-el-0  el_before_av_one_full  avia-builder-el-first   container_wrap sidebar_right'  >\n<style type=\"text\/css\" data-created_by=\"avia_inline_auto\" id=\"style-css-av-kd4hz9nx-fb331aa0faaa9c578e2f07ccc45f5aa0\">\n#top #wrap_all .avia-slideshow .av-slideshow-caption.av-kd4hz9nx-fb331aa0faaa9c578e2f07ccc45f5aa0__0 .avia-caption-title{\nfont-size:22px;\n}\n#top .avia-slideshow .av-slideshow-caption.av-kd4hz9nx-fb331aa0faaa9c578e2f07ccc45f5aa0__0 .avia-caption-content{\nfont-size:14px;\n}\n#top .avia-slideshow .av-slideshow-caption.av-kd4hz9nx-fb331aa0faaa9c578e2f07ccc45f5aa0__0 .avia-caption-content p{\nfont-size:14px;\n}\n\n@media only screen and (min-width: 768px) and (max-width: 989px){ \n#top #wrap_all .avia-slideshow .av-slideshow-caption.av-kd4hz9nx-fb331aa0faaa9c578e2f07ccc45f5aa0__0 .avia-caption-title{\nfont-size:16px;\n}\n#top .avia-slideshow .av-slideshow-caption.av-kd4hz9nx-fb331aa0faaa9c578e2f07ccc45f5aa0__0 .avia-caption-content{\nfont-size:16px;\n}\n#top .avia-slideshow .av-slideshow-caption.av-kd4hz9nx-fb331aa0faaa9c578e2f07ccc45f5aa0__0 .avia-caption-content p{\nfont-size:16px;\n}\n}\n\n@media only screen and (min-width: 480px) and (max-width: 767px){ \n#top #wrap_all .avia-slideshow .av-slideshow-caption.av-kd4hz9nx-fb331aa0faaa9c578e2f07ccc45f5aa0__0 .avia-caption-title{\nfont-size:14px;\n}\n#top .avia-slideshow .av-slideshow-caption.av-kd4hz9nx-fb331aa0faaa9c578e2f07ccc45f5aa0__0 .avia-caption-content{\nfont-size:14px;\n}\n#top .avia-slideshow .av-slideshow-caption.av-kd4hz9nx-fb331aa0faaa9c578e2f07ccc45f5aa0__0 .avia-caption-content p{\nfont-size:14px;\n}\n}\n\n@media only screen and (max-width: 479px){ \n#top #wrap_all .avia-slideshow .av-slideshow-caption.av-kd4hz9nx-fb331aa0faaa9c578e2f07ccc45f5aa0__0 .avia-caption-title{\ndisplay:none;\n}\n#top .avia-slideshow .av-slideshow-caption.av-kd4hz9nx-fb331aa0faaa9c578e2f07ccc45f5aa0__0 .avia-caption-content{\ndisplay:none;\n}\n#top .avia-slideshow .av-slideshow-caption.av-kd4hz9nx-fb331aa0faaa9c578e2f07ccc45f5aa0__0 .avia-caption-content p{\ndisplay:none;\n}\n}\n<\/style>\n<div  class='avia-slideshow av-kd4hz9nx-fb331aa0faaa9c578e2f07ccc45f5aa0 avia-slideshow-featured av_slideshow_full avia-slide-slider av-slideshow-ui av-control-default av-slideshow-manual av-loop-once av-loop-manual-endless av-default-height-applied   avia-slideshow-1' data-slideshow-options=\"{&quot;animation&quot;:&quot;slide&quot;,&quot;autoplay&quot;:false,&quot;loop_autoplay&quot;:&quot;once&quot;,&quot;interval&quot;:5,&quot;loop_manual&quot;:&quot;manual-endless&quot;,&quot;autoplay_stopper&quot;:false,&quot;noNavigation&quot;:false,&quot;bg_slider&quot;:false,&quot;keep_padding&quot;:false,&quot;hoverpause&quot;:false,&quot;show_slide_delay&quot;:0}\"  itemprop=\"image\" itemscope=\"itemscope\" itemtype=\"https:\/\/schema.org\/ImageObject\" ><ul class='avia-slideshow-inner ' style='padding-bottom: 28.72411489646%;'><li  class='avia-slideshow-slide av-kd4hz9nx-fb331aa0faaa9c578e2f07ccc45f5aa0__0  av-single-slide slide-1 slide-odd'><div data-rel='slideshow-1' class='avia-slide-wrap '   ><img decoding=\"async\" fetchpriority=\"high\" class=\"wp-image-3807 avia-img-lazy-loading-not-3807\"  src=\"https:\/\/maailmanmuutos.org\/wp-content\/uploads\/2023\/08\/hallitus-2009.jpg\" width=\"1497\" height=\"430\" title='kuvituskuvat' alt=''  itemprop=\"thumbnailUrl\" srcset=\"https:\/\/maailmanmuutos.org\/wp-content\/uploads\/2023\/08\/hallitus-2009.jpg 1500w, https:\/\/maailmanmuutos.org\/wp-content\/uploads\/2023\/08\/hallitus-2009-800x230.jpg 800w, https:\/\/maailmanmuutos.org\/wp-content\/uploads\/2023\/08\/hallitus-2009-120x34.jpg 120w, https:\/\/maailmanmuutos.org\/wp-content\/uploads\/2023\/08\/hallitus-2009-768x221.jpg 768w, https:\/\/maailmanmuutos.org\/wp-content\/uploads\/2023\/08\/hallitus-2009-705x203.jpg 705w\" sizes=\"(max-width: 1497px) 100vw, 1497px\" \/><\/div><\/li><\/ul><\/div><\/div><div id='after_full_slider_1'  class='main_color av_default_container_wrap container_wrap sidebar_right'  ><div class='container av-section-cont-open' ><div class='template-page content  av-content-small alpha units'><div class='post-entry post-entry-type-page post-entry-1880'><div class='entry-content-wrapper clearfix'>\n\n<style type=\"text\/css\" data-created_by=\"avia_inline_auto\" id=\"style-css-av-5spn6-3d3e8ead61d02f87ad7c9f2fc625dc24\">\n.flex_column.av-5spn6-3d3e8ead61d02f87ad7c9f2fc625dc24{\nborder-radius:0px 0px 0px 0px;\npadding:0px 0px 0px 0px;\n}\n<\/style>\n<div  class='flex_column av-5spn6-3d3e8ead61d02f87ad7c9f2fc625dc24 av_one_full  avia-builder-el-1  el_after_av_slideshow_full  avia-builder-el-no-sibling  first flex_column_div av-zero-column-padding  '     ><p>\n<style type=\"text\/css\" data-created_by=\"avia_inline_auto\" id=\"style-css-av-1znzjc-08dc9dcd64df81e75446c382014d9bab\">\n#top .av-special-heading.av-1znzjc-08dc9dcd64df81e75446c382014d9bab{\npadding-bottom:10px;\n}\nbody .av-special-heading.av-1znzjc-08dc9dcd64df81e75446c382014d9bab .av-special-heading-tag .heading-char{\nfont-size:25px;\n}\n.av-special-heading.av-1znzjc-08dc9dcd64df81e75446c382014d9bab .av-subheading{\nfont-size:15px;\n}\n<\/style>\n<div  class='av-special-heading av-1znzjc-08dc9dcd64df81e75446c382014d9bab av-special-heading-h1  avia-builder-el-2  el_before_av_hr  avia-builder-el-first '><h1 class='av-special-heading-tag'  itemprop=\"headline\"  >Maailmantalouden kriisin 2008\u20132009 vaikutukset Suomessa <\/h1><div class=\"special-heading-border\"><div class=\"special-heading-inner-border\"><\/div><\/div><\/div><br \/>\n\n<style type=\"text\/css\" data-created_by=\"avia_inline_auto\" id=\"style-css-av-2e2188-84330e5d1ec98d0bc70a8cc672656b73\">\n#top .hr.hr-invisible.av-2e2188-84330e5d1ec98d0bc70a8cc672656b73{\nheight:50px;\n}\n<\/style>\n<div  class='hr av-2e2188-84330e5d1ec98d0bc70a8cc672656b73 hr-invisible  avia-builder-el-3  el_after_av_heading  el_before_av_textblock '><span class='hr-inner '><span class=\"hr-inner-style\"><\/span><\/span><\/div><br \/>\n<section  class='av_textblock_section av-lezr0od0-94e7bd8ef786eea3c9a8d27065495667 '   itemscope=\"itemscope\" itemtype=\"https:\/\/schema.org\/CreativeWork\" ><div class='avia_textblock'  itemprop=\"text\" ><p><em><strong>Tuotanto supistui<\/strong><\/em><\/p>\n<p>Maailmanlaajuisen talouskriisin vaikutukset iskiv\u00e4t Suomeen t\u00e4ydell\u00e4 voimalla vuoden 2009 alussa. Vaikka oma taloudenpito oli kunnossa, vientiteollisuuden tilausten \u00e4killinen katkeaminen pys\u00e4ytti py\u00f6r\u00e4t monella paikkakunnalla, jolloin koko kansantalous ja sen my\u00f6t\u00e4 my\u00f6s yhteiskunnan toiminta hidastui. Hallitus ryhtyi elvytt\u00e4m\u00e4\u00e4n ottamalla lis\u00e4\u00e4 velkaa, jotta ty\u00f6tt\u00f6myyden nousua voitaisiin hillit\u00e4.<\/p>\n<p><em><strong>Elvytyspaketti<\/strong><\/em><\/p>\n<p>Jo talvella 2009 hallitus laati elvytyspaketin, jonka kokonaisvaikutuksiksi arvioitiin kaksi miljardia euroa. N\u00e4ill\u00e4 rahoilla oli m\u00e4\u00e4r\u00e4 turvata noin 25 000 ty\u00f6paikkaa painottaen sellaisia t\u00f6it\u00e4, jotka saatiin k\u00e4yntiin nopeasti. Perinteiseen tapaan n\u00e4m\u00e4 olivat l\u00e4hinn\u00e4 liikenneyhteyksien parannusta ja asuntojen korjausrakentamista. Sen ohella ryhdyttiin valmistelemaan kymmenien miljardien eurojen \u201dtulevaisuuspakettia\u201d, johon sis\u00e4llytettiin l\u00e4hinn\u00e4 investointeja kotimaahan.<\/p>\n<p><em><strong>Tulevaisuuspaketti<\/strong><\/em><\/p>\n<p>Investoinneista mittavin oli suunnitelma rakentaa kaksi tai kolme uutta ydinvoimalaa. Oli kuitenkin n\u00e4ht\u00e4viss\u00e4, ett\u00e4 tuollaisten hankkeiden toteutus vie runsaasti aikaa, kuten juuri on koettu Olkiluodon uuden voimalan rakentamisen aikataulujen pett\u00e4ess\u00e4. Ydinvoimalahankkeita puolsi arvio, ett\u00e4 niill\u00e4 olisi heti laajoja heijastusvaikutuksia koko talouden tulevaisuuden odotuksiin. Vuonna 2010 annettiin lupa kahden ydinvoimalan rakentamisen aloittamiselle.<\/p>\n<p><em><strong>Bruttokansantuote aleni<\/strong><\/em><\/p>\n<p>Elvytystoimista huolimatta tuotanto Suomessa supistui vuonna 2009 l\u00e4hes kahdeksan prosenttia, mik\u00e4 alitti selv\u00e4sti EU:n keskiarvon mutta tuntui jossain m\u00e4\u00e4rin kohtuulliselta verrattuna naapurimaa Viron 14 prosentin laskuun. Toisaalta taas Ruotsin talouskasvu on useina vuosina ylitt\u00e4nyt Suomen tason, ja Ruotsi selvisi maailmantalouden taantumasta 2008-2009 selv\u00e4sti Suomea paremmin.<\/p>\n<p><em><strong>Sopeutuminen globaalitalouteen<\/strong><\/em><\/p>\n<p>Aasian ja er\u00e4iden muiden alueiden vahvistuvien talouksien nopea kasvuvauhti 2000-luvun alkuvuosikymmenell\u00e4 on my\u00f6s Suomessa pakottanut pohtimaan keinoja, joilla paremmin voitaisiin sopeutua maailman voimasuhteiden muutoksiin ja globaalitalouden toimintaehtoihin. Huolimatta EU:n sis\u00e4markkinoiden tarjoamista hyvist\u00e4 mahdollisuuksista oli odotettavissa, ettei sielt\u00e4 l\u00f6ydy merkitt\u00e4v\u00e4\u00e4 kasvuapua, vaan Suomen on k\u00e4ytett\u00e4v\u00e4 hyv\u00e4ksi muun muassa sijaintiaan Euroopan unionin koillislaidalla suorien taloussuhteiden kehitt\u00e4miseksi voimistuvaan it\u00e4\u00e4n. N\u00e4ihin kuuluvat sek\u00e4 l\u00e4hialueet Ven\u00e4j\u00e4ll\u00e4 ett\u00e4 Kaukoid\u00e4n markkinat.<\/p>\n<p><em><strong>Rahoituskriisi 2010<\/strong><\/em><\/p>\n<p>Vuonna 2010 euro-aluetta kohtasi vakava rahoituskriisi, \u00a0joka oli paljolti seurausta valtioiden velanotosta edellisin\u00e4 vuosina, kun pankkeja tuettiin ja taloutta elvytettiin. Suomikin joutui osallistumaan kriisiytyneiden valtioiden velkojen takaamiseen useiden miljardien osuuksilla. Vuoden 2011 alussa tukitoimintaa oli yh\u00e4 laajennettava, jotta yhteisvaluutan arvo s\u00e4ilyisi vakaana, eik\u00e4 rahoituskriisin loppua ollut n\u00e4kyvill\u00e4.<\/p>\n<p>Ennusteiden mukaan Suomen valtiontalous on 2010-luvun alkuvuosina siin\u00e4 m\u00e4\u00e4rin alij\u00e4\u00e4m\u00e4inen (2-3 % BKT:sta), ett\u00e4 on pakko ryhty\u00e4 supistamaan menoja. T\u00e4m\u00e4 vaatimus tulee koskemaan kaikkia hallinnonhaaroja, ja sen m\u00e4\u00e4r\u00e4lliset tarkennukset ovat poliittisen p\u00e4\u00e4t\u00f6ksenteon keskeisi\u00e4 teht\u00e4vi\u00e4.<\/p>\n<\/div><\/section><\/p><\/div>\n","protected":false},"excerpt":{"rendered":"","protected":false},"author":1,"featured_media":0,"parent":1874,"menu_order":3,"comment_status":"closed","ping_status":"closed","template":"","meta":{"footnotes":""},"class_list":["post-1880","page","type-page","status-publish","hentry"],"_links":{"self":[{"href":"https:\/\/maailmanmuutos.org\/index.php\/wp-json\/wp\/v2\/pages\/1880","targetHints":{"allow":["GET"]}}],"collection":[{"href":"https:\/\/maailmanmuutos.org\/index.php\/wp-json\/wp\/v2\/pages"}],"about":[{"href":"https:\/\/maailmanmuutos.org\/index.php\/wp-json\/wp\/v2\/types\/page"}],"author":[{"embeddable":true,"href":"https:\/\/maailmanmuutos.org\/index.php\/wp-json\/wp\/v2\/users\/1"}],"replies":[{"embeddable":true,"href":"https:\/\/maailmanmuutos.org\/index.php\/wp-json\/wp\/v2\/comments?post=1880"}],"version-history":[{"count":6,"href":"https:\/\/maailmanmuutos.org\/index.php\/wp-json\/wp\/v2\/pages\/1880\/revisions"}],"predecessor-version":[{"id":3806,"href":"https:\/\/maailmanmuutos.org\/index.php\/wp-json\/wp\/v2\/pages\/1880\/revisions\/3806"}],"up":[{"embeddable":true,"href":"https:\/\/maailmanmuutos.org\/index.php\/wp-json\/wp\/v2\/pages\/1874"}],"wp:attachment":[{"href":"https:\/\/maailmanmuutos.org\/index.php\/wp-json\/wp\/v2\/media?parent=1880"}],"curies":[{"name":"wp","href":"https:\/\/api.w.org\/{rel}","templated":true}]}}