{"id":1881,"date":"2023-03-08T21:15:04","date_gmt":"2023-03-08T21:15:04","guid":{"rendered":"http:\/\/us.ylirotu.fi\/index.php\/suomi\/suomi-muutoksen-maailmassa\/sopeutuminen-globaalitalouteen\/nousu-lamasta-vientiteollisuuden-voimin-3\/"},"modified":"2023-08-16T08:45:43","modified_gmt":"2023-08-16T08:45:43","slug":"sopeutuminen-eun-talouskuriin-ja-avoimiin-sisamarkkinoihin","status":"publish","type":"page","link":"https:\/\/maailmanmuutos.org\/index.php\/suomi\/suomi-muutoksen-maailmassa\/sopeutuminen-globaalitalouteen\/sopeutuminen-eun-talouskuriin-ja-avoimiin-sisamarkkinoihin\/","title":{"rendered":"Sopeutuminen EU:n talouskuriin ja avoimiin sis\u00e4markkinoihin\u00a0"},"content":{"rendered":"<div id='full_slider_1'  class='avia-fullwidth-slider main_color avia-shadow   avia-builder-el-0  el_before_av_one_full  avia-builder-el-first   container_wrap sidebar_right'  >\n<style type=\"text\/css\" data-created_by=\"avia_inline_auto\" id=\"style-css-av-kd4hz9nx-fb331aa0faaa9c578e2f07ccc45f5aa0\">\n#top #wrap_all .avia-slideshow .av-slideshow-caption.av-kd4hz9nx-fb331aa0faaa9c578e2f07ccc45f5aa0__0 .avia-caption-title{\nfont-size:22px;\n}\n#top .avia-slideshow .av-slideshow-caption.av-kd4hz9nx-fb331aa0faaa9c578e2f07ccc45f5aa0__0 .avia-caption-content{\nfont-size:14px;\n}\n#top .avia-slideshow .av-slideshow-caption.av-kd4hz9nx-fb331aa0faaa9c578e2f07ccc45f5aa0__0 .avia-caption-content p{\nfont-size:14px;\n}\n\n@media only screen and (min-width: 768px) and (max-width: 989px){ \n#top #wrap_all .avia-slideshow .av-slideshow-caption.av-kd4hz9nx-fb331aa0faaa9c578e2f07ccc45f5aa0__0 .avia-caption-title{\nfont-size:16px;\n}\n#top .avia-slideshow .av-slideshow-caption.av-kd4hz9nx-fb331aa0faaa9c578e2f07ccc45f5aa0__0 .avia-caption-content{\nfont-size:16px;\n}\n#top .avia-slideshow .av-slideshow-caption.av-kd4hz9nx-fb331aa0faaa9c578e2f07ccc45f5aa0__0 .avia-caption-content p{\nfont-size:16px;\n}\n}\n\n@media only screen and (min-width: 480px) and (max-width: 767px){ \n#top #wrap_all .avia-slideshow .av-slideshow-caption.av-kd4hz9nx-fb331aa0faaa9c578e2f07ccc45f5aa0__0 .avia-caption-title{\nfont-size:14px;\n}\n#top .avia-slideshow .av-slideshow-caption.av-kd4hz9nx-fb331aa0faaa9c578e2f07ccc45f5aa0__0 .avia-caption-content{\nfont-size:14px;\n}\n#top .avia-slideshow .av-slideshow-caption.av-kd4hz9nx-fb331aa0faaa9c578e2f07ccc45f5aa0__0 .avia-caption-content p{\nfont-size:14px;\n}\n}\n\n@media only screen and (max-width: 479px){ \n#top #wrap_all .avia-slideshow .av-slideshow-caption.av-kd4hz9nx-fb331aa0faaa9c578e2f07ccc45f5aa0__0 .avia-caption-title{\ndisplay:none;\n}\n#top .avia-slideshow .av-slideshow-caption.av-kd4hz9nx-fb331aa0faaa9c578e2f07ccc45f5aa0__0 .avia-caption-content{\ndisplay:none;\n}\n#top .avia-slideshow .av-slideshow-caption.av-kd4hz9nx-fb331aa0faaa9c578e2f07ccc45f5aa0__0 .avia-caption-content p{\ndisplay:none;\n}\n}\n<\/style>\n<div  class='avia-slideshow av-kd4hz9nx-fb331aa0faaa9c578e2f07ccc45f5aa0 avia-slideshow-featured av_slideshow_full avia-slide-slider av-slideshow-ui av-control-default av-slideshow-manual av-loop-once av-loop-manual-endless av-default-height-applied   avia-slideshow-1' data-slideshow-options=\"{&quot;animation&quot;:&quot;slide&quot;,&quot;autoplay&quot;:false,&quot;loop_autoplay&quot;:&quot;once&quot;,&quot;interval&quot;:5,&quot;loop_manual&quot;:&quot;manual-endless&quot;,&quot;autoplay_stopper&quot;:false,&quot;noNavigation&quot;:false,&quot;bg_slider&quot;:false,&quot;keep_padding&quot;:false,&quot;hoverpause&quot;:false,&quot;show_slide_delay&quot;:0}\"  itemprop=\"image\" itemscope=\"itemscope\" itemtype=\"https:\/\/schema.org\/ImageObject\" ><ul class='avia-slideshow-inner ' style='padding-bottom: 28.72411489646%;'><li  class='avia-slideshow-slide av-kd4hz9nx-fb331aa0faaa9c578e2f07ccc45f5aa0__0  av-single-slide slide-1 slide-odd'><div data-rel='slideshow-1' class='avia-slide-wrap '   ><img decoding=\"async\" fetchpriority=\"high\" class=\"wp-image-3809 avia-img-lazy-loading-not-3809\"  src=\"https:\/\/maailmanmuutos.org\/wp-content\/uploads\/2023\/08\/ecb-frankfurt.jpg\" width=\"1497\" height=\"430\" title='kuvituskuvat' alt=''  itemprop=\"thumbnailUrl\" srcset=\"https:\/\/maailmanmuutos.org\/wp-content\/uploads\/2023\/08\/ecb-frankfurt.jpg 1500w, https:\/\/maailmanmuutos.org\/wp-content\/uploads\/2023\/08\/ecb-frankfurt-800x230.jpg 800w, https:\/\/maailmanmuutos.org\/wp-content\/uploads\/2023\/08\/ecb-frankfurt-120x34.jpg 120w, https:\/\/maailmanmuutos.org\/wp-content\/uploads\/2023\/08\/ecb-frankfurt-768x221.jpg 768w, https:\/\/maailmanmuutos.org\/wp-content\/uploads\/2023\/08\/ecb-frankfurt-705x203.jpg 705w\" sizes=\"(max-width: 1497px) 100vw, 1497px\" \/><\/div><\/li><\/ul><\/div><\/div><div id='after_full_slider_1'  class='main_color av_default_container_wrap container_wrap sidebar_right'  ><div class='container av-section-cont-open' ><div class='template-page content  av-content-small alpha units'><div class='post-entry post-entry-type-page post-entry-1881'><div class='entry-content-wrapper clearfix'>\n\n<style type=\"text\/css\" data-created_by=\"avia_inline_auto\" id=\"style-css-av-5spn6-3d3e8ead61d02f87ad7c9f2fc625dc24\">\n.flex_column.av-5spn6-3d3e8ead61d02f87ad7c9f2fc625dc24{\nborder-radius:0px 0px 0px 0px;\npadding:0px 0px 0px 0px;\n}\n<\/style>\n<div  class='flex_column av-5spn6-3d3e8ead61d02f87ad7c9f2fc625dc24 av_one_full  avia-builder-el-1  el_after_av_slideshow_full  avia-builder-el-no-sibling  first flex_column_div av-zero-column-padding  '     ><p>\n<style type=\"text\/css\" data-created_by=\"avia_inline_auto\" id=\"style-css-av-29aztl-d4ba561ca8282837d6c1d7a5b71e0a07\">\n#top .av-special-heading.av-29aztl-d4ba561ca8282837d6c1d7a5b71e0a07{\npadding-bottom:10px;\n}\nbody .av-special-heading.av-29aztl-d4ba561ca8282837d6c1d7a5b71e0a07 .av-special-heading-tag .heading-char{\nfont-size:25px;\n}\n.av-special-heading.av-29aztl-d4ba561ca8282837d6c1d7a5b71e0a07 .av-subheading{\nfont-size:15px;\n}\n<\/style>\n<div  class='av-special-heading av-29aztl-d4ba561ca8282837d6c1d7a5b71e0a07 av-special-heading-h1  avia-builder-el-2  el_before_av_hr  avia-builder-el-first '><h1 class='av-special-heading-tag'  itemprop=\"headline\"  >Sopeutuminen EU:n talouskuriin ja avoimiin sis\u00e4markkinoihin <\/h1><div class=\"special-heading-border\"><div class=\"special-heading-inner-border\"><\/div><\/div><\/div><br \/>\n\n<style type=\"text\/css\" data-created_by=\"avia_inline_auto\" id=\"style-css-av-26fweh-0cf8d66c4c7f07b661f205008de02598\">\n#top .hr.hr-invisible.av-26fweh-0cf8d66c4c7f07b661f205008de02598{\nheight:50px;\n}\n<\/style>\n<div  class='hr av-26fweh-0cf8d66c4c7f07b661f205008de02598 hr-invisible  avia-builder-el-3  el_after_av_heading  el_before_av_textblock '><span class='hr-inner '><span class=\"hr-inner-style\"><\/span><\/span><\/div><br \/>\n<section  class='av_textblock_section av-lezr0od0-94e7bd8ef786eea3c9a8d27065495667 '   itemscope=\"itemscope\" itemtype=\"https:\/\/schema.org\/CreativeWork\" ><div class='avia_textblock'  itemprop=\"text\" ><p><em><strong>Suomen talous \u201deurokuntoon\u201d<\/strong><\/em><\/p>\n<p>Suomi tavoitteli EU-j\u00e4senyyden my\u00f6t\u00e4 my\u00f6s talous- ja rahaliiton j\u00e4senyytt\u00e4, vaikka sen nopeaa toteutumista ei viel\u00e4 1990-luvun puoliv\u00e4liss\u00e4 pidetty todenn\u00e4k\u00f6isen\u00e4. Vuosikymmenen lopulla kuitenkin taloutta muunnettiin \u201deurokuntoon\u201d rahaliiton l\u00e4hentymiskriteerien mukaisesti, jolloin ongelmana oli erityisesti julkisen velan alentamistarve. N\u00e4iss\u00e4 toimissa onnistuttiin, joten Suomi liittyi ensimm\u00e4isten joukossa talous- ja rahaliiton viime vaiheeseen, johon sis\u00e4ltyi yhteisvaluutta euron k\u00e4ytt\u00f6\u00f6notto.<\/p>\n<p><em><strong>Mukaan EU:n kaikkiin ytimiin<\/strong><\/em><\/p>\n<p>Hallituksen taholta korostettiin, ett\u00e4 rahaliiton j\u00e4senyys liittyi pyrkimyksiin menn\u00e4 mukaan EU:n kaikkiin \u201dytimiin\u201d, joissa tehtiin t\u00e4rkeit\u00e4 p\u00e4\u00e4t\u00f6ksi\u00e4 koko Euroopan osalta. Euro-alueeseen liittyminen oli siis vahvasti ideologinen p\u00e4\u00e4t\u00f6s, jolla Suomi kytkettiin kiinte\u00e4sti l\u00e4ntisen Euroopan yhteyteen. Siten haettiin sek\u00e4 taloudellista ett\u00e4 turvallisuuspoliittista vakautta. Ruotsin j\u00e4\u00e4minen euroalueen ulkopuolelle arvelutti kyll\u00e4kin vientiteollisuutta, joka pelk\u00e4si kruunun mahdollisten kurssimuutoksien heikent\u00e4v\u00e4n kilpailukyky\u00e4, kun Suomen valuutta oli sidottuna Euroopan keskuspankin p\u00e4\u00e4t\u00f6ksiin. Ne eiv\u00e4t v\u00e4ltt\u00e4m\u00e4tt\u00e4 noudattelisi Suomelle t\u00e4rkeit\u00e4 suhdanteita. L\u00e4hes vuosikymmenen kest\u00e4nyt nousukausi esti kuitenkin n\u00e4iden ongelmien esilletulon.<\/p>\n<p><em><strong>Elinkeinorakenteen muutos 1975-2008<\/strong><\/em><\/p>\n<p>Suomen elinkeinorakenteen muutos helpotti sopeutumista EU:n yhteiseen maatalouspolitiikkaan ja euroalueeseen. Vuonna 1975 alkutuotanto, josta maa- ja mets\u00e4talous muodosti p\u00e4\u00e4osan, kattoi yht\u00e4 suuren osuuden kuin julkinen sektori, molemmat noin 15 prosenttia ty\u00f6voimasta. Vuoteen 2008 menness\u00e4 alkutuotannon osuus ty\u00f6llisyydest\u00e4 putosi noin viiteen prosenttiin ja julkisen sektorin osuus<br \/>\nnousi 25 prosenttiin. Samalla palvelualojen osuus muutenkin kasvoi voimakkaasti.<\/p>\n<p><em><strong>Talous kasvoi<\/strong><\/em><\/p>\n<p>Suomen 2,5 miljoonasta ty\u00f6ss\u00e4k\u00e4yv\u00e4st\u00e4 ihmisest\u00e4 vuonna 2007 teollisuudessa ty\u00f6skenteli 423 000 ja terveyspalveluissa 370 000. Talouden taantuman vuosina 2008-2009 teollisuuden ty\u00f6paikkojen v\u00e4hentyminen kiihtyi ja erityisesti terveyspalvelujen osuus kasvoi, niin ett\u00e4 vuonna 2010 terveyspalvelujen alalla ty\u00f6skenteli jo 15 000 ihmist\u00e4 enemm\u00e4n kuin teollisuudessa.<\/p>\n<p>Elintason nousun takasi vuosien 1980-2010 keskim\u00e4\u00e4r\u00e4inen BKT:n 2,2 prosentin vuosikasvu. Se oli alempi kuin viime vuosisadalla yleens\u00e4 mutta kehittyneelle taloudelle aivan hyv\u00e4 saavutus, varsinkin kun otetaan huomioon vakavat taantumat 1990-luvun alussa ja vuonna 2009. Vuosina 1994-2007 vuosittainen talouskasvu oli korkealla, keskim\u00e4\u00e4rin 3,8 prosentin tasolla.<\/p>\n<p><em><strong>Suomi sopeutui hyvin EU:n sis\u00e4markkinoille<\/strong><\/em><\/p>\n<p>Suomen talouskasvu vuosina 2000 &#8211; 2008 ylitti jokaisena vuonna EU-maiden keskiarvon, viiten\u00e4 vuonna (2000 ja 2004 \u2013 2007) jopa yli prosenttiyksik\u00f6ll\u00e4. Vuonna 2008 kasvu Suomessa hidastui jo<br \/>\nselv\u00e4sti mutta pysyi viel\u00e4 EU-keskiarvon tuntumassa. Voidaan siis todeta Suomen talouden kokonaisuutena katsottuna sopeutuneen hyvin toimintaan EU:n sis\u00e4markkinoilla.<\/p>\n<p>Tulevien vuosien ennusteet ovat luonnollisesti ep\u00e4varmoja, mutta yleisesti arvioidaan talouden jatkavan kasvamista noin kahden prosentin vuosivauhdilla. Se mahdollistaisi elintason s\u00e4ilytt\u00e4misen ainakin nykyisell\u00e4 tasolla.<\/p>\n<\/div><\/section><\/p><\/div>\n","protected":false},"excerpt":{"rendered":"","protected":false},"author":1,"featured_media":0,"parent":1874,"menu_order":2,"comment_status":"closed","ping_status":"closed","template":"","meta":{"footnotes":""},"class_list":["post-1881","page","type-page","status-publish","hentry"],"_links":{"self":[{"href":"https:\/\/maailmanmuutos.org\/index.php\/wp-json\/wp\/v2\/pages\/1881","targetHints":{"allow":["GET"]}}],"collection":[{"href":"https:\/\/maailmanmuutos.org\/index.php\/wp-json\/wp\/v2\/pages"}],"about":[{"href":"https:\/\/maailmanmuutos.org\/index.php\/wp-json\/wp\/v2\/types\/page"}],"author":[{"embeddable":true,"href":"https:\/\/maailmanmuutos.org\/index.php\/wp-json\/wp\/v2\/users\/1"}],"replies":[{"embeddable":true,"href":"https:\/\/maailmanmuutos.org\/index.php\/wp-json\/wp\/v2\/comments?post=1881"}],"version-history":[{"count":6,"href":"https:\/\/maailmanmuutos.org\/index.php\/wp-json\/wp\/v2\/pages\/1881\/revisions"}],"predecessor-version":[{"id":3792,"href":"https:\/\/maailmanmuutos.org\/index.php\/wp-json\/wp\/v2\/pages\/1881\/revisions\/3792"}],"up":[{"embeddable":true,"href":"https:\/\/maailmanmuutos.org\/index.php\/wp-json\/wp\/v2\/pages\/1874"}],"wp:attachment":[{"href":"https:\/\/maailmanmuutos.org\/index.php\/wp-json\/wp\/v2\/media?parent=1881"}],"curies":[{"name":"wp","href":"https:\/\/api.w.org\/{rel}","templated":true}]}}

Sopeutuminen EU:n talouskuriin ja avoimiin sisämarkkinoihin

<div id='full_slider_1'  class='avia-fullwidth-slider main_color avia-shadow   avia-builder-el-0  el_before_av_one_full  avia-builder-el-first   container_wrap sidebar_right'  >
<style type="text/css" data-created_by="avia_inline_auto" id="style-css-av-kd4hz9nx-fb331aa0faaa9c578e2f07ccc45f5aa0">
#top #wrap_all .avia-slideshow .av-slideshow-caption.av-kd4hz9nx-fb331aa0faaa9c578e2f07ccc45f5aa0__0 .avia-caption-title{
font-size:22px;
}
#top .avia-slideshow .av-slideshow-caption.av-kd4hz9nx-fb331aa0faaa9c578e2f07ccc45f5aa0__0 .avia-caption-content{
font-size:14px;
}
#top .avia-slideshow .av-slideshow-caption.av-kd4hz9nx-fb331aa0faaa9c578e2f07ccc45f5aa0__0 .avia-caption-content p{
font-size:14px;
}

@media only screen and (min-width: 768px) and (max-width: 989px){ 
#top #wrap_all .avia-slideshow .av-slideshow-caption.av-kd4hz9nx-fb331aa0faaa9c578e2f07ccc45f5aa0__0 .avia-caption-title{
font-size:16px;
}
#top .avia-slideshow .av-slideshow-caption.av-kd4hz9nx-fb331aa0faaa9c578e2f07ccc45f5aa0__0 .avia-caption-content{
font-size:16px;
}
#top .avia-slideshow .av-slideshow-caption.av-kd4hz9nx-fb331aa0faaa9c578e2f07ccc45f5aa0__0 .avia-caption-content p{
font-size:16px;
}
}

@media only screen and (min-width: 480px) and (max-width: 767px){ 
#top #wrap_all .avia-slideshow .av-slideshow-caption.av-kd4hz9nx-fb331aa0faaa9c578e2f07ccc45f5aa0__0 .avia-caption-title{
font-size:14px;
}
#top .avia-slideshow .av-slideshow-caption.av-kd4hz9nx-fb331aa0faaa9c578e2f07ccc45f5aa0__0 .avia-caption-content{
font-size:14px;
}
#top .avia-slideshow .av-slideshow-caption.av-kd4hz9nx-fb331aa0faaa9c578e2f07ccc45f5aa0__0 .avia-caption-content p{
font-size:14px;
}
}

@media only screen and (max-width: 479px){ 
#top #wrap_all .avia-slideshow .av-slideshow-caption.av-kd4hz9nx-fb331aa0faaa9c578e2f07ccc45f5aa0__0 .avia-caption-title{
display:none;
}
#top .avia-slideshow .av-slideshow-caption.av-kd4hz9nx-fb331aa0faaa9c578e2f07ccc45f5aa0__0 .avia-caption-content{
display:none;
}
#top .avia-slideshow .av-slideshow-caption.av-kd4hz9nx-fb331aa0faaa9c578e2f07ccc45f5aa0__0 .avia-caption-content p{
display:none;
}
}
</style>
<div  class='avia-slideshow av-kd4hz9nx-fb331aa0faaa9c578e2f07ccc45f5aa0 avia-slideshow-featured av_slideshow_full avia-slide-slider av-slideshow-ui av-control-default av-slideshow-manual av-loop-once av-loop-manual-endless av-default-height-applied   avia-slideshow-1' data-slideshow-options="{&quot;animation&quot;:&quot;slide&quot;,&quot;autoplay&quot;:false,&quot;loop_autoplay&quot;:&quot;once&quot;,&quot;interval&quot;:5,&quot;loop_manual&quot;:&quot;manual-endless&quot;,&quot;autoplay_stopper&quot;:false,&quot;noNavigation&quot;:false,&quot;bg_slider&quot;:false,&quot;keep_padding&quot;:false,&quot;hoverpause&quot;:false,&quot;show_slide_delay&quot;:0}"  itemprop="image" itemscope="itemscope" itemtype="https://schema.org/ImageObject" ><ul class='avia-slideshow-inner ' style='padding-bottom: 28.72411489646%;'><li  class='avia-slideshow-slide av-kd4hz9nx-fb331aa0faaa9c578e2f07ccc45f5aa0__0  av-single-slide slide-1 slide-odd'><div data-rel='slideshow-1' class='avia-slide-wrap '   ><img decoding="async" fetchpriority="high" class="wp-image-3809 avia-img-lazy-loading-not-3809"  src="https://maailmanmuutos.org/wp-content/uploads/2023/08/ecb-frankfurt.jpg" width="1497" height="430" title='kuvituskuvat' alt=''  itemprop="thumbnailUrl" srcset="https://maailmanmuutos.org/wp-content/uploads/2023/08/ecb-frankfurt.jpg 1500w, https://maailmanmuutos.org/wp-content/uploads/2023/08/ecb-frankfurt-800x230.jpg 800w, https://maailmanmuutos.org/wp-content/uploads/2023/08/ecb-frankfurt-120x34.jpg 120w, https://maailmanmuutos.org/wp-content/uploads/2023/08/ecb-frankfurt-768x221.jpg 768w, https://maailmanmuutos.org/wp-content/uploads/2023/08/ecb-frankfurt-705x203.jpg 705w" sizes="(max-width: 1497px) 100vw, 1497px" /></div></li></ul></div></div><div id='after_full_slider_1'  class='main_color av_default_container_wrap container_wrap sidebar_right'  ><div class='container av-section-cont-open' ><div class='template-page content  av-content-small alpha units'><div class='post-entry post-entry-type-page post-entry-1881'><div class='entry-content-wrapper clearfix'>

<style type="text/css" data-created_by="avia_inline_auto" id="style-css-av-5spn6-3d3e8ead61d02f87ad7c9f2fc625dc24">
.flex_column.av-5spn6-3d3e8ead61d02f87ad7c9f2fc625dc24{
border-radius:0px 0px 0px 0px;
padding:0px 0px 0px 0px;
}
</style>
<div  class='flex_column av-5spn6-3d3e8ead61d02f87ad7c9f2fc625dc24 av_one_full  avia-builder-el-1  el_after_av_slideshow_full  avia-builder-el-no-sibling  first flex_column_div av-zero-column-padding  '     ><p>
<style type="text/css" data-created_by="avia_inline_auto" id="style-css-av-29aztl-d4ba561ca8282837d6c1d7a5b71e0a07">
#top .av-special-heading.av-29aztl-d4ba561ca8282837d6c1d7a5b71e0a07{
padding-bottom:10px;
}
body .av-special-heading.av-29aztl-d4ba561ca8282837d6c1d7a5b71e0a07 .av-special-heading-tag .heading-char{
font-size:25px;
}
.av-special-heading.av-29aztl-d4ba561ca8282837d6c1d7a5b71e0a07 .av-subheading{
font-size:15px;
}
</style>
<div  class='av-special-heading av-29aztl-d4ba561ca8282837d6c1d7a5b71e0a07 av-special-heading-h1  avia-builder-el-2  el_before_av_hr  avia-builder-el-first '><h1 class='av-special-heading-tag'  itemprop="headline"  >Sopeutuminen EU:n talouskuriin ja avoimiin sisämarkkinoihin </h1><div class="special-heading-border"><div class="special-heading-inner-border"></div></div></div><br />

<style type="text/css" data-created_by="avia_inline_auto" id="style-css-av-26fweh-0cf8d66c4c7f07b661f205008de02598">
#top .hr.hr-invisible.av-26fweh-0cf8d66c4c7f07b661f205008de02598{
height:50px;
}
</style>
<div  class='hr av-26fweh-0cf8d66c4c7f07b661f205008de02598 hr-invisible  avia-builder-el-3  el_after_av_heading  el_before_av_textblock '><span class='hr-inner '><span class="hr-inner-style"></span></span></div><br />
<section  class='av_textblock_section av-lezr0od0-94e7bd8ef786eea3c9a8d27065495667 '   itemscope="itemscope" itemtype="https://schema.org/CreativeWork" ><div class='avia_textblock'  itemprop="text" ><p><em><strong>Suomen talous ”eurokuntoon”</strong></em></p>
<p>Suomi tavoitteli EU-jäsenyyden myötä myös talous- ja rahaliiton jäsenyyttä, vaikka sen nopeaa toteutumista ei vielä 1990-luvun puolivälissä pidetty todennäköisenä. Vuosikymmenen lopulla kuitenkin taloutta muunnettiin ”eurokuntoon” rahaliiton lähentymiskriteerien mukaisesti, jolloin ongelmana oli erityisesti julkisen velan alentamistarve. Näissä toimissa onnistuttiin, joten Suomi liittyi ensimmäisten joukossa talous- ja rahaliiton viime vaiheeseen, johon sisältyi yhteisvaluutta euron käyttöönotto.</p>
<p><em><strong>Mukaan EU:n kaikkiin ytimiin</strong></em></p>
<p>Hallituksen taholta korostettiin, että rahaliiton jäsenyys liittyi pyrkimyksiin mennä mukaan EU:n kaikkiin ”ytimiin”, joissa tehtiin tärkeitä päätöksiä koko Euroopan osalta. Euro-alueeseen liittyminen oli siis vahvasti ideologinen päätös, jolla Suomi kytkettiin kiinteästi läntisen Euroopan yhteyteen. Siten haettiin sekä taloudellista että turvallisuuspoliittista vakautta. Ruotsin jääminen euroalueen ulkopuolelle arvelutti kylläkin vientiteollisuutta, joka pelkäsi kruunun mahdollisten kurssimuutoksien heikentävän kilpailukykyä, kun Suomen valuutta oli sidottuna Euroopan keskuspankin päätöksiin. Ne eivät välttämättä noudattelisi Suomelle tärkeitä suhdanteita. Lähes vuosikymmenen kestänyt nousukausi esti kuitenkin näiden ongelmien esilletulon.</p>
<p><em><strong>Elinkeinorakenteen muutos 1975-2008</strong></em></p>
<p>Suomen elinkeinorakenteen muutos helpotti sopeutumista EU:n yhteiseen maatalouspolitiikkaan ja euroalueeseen. Vuonna 1975 alkutuotanto, josta maa- ja metsätalous muodosti pääosan, kattoi yhtä suuren osuuden kuin julkinen sektori, molemmat noin 15 prosenttia työvoimasta. Vuoteen 2008 mennessä alkutuotannon osuus työllisyydestä putosi noin viiteen prosenttiin ja julkisen sektorin osuus<br />
nousi 25 prosenttiin. Samalla palvelualojen osuus muutenkin kasvoi voimakkaasti.</p>
<p><em><strong>Talous kasvoi</strong></em></p>
<p>Suomen 2,5 miljoonasta työssäkäyvästä ihmisestä vuonna 2007 teollisuudessa työskenteli 423 000 ja terveyspalveluissa 370 000. Talouden taantuman vuosina 2008-2009 teollisuuden työpaikkojen vähentyminen kiihtyi ja erityisesti terveyspalvelujen osuus kasvoi, niin että vuonna 2010 terveyspalvelujen alalla työskenteli jo 15 000 ihmistä enemmän kuin teollisuudessa.</p>
<p>Elintason nousun takasi vuosien 1980-2010 keskimääräinen BKT:n 2,2 prosentin vuosikasvu. Se oli alempi kuin viime vuosisadalla yleensä mutta kehittyneelle taloudelle aivan hyvä saavutus, varsinkin kun otetaan huomioon vakavat taantumat 1990-luvun alussa ja vuonna 2009. Vuosina 1994-2007 vuosittainen talouskasvu oli korkealla, keskimäärin 3,8 prosentin tasolla.</p>
<p><em><strong>Suomi sopeutui hyvin EU:n sisämarkkinoille</strong></em></p>
<p>Suomen talouskasvu vuosina 2000 &#8211; 2008 ylitti jokaisena vuonna EU-maiden keskiarvon, viitenä vuonna (2000 ja 2004 – 2007) jopa yli prosenttiyksiköllä. Vuonna 2008 kasvu Suomessa hidastui jo<br />
selvästi mutta pysyi vielä EU-keskiarvon tuntumassa. Voidaan siis todeta Suomen talouden kokonaisuutena katsottuna sopeutuneen hyvin toimintaan EU:n sisämarkkinoilla.</p>
<p>Tulevien vuosien ennusteet ovat luonnollisesti epävarmoja, mutta yleisesti arvioidaan talouden jatkavan kasvamista noin kahden prosentin vuosivauhdilla. Se mahdollistaisi elintason säilyttämisen ainakin nykyisellä tasolla.</p>
</div></section></p></div>
