{"id":1895,"date":"2023-03-08T21:19:15","date_gmt":"2023-03-08T21:19:15","guid":{"rendered":"http:\/\/us.ylirotu.fi\/index.php\/suomi\/suomi-muutoksen-maailmassa\/suomen-eu-politiikka-2000-luvun-alussa\/suomi-eun-puheenjohtajamaana-vuonna-1999-2\/"},"modified":"2023-08-15T22:34:31","modified_gmt":"2023-08-15T22:34:31","slug":"suomen-puheenjohtajakausi-2006","status":"publish","type":"page","link":"https:\/\/maailmanmuutos.org\/index.php\/suomi\/suomi-muutoksen-maailmassa\/suomen-eu-politiikka-2000-luvun-alussa\/suomen-puheenjohtajakausi-2006\/","title":{"rendered":"Suomen puheenjohtajakausi 2006\u00a0"},"content":{"rendered":"<div id='full_slider_1'  class='avia-fullwidth-slider main_color avia-shadow   avia-builder-el-0  el_before_av_one_full  avia-builder-el-first   container_wrap sidebar_right'  >\n<style type=\"text\/css\" data-created_by=\"avia_inline_auto\" id=\"style-css-av-kd4hz9nx-fb331aa0faaa9c578e2f07ccc45f5aa0\">\n#top #wrap_all .avia-slideshow .av-slideshow-caption.av-kd4hz9nx-fb331aa0faaa9c578e2f07ccc45f5aa0__0 .avia-caption-title{\nfont-size:22px;\n}\n#top .avia-slideshow .av-slideshow-caption.av-kd4hz9nx-fb331aa0faaa9c578e2f07ccc45f5aa0__0 .avia-caption-content{\nfont-size:14px;\n}\n#top .avia-slideshow .av-slideshow-caption.av-kd4hz9nx-fb331aa0faaa9c578e2f07ccc45f5aa0__0 .avia-caption-content p{\nfont-size:14px;\n}\n\n@media only screen and (min-width: 768px) and (max-width: 989px){ \n#top #wrap_all .avia-slideshow .av-slideshow-caption.av-kd4hz9nx-fb331aa0faaa9c578e2f07ccc45f5aa0__0 .avia-caption-title{\nfont-size:16px;\n}\n#top .avia-slideshow .av-slideshow-caption.av-kd4hz9nx-fb331aa0faaa9c578e2f07ccc45f5aa0__0 .avia-caption-content{\nfont-size:16px;\n}\n#top .avia-slideshow .av-slideshow-caption.av-kd4hz9nx-fb331aa0faaa9c578e2f07ccc45f5aa0__0 .avia-caption-content p{\nfont-size:16px;\n}\n}\n\n@media only screen and (min-width: 480px) and (max-width: 767px){ \n#top #wrap_all .avia-slideshow .av-slideshow-caption.av-kd4hz9nx-fb331aa0faaa9c578e2f07ccc45f5aa0__0 .avia-caption-title{\nfont-size:14px;\n}\n#top .avia-slideshow .av-slideshow-caption.av-kd4hz9nx-fb331aa0faaa9c578e2f07ccc45f5aa0__0 .avia-caption-content{\nfont-size:14px;\n}\n#top .avia-slideshow .av-slideshow-caption.av-kd4hz9nx-fb331aa0faaa9c578e2f07ccc45f5aa0__0 .avia-caption-content p{\nfont-size:14px;\n}\n}\n\n@media only screen and (max-width: 479px){ \n#top #wrap_all .avia-slideshow .av-slideshow-caption.av-kd4hz9nx-fb331aa0faaa9c578e2f07ccc45f5aa0__0 .avia-caption-title{\ndisplay:none;\n}\n#top .avia-slideshow .av-slideshow-caption.av-kd4hz9nx-fb331aa0faaa9c578e2f07ccc45f5aa0__0 .avia-caption-content{\ndisplay:none;\n}\n#top .avia-slideshow .av-slideshow-caption.av-kd4hz9nx-fb331aa0faaa9c578e2f07ccc45f5aa0__0 .avia-caption-content p{\ndisplay:none;\n}\n}\n<\/style>\n<div  class='avia-slideshow av-kd4hz9nx-fb331aa0faaa9c578e2f07ccc45f5aa0 avia-slideshow-featured av_slideshow_full avia-slide-slider av-slideshow-ui av-control-default av-slideshow-manual av-loop-once av-loop-manual-endless av-default-height-applied   avia-slideshow-1' data-slideshow-options=\"{&quot;animation&quot;:&quot;slide&quot;,&quot;autoplay&quot;:false,&quot;loop_autoplay&quot;:&quot;once&quot;,&quot;interval&quot;:5,&quot;loop_manual&quot;:&quot;manual-endless&quot;,&quot;autoplay_stopper&quot;:false,&quot;noNavigation&quot;:false,&quot;bg_slider&quot;:false,&quot;keep_padding&quot;:false,&quot;hoverpause&quot;:false,&quot;show_slide_delay&quot;:0}\"  itemprop=\"image\" itemscope=\"itemscope\" itemtype=\"https:\/\/schema.org\/ImageObject\" ><ul class='avia-slideshow-inner ' style='padding-bottom: 28.72411489646%;'><li  class='avia-slideshow-slide av-kd4hz9nx-fb331aa0faaa9c578e2f07ccc45f5aa0__0  av-single-slide slide-1 slide-odd'><div data-rel='slideshow-1' class='avia-slide-wrap '   ><img decoding=\"async\" fetchpriority=\"high\" class=\"wp-image-3739 avia-img-lazy-loading-not-3739\"  src=\"https:\/\/maailmanmuutos.org\/wp-content\/uploads\/2023\/08\/vanhanen-2006-eu.jpg\" width=\"1497\" height=\"430\" title='kuvituskuvat' alt=''  itemprop=\"thumbnailUrl\" srcset=\"https:\/\/maailmanmuutos.org\/wp-content\/uploads\/2023\/08\/vanhanen-2006-eu.jpg 1500w, https:\/\/maailmanmuutos.org\/wp-content\/uploads\/2023\/08\/vanhanen-2006-eu-800x230.jpg 800w, https:\/\/maailmanmuutos.org\/wp-content\/uploads\/2023\/08\/vanhanen-2006-eu-120x34.jpg 120w, https:\/\/maailmanmuutos.org\/wp-content\/uploads\/2023\/08\/vanhanen-2006-eu-768x221.jpg 768w, https:\/\/maailmanmuutos.org\/wp-content\/uploads\/2023\/08\/vanhanen-2006-eu-705x203.jpg 705w\" sizes=\"(max-width: 1497px) 100vw, 1497px\" \/><\/div><\/li><\/ul><\/div><\/div><div id='after_full_slider_1'  class='main_color av_default_container_wrap container_wrap sidebar_right'  ><div class='container av-section-cont-open' ><div class='template-page content  av-content-small alpha units'><div class='post-entry post-entry-type-page post-entry-1895'><div class='entry-content-wrapper clearfix'>\n\n<style type=\"text\/css\" data-created_by=\"avia_inline_auto\" id=\"style-css-av-5spn6-3d3e8ead61d02f87ad7c9f2fc625dc24\">\n.flex_column.av-5spn6-3d3e8ead61d02f87ad7c9f2fc625dc24{\nborder-radius:0px 0px 0px 0px;\npadding:0px 0px 0px 0px;\n}\n<\/style>\n<div  class='flex_column av-5spn6-3d3e8ead61d02f87ad7c9f2fc625dc24 av_one_full  avia-builder-el-1  el_after_av_slideshow_full  avia-builder-el-no-sibling  first flex_column_div av-zero-column-padding  '     ><p>\n<style type=\"text\/css\" data-created_by=\"avia_inline_auto\" id=\"style-css-av-av_heading-29c381df7961cc6964de65c5d0dec0ca\">\n#top .av-special-heading.av-av_heading-29c381df7961cc6964de65c5d0dec0ca{\npadding-bottom:10px;\n}\nbody .av-special-heading.av-av_heading-29c381df7961cc6964de65c5d0dec0ca .av-special-heading-tag .heading-char{\nfont-size:25px;\n}\n.av-special-heading.av-av_heading-29c381df7961cc6964de65c5d0dec0ca .av-subheading{\nfont-size:15px;\n}\n<\/style>\n<div  class='av-special-heading av-av_heading-29c381df7961cc6964de65c5d0dec0ca av-special-heading-h1  avia-builder-el-2  el_before_av_hr  avia-builder-el-first '><h1 class='av-special-heading-tag'  itemprop=\"headline\"  >Suomen puheenjohtajakausi 2006 <\/h1><div class=\"special-heading-border\"><div class=\"special-heading-inner-border\"><\/div><\/div><\/div><br \/>\n\n<style type=\"text\/css\" data-created_by=\"avia_inline_auto\" id=\"style-css-av-llcvsho6-fdccb07b3c1e246b1e7e0e2d83506aed\">\n#top .hr.hr-invisible.av-llcvsho6-fdccb07b3c1e246b1e7e0e2d83506aed{\nheight:50px;\n}\n<\/style>\n<div  class='hr av-llcvsho6-fdccb07b3c1e246b1e7e0e2d83506aed hr-invisible  avia-builder-el-3  el_after_av_heading  el_before_av_textblock '><span class='hr-inner '><span class=\"hr-inner-style\"><\/span><\/span><\/div><br \/>\n<section  class='av_textblock_section av-lezr0od0-94e7bd8ef786eea3c9a8d27065495667 '   itemscope=\"itemscope\" itemtype=\"https:\/\/schema.org\/CreativeWork\" ><div class='avia_textblock'  itemprop=\"text\" ><p><em><strong>Valmistautuminen<\/strong><\/em><\/p>\n<p>Valmistelut kes\u00e4ll\u00e4 2006 alkanutta Suomen puheenjohtajakautta varten tehtiin j\u00e4lleen huolella. N\u00e4ihin kuului hallinnon koulutusta EU-asioihin ja virkamiesten ty\u00f6teht\u00e4vien j\u00e4rjestely\u00e4 sek\u00e4 asialistan hiomista. Yhteisty\u00f6t\u00e4 tehtiin erityisesti kev\u00e4tkauden puheenjohtajan It\u00e4vallan kanssa.<\/p>\n<p><em><strong>Asialistaa<\/strong><\/em><\/p>\n<p>Eurooppa-tiedotuksen kes\u00e4kuussa laatimassa tiedotteessa nostettiin puheenjohtajakaudella k\u00e4sitelt\u00e4vin\u00e4 asioina esille tarpeet sopeutua globalisaatioon, kilpailukyvyn parantaminen, v\u00e4est\u00f6n ik\u00e4\u00e4ntymisen ongelmat, ilmastonmuutos ja Euroopan turvallisuuskysymykset. Lis\u00e4ksi haluttiin edist\u00e4\u00e4 unionin toiminnan avoimuutta ja p\u00e4\u00e4t\u00f6ksenteon tehokkuutta sek\u00e4 parantaa unionin lains\u00e4\u00e4d\u00e4nn\u00f6n laatua. Todettiin my\u00f6s tavoitteeksi pit\u00e4\u00e4 perustuslakisopimuksen vahvistamisprosessi k\u00e4ynniss\u00e4.<\/p>\n<p><em><strong>Yll\u00e4tt\u00e4v\u00e4 kriisitilanne<\/strong><\/em><\/p>\n<p>Heti Suomen puheenjohtajakauden alussa k\u00e4rjistyi 12. hein\u00e4kuuta 2006 Israelin ja Hizbollah- j\u00e4rjest\u00f6n v\u00e4linen konflikti v\u00e4likohtauksista Etel\u00e4-Libanonissa ja johti parissa p\u00e4iv\u00e4ss\u00e4 avoimeen sotaan. Israel pommitti koko Libanonin alueen kohteita, jolloin ulkomaiden kansalaisten evakuointi tuli kiireelliseksi. EU j\u00e4rjesti oman evakuointinsa tukeutuen p\u00e4\u00e4asiassa l\u00e4himp\u00e4\u00e4n j\u00e4senmaahansa Kyprokseen. Puheenjohtajamaan velvollisuuksiin kuului n\u00e4iden toimien vaatiman p\u00e4\u00e4t\u00f6ksenteon j\u00e4rjest\u00e4minen.<\/p>\n<p><em><strong>Aselevon valvonta<\/strong><\/em><\/p>\n<p>YK sai lopulta aikaan aselevon ja valtuutti 11. elokuuta Libanonissa olevien 2 000 sotilaan vahvuisten UNIFIL-joukkojen laajentamisen 15 000 rauhanturvaajan vahvuuteen. Ranska oli t\u00e4ss\u00e4 keskeinen tekij\u00e4, ja my\u00f6s muut EU-maat, Suomi mukaan luettuna, lupasivat rauhanturvajoukkoja Libanoniin. Suomesta l\u00e4hti teht\u00e4v\u00e4\u00e4n runsaan 200 sotilaan rauhanturvaosasto. EU:n toimintamahdollisuudet Israelia vastaan olivat rajoitetut etenkin sen Yhdysvalloilta saaman vahvan tuen vuoksi, mutta toisaalta EU kykeni vaikuttamaan aselevon aikaansaamiseen ja tilanteen vakauttamiseen sodan j\u00e4lkeen.<\/p>\n<p><em><strong>Perustuslakiesitys kariutui<\/strong><\/em><\/p>\n<p>Suomen puheenjohtajakauden lopulla 14-15. joulukuuta Brysseliin kokoontuneet EU:n valtioiden ja hallitusten p\u00e4\u00e4miehet keskustelivat laajentumispolitiikasta sek\u00e4 yhteisty\u00f6st\u00e4 oikeus- ja sis\u00e4asioissa. Eniten huolta kuitenkin aiheutti Ranskan ja Hollannin kansan\u00e4\u00e4nestyksiss\u00e4 kariutuneen perustuslakiesityksen tulevaisuus. Siihen ei Suomen voimilla voitu mitenk\u00e4\u00e4n vaikuttaa.<\/p>\n<\/div><\/section><\/p><\/div>\n","protected":false},"excerpt":{"rendered":"","protected":false},"author":1,"featured_media":0,"parent":1889,"menu_order":3,"comment_status":"closed","ping_status":"closed","template":"","meta":{"footnotes":""},"class_list":["post-1895","page","type-page","status-publish","hentry"],"_links":{"self":[{"href":"https:\/\/maailmanmuutos.org\/index.php\/wp-json\/wp\/v2\/pages\/1895","targetHints":{"allow":["GET"]}}],"collection":[{"href":"https:\/\/maailmanmuutos.org\/index.php\/wp-json\/wp\/v2\/pages"}],"about":[{"href":"https:\/\/maailmanmuutos.org\/index.php\/wp-json\/wp\/v2\/types\/page"}],"author":[{"embeddable":true,"href":"https:\/\/maailmanmuutos.org\/index.php\/wp-json\/wp\/v2\/users\/1"}],"replies":[{"embeddable":true,"href":"https:\/\/maailmanmuutos.org\/index.php\/wp-json\/wp\/v2\/comments?post=1895"}],"version-history":[{"count":6,"href":"https:\/\/maailmanmuutos.org\/index.php\/wp-json\/wp\/v2\/pages\/1895\/revisions"}],"predecessor-version":[{"id":3741,"href":"https:\/\/maailmanmuutos.org\/index.php\/wp-json\/wp\/v2\/pages\/1895\/revisions\/3741"}],"up":[{"embeddable":true,"href":"https:\/\/maailmanmuutos.org\/index.php\/wp-json\/wp\/v2\/pages\/1889"}],"wp:attachment":[{"href":"https:\/\/maailmanmuutos.org\/index.php\/wp-json\/wp\/v2\/media?parent=1895"}],"curies":[{"name":"wp","href":"https:\/\/api.w.org\/{rel}","templated":true}]}}

<div id='full_slider_1'  class='avia-fullwidth-slider main_color avia-shadow   avia-builder-el-0  el_before_av_one_full  avia-builder-el-first   container_wrap sidebar_right'  >
<style type="text/css" data-created_by="avia_inline_auto" id="style-css-av-kd4hz9nx-fb331aa0faaa9c578e2f07ccc45f5aa0">
#top #wrap_all .avia-slideshow .av-slideshow-caption.av-kd4hz9nx-fb331aa0faaa9c578e2f07ccc45f5aa0__0 .avia-caption-title{
font-size:22px;
}
#top .avia-slideshow .av-slideshow-caption.av-kd4hz9nx-fb331aa0faaa9c578e2f07ccc45f5aa0__0 .avia-caption-content{
font-size:14px;
}
#top .avia-slideshow .av-slideshow-caption.av-kd4hz9nx-fb331aa0faaa9c578e2f07ccc45f5aa0__0 .avia-caption-content p{
font-size:14px;
}

@media only screen and (min-width: 768px) and (max-width: 989px){ 
#top #wrap_all .avia-slideshow .av-slideshow-caption.av-kd4hz9nx-fb331aa0faaa9c578e2f07ccc45f5aa0__0 .avia-caption-title{
font-size:16px;
}
#top .avia-slideshow .av-slideshow-caption.av-kd4hz9nx-fb331aa0faaa9c578e2f07ccc45f5aa0__0 .avia-caption-content{
font-size:16px;
}
#top .avia-slideshow .av-slideshow-caption.av-kd4hz9nx-fb331aa0faaa9c578e2f07ccc45f5aa0__0 .avia-caption-content p{
font-size:16px;
}
}

@media only screen and (min-width: 480px) and (max-width: 767px){ 
#top #wrap_all .avia-slideshow .av-slideshow-caption.av-kd4hz9nx-fb331aa0faaa9c578e2f07ccc45f5aa0__0 .avia-caption-title{
font-size:14px;
}
#top .avia-slideshow .av-slideshow-caption.av-kd4hz9nx-fb331aa0faaa9c578e2f07ccc45f5aa0__0 .avia-caption-content{
font-size:14px;
}
#top .avia-slideshow .av-slideshow-caption.av-kd4hz9nx-fb331aa0faaa9c578e2f07ccc45f5aa0__0 .avia-caption-content p{
font-size:14px;
}
}

@media only screen and (max-width: 479px){ 
#top #wrap_all .avia-slideshow .av-slideshow-caption.av-kd4hz9nx-fb331aa0faaa9c578e2f07ccc45f5aa0__0 .avia-caption-title{
display:none;
}
#top .avia-slideshow .av-slideshow-caption.av-kd4hz9nx-fb331aa0faaa9c578e2f07ccc45f5aa0__0 .avia-caption-content{
display:none;
}
#top .avia-slideshow .av-slideshow-caption.av-kd4hz9nx-fb331aa0faaa9c578e2f07ccc45f5aa0__0 .avia-caption-content p{
display:none;
}
}
</style>
<div  class='avia-slideshow av-kd4hz9nx-fb331aa0faaa9c578e2f07ccc45f5aa0 avia-slideshow-featured av_slideshow_full avia-slide-slider av-slideshow-ui av-control-default av-slideshow-manual av-loop-once av-loop-manual-endless av-default-height-applied   avia-slideshow-1' data-slideshow-options="{&quot;animation&quot;:&quot;slide&quot;,&quot;autoplay&quot;:false,&quot;loop_autoplay&quot;:&quot;once&quot;,&quot;interval&quot;:5,&quot;loop_manual&quot;:&quot;manual-endless&quot;,&quot;autoplay_stopper&quot;:false,&quot;noNavigation&quot;:false,&quot;bg_slider&quot;:false,&quot;keep_padding&quot;:false,&quot;hoverpause&quot;:false,&quot;show_slide_delay&quot;:0}"  itemprop="image" itemscope="itemscope" itemtype="https://schema.org/ImageObject" ><ul class='avia-slideshow-inner ' style='padding-bottom: 28.72411489646%;'><li  class='avia-slideshow-slide av-kd4hz9nx-fb331aa0faaa9c578e2f07ccc45f5aa0__0  av-single-slide slide-1 slide-odd'><div data-rel='slideshow-1' class='avia-slide-wrap '   ><img decoding="async" fetchpriority="high" class="wp-image-3739 avia-img-lazy-loading-not-3739"  src="https://maailmanmuutos.org/wp-content/uploads/2023/08/vanhanen-2006-eu.jpg" width="1497" height="430" title='kuvituskuvat' alt=''  itemprop="thumbnailUrl" srcset="https://maailmanmuutos.org/wp-content/uploads/2023/08/vanhanen-2006-eu.jpg 1500w, https://maailmanmuutos.org/wp-content/uploads/2023/08/vanhanen-2006-eu-800x230.jpg 800w, https://maailmanmuutos.org/wp-content/uploads/2023/08/vanhanen-2006-eu-120x34.jpg 120w, https://maailmanmuutos.org/wp-content/uploads/2023/08/vanhanen-2006-eu-768x221.jpg 768w, https://maailmanmuutos.org/wp-content/uploads/2023/08/vanhanen-2006-eu-705x203.jpg 705w" sizes="(max-width: 1497px) 100vw, 1497px" /></div></li></ul></div></div><div id='after_full_slider_1'  class='main_color av_default_container_wrap container_wrap sidebar_right'  ><div class='container av-section-cont-open' ><div class='template-page content  av-content-small alpha units'><div class='post-entry post-entry-type-page post-entry-1895'><div class='entry-content-wrapper clearfix'>

<style type="text/css" data-created_by="avia_inline_auto" id="style-css-av-5spn6-3d3e8ead61d02f87ad7c9f2fc625dc24">
.flex_column.av-5spn6-3d3e8ead61d02f87ad7c9f2fc625dc24{
border-radius:0px 0px 0px 0px;
padding:0px 0px 0px 0px;
}
</style>
<div  class='flex_column av-5spn6-3d3e8ead61d02f87ad7c9f2fc625dc24 av_one_full  avia-builder-el-1  el_after_av_slideshow_full  avia-builder-el-no-sibling  first flex_column_div av-zero-column-padding  '     ><p>
<style type="text/css" data-created_by="avia_inline_auto" id="style-css-av-av_heading-29c381df7961cc6964de65c5d0dec0ca">
#top .av-special-heading.av-av_heading-29c381df7961cc6964de65c5d0dec0ca{
padding-bottom:10px;
}
body .av-special-heading.av-av_heading-29c381df7961cc6964de65c5d0dec0ca .av-special-heading-tag .heading-char{
font-size:25px;
}
.av-special-heading.av-av_heading-29c381df7961cc6964de65c5d0dec0ca .av-subheading{
font-size:15px;
}
</style>
<div  class='av-special-heading av-av_heading-29c381df7961cc6964de65c5d0dec0ca av-special-heading-h1  avia-builder-el-2  el_before_av_hr  avia-builder-el-first '><h1 class='av-special-heading-tag'  itemprop="headline"  >Suomen puheenjohtajakausi 2006 </h1><div class="special-heading-border"><div class="special-heading-inner-border"></div></div></div><br />

<style type="text/css" data-created_by="avia_inline_auto" id="style-css-av-llcvsho6-fdccb07b3c1e246b1e7e0e2d83506aed">
#top .hr.hr-invisible.av-llcvsho6-fdccb07b3c1e246b1e7e0e2d83506aed{
height:50px;
}
</style>
<div  class='hr av-llcvsho6-fdccb07b3c1e246b1e7e0e2d83506aed hr-invisible  avia-builder-el-3  el_after_av_heading  el_before_av_textblock '><span class='hr-inner '><span class="hr-inner-style"></span></span></div><br />
<section  class='av_textblock_section av-lezr0od0-94e7bd8ef786eea3c9a8d27065495667 '   itemscope="itemscope" itemtype="https://schema.org/CreativeWork" ><div class='avia_textblock'  itemprop="text" ><p><em><strong>Valmistautuminen</strong></em></p>
<p>Valmistelut kesällä 2006 alkanutta Suomen puheenjohtajakautta varten tehtiin jälleen huolella. Näihin kuului hallinnon koulutusta EU-asioihin ja virkamiesten työtehtävien järjestelyä sekä asialistan hiomista. Yhteistyötä tehtiin erityisesti kevätkauden puheenjohtajan Itävallan kanssa.</p>
<p><em><strong>Asialistaa</strong></em></p>
<p>Eurooppa-tiedotuksen kesäkuussa laatimassa tiedotteessa nostettiin puheenjohtajakaudella käsiteltävinä asioina esille tarpeet sopeutua globalisaatioon, kilpailukyvyn parantaminen, väestön ikääntymisen ongelmat, ilmastonmuutos ja Euroopan turvallisuuskysymykset. Lisäksi haluttiin edistää unionin toiminnan avoimuutta ja päätöksenteon tehokkuutta sekä parantaa unionin lainsäädännön laatua. Todettiin myös tavoitteeksi pitää perustuslakisopimuksen vahvistamisprosessi käynnissä.</p>
<p><em><strong>Yllättävä kriisitilanne</strong></em></p>
<p>Heti Suomen puheenjohtajakauden alussa kärjistyi 12. heinäkuuta 2006 Israelin ja Hizbollah- järjestön välinen konflikti välikohtauksista Etelä-Libanonissa ja johti parissa päivässä avoimeen sotaan. Israel pommitti koko Libanonin alueen kohteita, jolloin ulkomaiden kansalaisten evakuointi tuli kiireelliseksi. EU järjesti oman evakuointinsa tukeutuen pääasiassa lähimpään jäsenmaahansa Kyprokseen. Puheenjohtajamaan velvollisuuksiin kuului näiden toimien vaatiman päätöksenteon järjestäminen.</p>
<p><em><strong>Aselevon valvonta</strong></em></p>
<p>YK sai lopulta aikaan aselevon ja valtuutti 11. elokuuta Libanonissa olevien 2 000 sotilaan vahvuisten UNIFIL-joukkojen laajentamisen 15 000 rauhanturvaajan vahvuuteen. Ranska oli tässä keskeinen tekijä, ja myös muut EU-maat, Suomi mukaan luettuna, lupasivat rauhanturvajoukkoja Libanoniin. Suomesta lähti tehtävään runsaan 200 sotilaan rauhanturvaosasto. EU:n toimintamahdollisuudet Israelia vastaan olivat rajoitetut etenkin sen Yhdysvalloilta saaman vahvan tuen vuoksi, mutta toisaalta EU kykeni vaikuttamaan aselevon aikaansaamiseen ja tilanteen vakauttamiseen sodan jälkeen.</p>
<p><em><strong>Perustuslakiesitys kariutui</strong></em></p>
<p>Suomen puheenjohtajakauden lopulla 14-15. joulukuuta Brysseliin kokoontuneet EU:n valtioiden ja hallitusten päämiehet keskustelivat laajentumispolitiikasta sekä yhteistyöstä oikeus- ja sisäasioissa. Eniten huolta kuitenkin aiheutti Ranskan ja Hollannin kansanäänestyksissä kariutuneen perustuslakiesityksen tulevaisuus. Siihen ei Suomen voimilla voitu mitenkään vaikuttaa.</p>
</div></section></p></div>
