{"id":2759,"date":"2023-07-06T15:35:43","date_gmt":"2023-07-06T15:35:43","guid":{"rendered":"https:\/\/maailmanmuutos.org\/?page_id=2759"},"modified":"2023-09-22T12:28:43","modified_gmt":"2023-09-22T12:28:43","slug":"alkuperainen-toteutus-ja-tukijat","status":"publish","type":"page","link":"https:\/\/maailmanmuutos.org\/index.php\/info\/alkuperainen-toteutus-ja-tukijat\/","title":{"rendered":"Alkuper\u00e4inen toteutus ja tukijat"},"content":{"rendered":"<div id='full_slider_1'  class='avia-fullwidth-slider main_color avia-shadow   avia-builder-el-0  el_before_av_one_full  avia-builder-el-first   container_wrap sidebar_right'  >\n<style type=\"text\/css\" data-created_by=\"avia_inline_auto\" id=\"style-css-av-kd4hz9nx-fb331aa0faaa9c578e2f07ccc45f5aa0\">\n#top #wrap_all .avia-slideshow .av-slideshow-caption.av-kd4hz9nx-fb331aa0faaa9c578e2f07ccc45f5aa0__0 .avia-caption-title{\nfont-size:22px;\n}\n#top .avia-slideshow .av-slideshow-caption.av-kd4hz9nx-fb331aa0faaa9c578e2f07ccc45f5aa0__0 .avia-caption-content{\nfont-size:14px;\n}\n#top .avia-slideshow .av-slideshow-caption.av-kd4hz9nx-fb331aa0faaa9c578e2f07ccc45f5aa0__0 .avia-caption-content p{\nfont-size:14px;\n}\n\n@media only screen and (min-width: 768px) and (max-width: 989px){ \n#top #wrap_all .avia-slideshow .av-slideshow-caption.av-kd4hz9nx-fb331aa0faaa9c578e2f07ccc45f5aa0__0 .avia-caption-title{\nfont-size:16px;\n}\n#top .avia-slideshow .av-slideshow-caption.av-kd4hz9nx-fb331aa0faaa9c578e2f07ccc45f5aa0__0 .avia-caption-content{\nfont-size:16px;\n}\n#top .avia-slideshow .av-slideshow-caption.av-kd4hz9nx-fb331aa0faaa9c578e2f07ccc45f5aa0__0 .avia-caption-content p{\nfont-size:16px;\n}\n}\n\n@media only screen and (min-width: 480px) and (max-width: 767px){ \n#top #wrap_all .avia-slideshow .av-slideshow-caption.av-kd4hz9nx-fb331aa0faaa9c578e2f07ccc45f5aa0__0 .avia-caption-title{\nfont-size:14px;\n}\n#top .avia-slideshow .av-slideshow-caption.av-kd4hz9nx-fb331aa0faaa9c578e2f07ccc45f5aa0__0 .avia-caption-content{\nfont-size:14px;\n}\n#top .avia-slideshow .av-slideshow-caption.av-kd4hz9nx-fb331aa0faaa9c578e2f07ccc45f5aa0__0 .avia-caption-content p{\nfont-size:14px;\n}\n}\n\n@media only screen and (max-width: 479px){ \n#top #wrap_all .avia-slideshow .av-slideshow-caption.av-kd4hz9nx-fb331aa0faaa9c578e2f07ccc45f5aa0__0 .avia-caption-title{\ndisplay:none;\n}\n#top .avia-slideshow .av-slideshow-caption.av-kd4hz9nx-fb331aa0faaa9c578e2f07ccc45f5aa0__0 .avia-caption-content{\ndisplay:none;\n}\n#top .avia-slideshow .av-slideshow-caption.av-kd4hz9nx-fb331aa0faaa9c578e2f07ccc45f5aa0__0 .avia-caption-content p{\ndisplay:none;\n}\n}\n<\/style>\n<div  class='avia-slideshow av-kd4hz9nx-fb331aa0faaa9c578e2f07ccc45f5aa0 avia-slideshow-featured av_slideshow_full avia-slide-slider av-slideshow-ui av-control-default av-slideshow-manual av-loop-once av-loop-manual-endless av-default-height-applied   avia-slideshow-1' data-slideshow-options=\"{&quot;animation&quot;:&quot;slide&quot;,&quot;autoplay&quot;:false,&quot;loop_autoplay&quot;:&quot;once&quot;,&quot;interval&quot;:5,&quot;loop_manual&quot;:&quot;manual-endless&quot;,&quot;autoplay_stopper&quot;:false,&quot;noNavigation&quot;:false,&quot;bg_slider&quot;:false,&quot;keep_padding&quot;:false,&quot;hoverpause&quot;:false,&quot;show_slide_delay&quot;:0}\"  itemprop=\"image\" itemscope=\"itemscope\" itemtype=\"https:\/\/schema.org\/ImageObject\" ><ul class='avia-slideshow-inner ' style='padding-bottom: 28.666666666667%;'><li  class='avia-slideshow-slide av-kd4hz9nx-fb331aa0faaa9c578e2f07ccc45f5aa0__0  av-single-slide slide-1 slide-odd'><div data-rel='slideshow-1' class='avia-slide-wrap '   ><img decoding=\"async\" fetchpriority=\"high\" class=\"wp-image-4057 avia-img-lazy-loading-not-4057\"  src=\"https:\/\/maailmanmuutos.org\/wp-content\/uploads\/2023\/08\/dia_05.jpg\" width=\"1500\" height=\"430\" title='dia_05' alt=''  itemprop=\"thumbnailUrl\" srcset=\"https:\/\/maailmanmuutos.org\/wp-content\/uploads\/2023\/08\/dia_05.jpg 1500w, https:\/\/maailmanmuutos.org\/wp-content\/uploads\/2023\/08\/dia_05-800x229.jpg 800w, https:\/\/maailmanmuutos.org\/wp-content\/uploads\/2023\/08\/dia_05-120x34.jpg 120w, https:\/\/maailmanmuutos.org\/wp-content\/uploads\/2023\/08\/dia_05-768x220.jpg 768w, https:\/\/maailmanmuutos.org\/wp-content\/uploads\/2023\/08\/dia_05-705x202.jpg 705w\" sizes=\"(max-width: 1500px) 100vw, 1500px\" \/><\/div><\/li><\/ul><\/div><\/div><div id='after_full_slider_1'  class='main_color av_default_container_wrap container_wrap sidebar_right'  ><div class='container av-section-cont-open' ><div class='template-page content  av-content-small alpha units'><div class='post-entry post-entry-type-page post-entry-2759'><div class='entry-content-wrapper clearfix'>\n\n<style type=\"text\/css\" data-created_by=\"avia_inline_auto\" id=\"style-css-av-5spn6-3d3e8ead61d02f87ad7c9f2fc625dc24\">\n.flex_column.av-5spn6-3d3e8ead61d02f87ad7c9f2fc625dc24{\nborder-radius:0px 0px 0px 0px;\npadding:0px 0px 0px 0px;\n}\n<\/style>\n<div  class='flex_column av-5spn6-3d3e8ead61d02f87ad7c9f2fc625dc24 av_one_full  avia-builder-el-1  el_after_av_slideshow_full  avia-builder-el-no-sibling  first flex_column_div av-zero-column-padding  '     ><p>\n<style type=\"text\/css\" data-created_by=\"avia_inline_auto\" id=\"style-css-av-av_heading-34a0fd011526b672741dfd54a214758b\">\n#top .av-special-heading.av-av_heading-34a0fd011526b672741dfd54a214758b{\npadding-bottom:10px;\n}\nbody .av-special-heading.av-av_heading-34a0fd011526b672741dfd54a214758b .av-special-heading-tag .heading-char{\nfont-size:25px;\n}\n.av-special-heading.av-av_heading-34a0fd011526b672741dfd54a214758b .av-subheading{\nfont-size:15px;\n}\n<\/style>\n<div  class='av-special-heading av-av_heading-34a0fd011526b672741dfd54a214758b av-special-heading-h1  avia-builder-el-2  el_before_av_textblock  avia-builder-el-first '><h1 class='av-special-heading-tag'  itemprop=\"headline\"  >Alkuper\u00e4inen toteutus ja tukijat<\/h1><div class=\"special-heading-border\"><div class=\"special-heading-inner-border\"><\/div><\/div><\/div><br \/>\n<section  class='av_textblock_section av-lezr0od0-94e7bd8ef786eea3c9a8d27065495667 '   itemscope=\"itemscope\" itemtype=\"https:\/\/schema.org\/CreativeWork\" ><div class='avia_textblock'  itemprop=\"text\" ><p><em><strong>Tuottaja:<\/strong><\/em><\/p>\n<p>Kadettikunta ry<\/p>\n<p>Hankkeen tuottaja Kadettikunnan p\u00e4\u00e4sihteeri, eversti Juha Tammikivi<br \/>\nHankkeen johtaja eversti Pekka Rapila<br \/>\nK\u00e4sikirjoitus VTT, eversti Pekka Visuri<br \/>\nMultimediak\u00e4sikirjoitus everstiluutnantti Arto Kotro\u00a0ja eversti Hannu Aikio<\/p>\n<p><em><strong>Tuotantoyhti\u00f6:<\/strong><\/em><\/p>\n<p>Nero&amp;Progress Oy, Aarno Unkila<\/p>\n<p><em><strong>Projektiorganisaatio:<\/strong><\/em><\/p>\n<p><em><strong>Johtoryhm\u00e4 (linjaukset):<\/strong><\/em><\/p>\n<p>Puheenjohtaja Kadettikunnan puheenjohtaja, kenraalimajuri Juha-Pekka Liikola<\/p>\n<p>J\u00e4senet:<\/p>\n<p>VTT Klaus T\u00f6rnudd<br \/>\nOpetusneuvos Kristina Kaihari-Salminen OPH<br \/>\nPuheenjohtaja Riitta Mikkola HYOL<br \/>\nVTT, eversti Pekka Visuri<br \/>\nEversti Pekka Rapila<br \/>\nKadettikunnan p\u00e4\u00e4sihteeri, eversti Juha Tammikivi<\/p>\n<p><em><strong>Asiantuntijaryhm\u00e4 (sis\u00e4lt\u00f6):<\/strong><\/em><\/p>\n<p>Puheenjohtaja VTT Klaus T\u00f6rnudd<\/p>\n<p>J\u00e4senet:<\/p>\n<p>Professori Timo Soikkanen, Turun Yliopisto<br \/>\nProfessori Tuomas Forsberg, Tampereen yliopisto<br \/>\nFT Hanna Ojanen, UPI, Tukholma tutkimusjohtaja<br \/>\nKT Matti Nojonen, UPI<br \/>\nPhD Juha Jokela, UPI<br \/>\nVTT, kenraalimajuri Vesa Tynkkynen, MPKK<br \/>\nVTT, kenraalimajuri Pertti Salminen<br \/>\nHistorianopettaja Petter Wallenius, HYOL<br \/>\nHistorianopettaja Merja Kukkola, HYOL<\/p>\n<p><em><strong>Projektiryhm\u00e4 (toteutus):<\/strong><\/em><\/p>\n<p>Puheenjohtaja eversti Pekka Rapila, Kadettikunta<\/p>\n<p>J\u00e4senet:<\/p>\n<p>Opetusneuvos Kristina Kaihari-Salminen, OPH<br \/>\nHistorian opettaja Vesa Viherv\u00e4, HYOL<br \/>\nDosentti, eversti Pekka Visuri, Kadettikunta (k\u00e4sikirjoittaja)<br \/>\nEverstiluutnantti Arto Kotro, Kadettikunta (multimediak\u00e4sikirjoittaja)<br \/>\nEversti Hannu Aikio, Kadettikunta (multimediak\u00e4sikirjoittaja)<br \/>\nEversti Juha Tammikivi, Kadettikunta (sihteeri, tuottaja)<br \/>\nAarno Unkila, Nero&amp;Progress Oy (multimediasuunnittelu ja -toteutus, sivustoarkkitehtuuri, graafinen \u00a0suunnittelu, kuvitus ja kuvan k\u00e4sittely, videoleikkeet; suunnittelu, -ohjaus, -leikkaus ja kohdistus ohjelmaan sek\u00e4 \u00e4\u00e4ni (selostus); suunnittelu, -leikkaus ja kohdistus)<br \/>\nTuukka Haapaniemi (selostus)<\/p>\n<p><em><strong>Yhteisty\u00f6kumppanit:<\/strong><\/em><\/p>\n<p>Opetushallitus<br \/>\nHistorian ja yhteiskuntaopin opettajien liitto HYOL<br \/>\nYleisradio<br \/>\nWSOY<br \/>\nWikipedia<\/p>\n<p><em><strong>Tukijat:<\/strong><\/em><\/p>\n<p>Jenny ja Antti Wihurin Rahasto<br \/>\nMaanpuolustuksen Kannatuss\u00e4\u00e4ti\u00f6<br \/>\nPuolustusvoimien Tukis\u00e4\u00e4ti\u00f6<br \/>\nSotavahinkos\u00e4\u00e4ti\u00f6<br \/>\nSuomen Kulttuurirahasto<br \/>\nSuomen marsalkka Mannerheimin Sotatieteellinen rahasto<br \/>\nUlkoministeri\u00f6<br \/>\nUuden P\u00e4iv\u00e4n Rahasto<\/p>\n<p style=\"text-align: center;\">***<\/p>\n<p><em><strong>P\u00e4ivitys 2023<\/strong><\/em><\/p>\n<p>\u201dMaailman muutos ja Suomi 1990-2010\u201d julkaistiin vuonna 2011 monipuolisena multimediaoppimisymp\u00e4rist\u00f6n\u00e4 ja tietopankkina opetuksen tueksi. Vuonna 2023 toteutetussa p\u00e4ivityksess\u00e4 alkuper\u00e4inen materiaali vietiin uuteen alustaan nettisivustoksi.\u00a0 Tietopankin materiaali ryhmiteltiin uudelleen mm. alavalikkoja yhdist\u00e4m\u00e4ll\u00e4 luettavuuden ja selaamisen helpottamiseksi. My\u00f6s kuvamateriaalia uusittiin sivujen el\u00e4v\u00f6itt\u00e4miseksi. P\u00e4ivityksen toteutuksesta vastasivat AD Nikolai Ylirotu (Sarvikuono Design) ja Kadettikunnan verkkotoimittaja everstiluutnantti evp Kari Sainio.<\/p>\n<p><em><strong>Tukijat:<\/strong><\/em><\/p>\n<p>Jenny ja Antti Wihurin rahasto<br \/>\nMaanpuolustuksen kannatuss\u00e4\u00e4ti\u00f6<br \/>\nPuolustusvoimien Tukis\u00e4\u00e4ti\u00f6<br \/>\nTurvallisuuden tukis\u00e4\u00e4ti\u00f6<br \/>\nUrlus s\u00e4\u00e4ti\u00f6<br \/>\nUuden P\u00e4iv\u00e4n rahasto<\/p>\n<\/div><\/section><\/p><\/div>\n","protected":false},"excerpt":{"rendered":"","protected":false},"author":1,"featured_media":0,"parent":608,"menu_order":5,"comment_status":"closed","ping_status":"closed","template":"","meta":{"footnotes":""},"class_list":["post-2759","page","type-page","status-publish","hentry"],"_links":{"self":[{"href":"https:\/\/maailmanmuutos.org\/index.php\/wp-json\/wp\/v2\/pages\/2759","targetHints":{"allow":["GET"]}}],"collection":[{"href":"https:\/\/maailmanmuutos.org\/index.php\/wp-json\/wp\/v2\/pages"}],"about":[{"href":"https:\/\/maailmanmuutos.org\/index.php\/wp-json\/wp\/v2\/types\/page"}],"author":[{"embeddable":true,"href":"https:\/\/maailmanmuutos.org\/index.php\/wp-json\/wp\/v2\/users\/1"}],"replies":[{"embeddable":true,"href":"https:\/\/maailmanmuutos.org\/index.php\/wp-json\/wp\/v2\/comments?post=2759"}],"version-history":[{"count":11,"href":"https:\/\/maailmanmuutos.org\/index.php\/wp-json\/wp\/v2\/pages\/2759\/revisions"}],"predecessor-version":[{"id":4426,"href":"https:\/\/maailmanmuutos.org\/index.php\/wp-json\/wp\/v2\/pages\/2759\/revisions\/4426"}],"up":[{"embeddable":true,"href":"https:\/\/maailmanmuutos.org\/index.php\/wp-json\/wp\/v2\/pages\/608"}],"wp:attachment":[{"href":"https:\/\/maailmanmuutos.org\/index.php\/wp-json\/wp\/v2\/media?parent=2759"}],"curies":[{"name":"wp","href":"https:\/\/api.w.org\/{rel}","templated":true}]}}