{"id":637,"date":"2023-03-08T14:20:10","date_gmt":"2023-03-08T14:20:10","guid":{"rendered":"http:\/\/us.ylirotu.fi\/?page_id=637"},"modified":"2023-08-17T07:54:35","modified_gmt":"2023-08-17T07:54:35","slug":"maailmansodan-voittajien-maailmanjarjestys","status":"publish","type":"page","link":"https:\/\/maailmanmuutos.org\/index.php\/kylmasta-sodasta-2000-luvulle\/kylman-sodan-paatosvaihe\/syyt-kylman-sodan-paattymiseen\/maailmansodan-voittajien-maailmanjarjestys\/","title":{"rendered":"Maailmansodan voittajien maailmanj\u00e4rjestys"},"content":{"rendered":"<div id='full_slider_1'  class='avia-fullwidth-slider main_color avia-shadow   avia-builder-el-0  el_before_av_one_full  avia-builder-el-first   container_wrap sidebar_right'  >\n<style type=\"text\/css\" data-created_by=\"avia_inline_auto\" id=\"style-css-av-kd4hz9nx-fb331aa0faaa9c578e2f07ccc45f5aa0\">\n#top #wrap_all .avia-slideshow .av-slideshow-caption.av-kd4hz9nx-fb331aa0faaa9c578e2f07ccc45f5aa0__0 .avia-caption-title{\nfont-size:22px;\n}\n#top .avia-slideshow .av-slideshow-caption.av-kd4hz9nx-fb331aa0faaa9c578e2f07ccc45f5aa0__0 .avia-caption-content{\nfont-size:14px;\n}\n#top .avia-slideshow .av-slideshow-caption.av-kd4hz9nx-fb331aa0faaa9c578e2f07ccc45f5aa0__0 .avia-caption-content p{\nfont-size:14px;\n}\n\n@media only screen and (min-width: 768px) and (max-width: 989px){ \n#top #wrap_all .avia-slideshow .av-slideshow-caption.av-kd4hz9nx-fb331aa0faaa9c578e2f07ccc45f5aa0__0 .avia-caption-title{\nfont-size:16px;\n}\n#top .avia-slideshow .av-slideshow-caption.av-kd4hz9nx-fb331aa0faaa9c578e2f07ccc45f5aa0__0 .avia-caption-content{\nfont-size:16px;\n}\n#top .avia-slideshow .av-slideshow-caption.av-kd4hz9nx-fb331aa0faaa9c578e2f07ccc45f5aa0__0 .avia-caption-content p{\nfont-size:16px;\n}\n}\n\n@media only screen and (min-width: 480px) and (max-width: 767px){ \n#top #wrap_all .avia-slideshow .av-slideshow-caption.av-kd4hz9nx-fb331aa0faaa9c578e2f07ccc45f5aa0__0 .avia-caption-title{\nfont-size:14px;\n}\n#top .avia-slideshow .av-slideshow-caption.av-kd4hz9nx-fb331aa0faaa9c578e2f07ccc45f5aa0__0 .avia-caption-content{\nfont-size:14px;\n}\n#top .avia-slideshow .av-slideshow-caption.av-kd4hz9nx-fb331aa0faaa9c578e2f07ccc45f5aa0__0 .avia-caption-content p{\nfont-size:14px;\n}\n}\n\n@media only screen and (max-width: 479px){ \n#top #wrap_all .avia-slideshow .av-slideshow-caption.av-kd4hz9nx-fb331aa0faaa9c578e2f07ccc45f5aa0__0 .avia-caption-title{\ndisplay:none;\n}\n#top .avia-slideshow .av-slideshow-caption.av-kd4hz9nx-fb331aa0faaa9c578e2f07ccc45f5aa0__0 .avia-caption-content{\ndisplay:none;\n}\n#top .avia-slideshow .av-slideshow-caption.av-kd4hz9nx-fb331aa0faaa9c578e2f07ccc45f5aa0__0 .avia-caption-content p{\ndisplay:none;\n}\n}\n<\/style>\n<div  class='avia-slideshow av-kd4hz9nx-fb331aa0faaa9c578e2f07ccc45f5aa0 avia-slideshow-featured av_slideshow_full avia-slide-slider av-slideshow-ui av-control-default av-slideshow-manual av-loop-once av-loop-manual-endless av-default-height-applied   avia-slideshow-1' data-slideshow-options=\"{&quot;animation&quot;:&quot;slide&quot;,&quot;autoplay&quot;:false,&quot;loop_autoplay&quot;:&quot;once&quot;,&quot;interval&quot;:5,&quot;loop_manual&quot;:&quot;manual-endless&quot;,&quot;autoplay_stopper&quot;:false,&quot;noNavigation&quot;:false,&quot;bg_slider&quot;:false,&quot;keep_padding&quot;:false,&quot;hoverpause&quot;:false,&quot;show_slide_delay&quot;:0}\"  itemprop=\"image\" itemscope=\"itemscope\" itemtype=\"https:\/\/schema.org\/ImageObject\" ><ul class='avia-slideshow-inner ' style='padding-bottom: 28.666666666667%;'><li  class='avia-slideshow-slide av-kd4hz9nx-fb331aa0faaa9c578e2f07ccc45f5aa0__0  av-single-slide slide-1 slide-odd'><div data-rel='slideshow-1' class='avia-slide-wrap '   ><img decoding=\"async\" fetchpriority=\"high\" class=\"wp-image-2842 avia-img-lazy-loading-not-2842\"  src=\"https:\/\/maailmanmuutos.org\/wp-content\/uploads\/2023\/08\/maailman-sodanvoittajien-jarjestys-1500x430.jpg\" width=\"1500\" height=\"430\" title='maailman sodanvoittajien j\u00e4rjestys' alt=''  itemprop=\"thumbnailUrl\" srcset=\"https:\/\/maailmanmuutos.org\/wp-content\/uploads\/2023\/08\/maailman-sodanvoittajien-jarjestys-1500x431.jpg 1500w, https:\/\/maailmanmuutos.org\/wp-content\/uploads\/2023\/08\/maailman-sodanvoittajien-jarjestys-800x230.jpg 800w, https:\/\/maailmanmuutos.org\/wp-content\/uploads\/2023\/08\/maailman-sodanvoittajien-jarjestys-120x34.jpg 120w, https:\/\/maailmanmuutos.org\/wp-content\/uploads\/2023\/08\/maailman-sodanvoittajien-jarjestys-768x220.jpg 768w, https:\/\/maailmanmuutos.org\/wp-content\/uploads\/2023\/08\/maailman-sodanvoittajien-jarjestys-1536x441.jpg 1536w, https:\/\/maailmanmuutos.org\/wp-content\/uploads\/2023\/08\/maailman-sodanvoittajien-jarjestys-705x202.jpg 705w, https:\/\/maailmanmuutos.org\/wp-content\/uploads\/2023\/08\/maailman-sodanvoittajien-jarjestys.jpg 2000w\" sizes=\"(max-width: 1500px) 100vw, 1500px\" \/><\/div><\/li><\/ul><\/div><\/div><div id='after_full_slider_1'  class='main_color av_default_container_wrap container_wrap sidebar_right'  ><div class='container av-section-cont-open' ><div class='template-page content  av-content-small alpha units'><div class='post-entry post-entry-type-page post-entry-637'><div class='entry-content-wrapper clearfix'>\n\n<style type=\"text\/css\" data-created_by=\"avia_inline_auto\" id=\"style-css-av-5spn6-3d3e8ead61d02f87ad7c9f2fc625dc24\">\n.flex_column.av-5spn6-3d3e8ead61d02f87ad7c9f2fc625dc24{\nborder-radius:0px 0px 0px 0px;\npadding:0px 0px 0px 0px;\n}\n<\/style>\n<div  class='flex_column av-5spn6-3d3e8ead61d02f87ad7c9f2fc625dc24 av_one_full  avia-builder-el-1  el_after_av_slideshow_full  avia-builder-el-no-sibling  first flex_column_div av-zero-column-padding  '     ><p>\n<style type=\"text\/css\" data-created_by=\"avia_inline_auto\" id=\"style-css-av-av_heading-e6e91bf7b9e42f3e06f0665599e71c3a\">\n#top .av-special-heading.av-av_heading-e6e91bf7b9e42f3e06f0665599e71c3a{\npadding-bottom:10px;\n}\nbody .av-special-heading.av-av_heading-e6e91bf7b9e42f3e06f0665599e71c3a .av-special-heading-tag .heading-char{\nfont-size:25px;\n}\n.av-special-heading.av-av_heading-e6e91bf7b9e42f3e06f0665599e71c3a .av-subheading{\nfont-size:15px;\n}\n<\/style>\n<div  class='av-special-heading av-av_heading-e6e91bf7b9e42f3e06f0665599e71c3a av-special-heading-h2  avia-builder-el-2  el_before_av_hr  avia-builder-el-first '><h2 class='av-special-heading-tag'  itemprop=\"headline\"  >Maailmansodan voittajien maailmanj\u00e4rjestys<\/h2><div class=\"special-heading-border\"><div class=\"special-heading-inner-border\"><\/div><\/div><\/div><br \/>\n\n<style type=\"text\/css\" data-created_by=\"avia_inline_auto\" id=\"style-css-av-llev818i-5dc256de64acb445ae8324912c469939\">\n#top .hr.hr-invisible.av-llev818i-5dc256de64acb445ae8324912c469939{\nheight:50px;\n}\n<\/style>\n<div  class='hr av-llev818i-5dc256de64acb445ae8324912c469939 hr-invisible  avia-builder-el-3  el_after_av_heading  el_before_av_textblock '><span class='hr-inner '><span class=\"hr-inner-style\"><\/span><\/span><\/div><br \/>\n<section  class='av_textblock_section av-lezr0od0-94e7bd8ef786eea3c9a8d27065495667 '   itemscope=\"itemscope\" itemtype=\"https:\/\/schema.org\/CreativeWork\" ><div class='avia_textblock'  itemprop=\"text\" ><p><em><strong>Kansainv\u00e4liset organisaatiot<\/strong><\/em><\/p>\n<p>Toisen maailmansodan voittajat sanelivat puitteet kansainv\u00e4lisille organisaatioille, joista t\u00e4rkein on edelleen YK. Siihen ei aluksi edes kelpuutettu mukaan sodassa h\u00e4vinneit\u00e4 valtioita, Saksaa ja Japania liittolaisineen. YK:n turvallisuusneuvoston kokoonpano ja toimintaperiaate kuvastavat yh\u00e4 voittaneiden suurvaltojen vanhaa valta-asemaa.<\/p>\n<p>Kansainv\u00e4listen taloudellisten organisaatioiden muodostamisessa eniten sananvaltaa oli Yhdysvalloilla. Sen merkitt\u00e4v\u00e4 vaikutus p\u00e4\u00e4t\u00f6ksentekoon on ollut n\u00e4ht\u00e4viss\u00e4 muun muassa Kansainv\u00e4lisess\u00e4 valuuttarahastossa ja Maailmanpankissa.<\/p>\n<p><em><strong>Kylm\u00e4n sodan &#8221;maailmanj\u00e4rjestyksen&#8221; muuttuminen<\/strong><\/em><\/p>\n<p class=\"Leipa_teksti2\">Yleist\u00e4en voidaan todeta, ett\u00e4 koko kylm\u00e4n sodan ajan vallinnut \u201dmaailmanj\u00e4rjestys\u201d oli maailmansodan voittajien luomus, vaikka niiden riitautuminen ja ajautuminen kylm\u00e4\u00e4n sotaan muovasi siit\u00e4 my\u00f6s kahden vastakkaisen blokin j\u00e4rjestelm\u00e4n. Ajan my\u00f6t\u00e4 \u201dvoittajan oikeuden\u201d poliittinen hyv\u00e4ksytt\u00e4vyys eli legitimiteetti alkoi heikenty\u00e4 yh\u00e4 enemm\u00e4n.<\/p>\n<p class=\"Leipa_teksti2\">Toisen maailmansodan h\u00e4vi\u00e4jiin kuuluneista valtioista erityisesti Japani ja Saksan liittotasavalta vahvistuivat taloudellisesti 1960-luvulta alkaen, mutta niiden poliittinen painoarvo pysyi maailmanpolitiikassa suhteellisen v\u00e4h\u00e4isen\u00e4. Niiden rinnalle alkoi nousta my\u00f6s uusia<br \/>\ntalousmahteja kuten Etel\u00e4-Korea, Kiina ja Intia. T\u00e4st\u00e4 kehityksest\u00e4 aiheutui paineita kylm\u00e4n sodan<br \/>\nj\u00e4rjestelm\u00e4\u00e4 kohtaan, sill\u00e4 se ei vastannut en\u00e4\u00e4 reaalisia voimasuhteita talouden alalla vaan<br \/>\nperustui l\u00e4hinn\u00e4 kahden \u201dsupervallan\u201d \u00a0sotilaalliseen voimaan.<\/p>\n<\/div><\/section><\/p><\/div>\n","protected":false},"excerpt":{"rendered":"","protected":false},"author":1,"featured_media":0,"parent":635,"menu_order":1,"comment_status":"closed","ping_status":"closed","template":"","meta":{"footnotes":""},"class_list":["post-637","page","type-page","status-publish","hentry"],"_links":{"self":[{"href":"https:\/\/maailmanmuutos.org\/index.php\/wp-json\/wp\/v2\/pages\/637","targetHints":{"allow":["GET"]}}],"collection":[{"href":"https:\/\/maailmanmuutos.org\/index.php\/wp-json\/wp\/v2\/pages"}],"about":[{"href":"https:\/\/maailmanmuutos.org\/index.php\/wp-json\/wp\/v2\/types\/page"}],"author":[{"embeddable":true,"href":"https:\/\/maailmanmuutos.org\/index.php\/wp-json\/wp\/v2\/users\/1"}],"replies":[{"embeddable":true,"href":"https:\/\/maailmanmuutos.org\/index.php\/wp-json\/wp\/v2\/comments?post=637"}],"version-history":[{"count":13,"href":"https:\/\/maailmanmuutos.org\/index.php\/wp-json\/wp\/v2\/pages\/637\/revisions"}],"predecessor-version":[{"id":4126,"href":"https:\/\/maailmanmuutos.org\/index.php\/wp-json\/wp\/v2\/pages\/637\/revisions\/4126"}],"up":[{"embeddable":true,"href":"https:\/\/maailmanmuutos.org\/index.php\/wp-json\/wp\/v2\/pages\/635"}],"wp:attachment":[{"href":"https:\/\/maailmanmuutos.org\/index.php\/wp-json\/wp\/v2\/media?parent=637"}],"curies":[{"name":"wp","href":"https:\/\/api.w.org\/{rel}","templated":true}]}}