{"id":994,"date":"2023-03-08T16:43:02","date_gmt":"2023-03-08T16:43:02","guid":{"rendered":"http:\/\/us.ylirotu.fi\/index.php\/maailman-muutos\/kylman-sodan-paatosvaihe\/neuvostoliiton-hajoaminen-2\/valtataistelun-karjistyminen-moskovassa-1991\/"},"modified":"2023-08-17T08:13:11","modified_gmt":"2023-08-17T08:13:11","slug":"yhteisen-ulko-jaturvallisuuspolitiikan-alkuvaiheet","status":"publish","type":"page","link":"https:\/\/maailmanmuutos.org\/index.php\/kylmasta-sodasta-2000-luvulle\/kylman-sodan-paatosvaihe\/lansi-euroopantalousyhteisosta-unioniksi\/yhteisen-ulko-jaturvallisuuspolitiikan-alkuvaiheet\/","title":{"rendered":"Yhteisen\u00a0ulko- ja turvallisuuspolitiikan alkuvaiheet\u00a0"},"content":{"rendered":"<div id='full_slider_1'  class='avia-fullwidth-slider main_color avia-shadow   avia-builder-el-0  el_before_av_one_full  avia-builder-el-first   container_wrap sidebar_right'  >\n<style type=\"text\/css\" data-created_by=\"avia_inline_auto\" id=\"style-css-av-kd4hz9nx-fb331aa0faaa9c578e2f07ccc45f5aa0\">\n#top #wrap_all .avia-slideshow .av-slideshow-caption.av-kd4hz9nx-fb331aa0faaa9c578e2f07ccc45f5aa0__0 .avia-caption-title{\nfont-size:22px;\n}\n#top .avia-slideshow .av-slideshow-caption.av-kd4hz9nx-fb331aa0faaa9c578e2f07ccc45f5aa0__0 .avia-caption-content{\nfont-size:14px;\n}\n#top .avia-slideshow .av-slideshow-caption.av-kd4hz9nx-fb331aa0faaa9c578e2f07ccc45f5aa0__0 .avia-caption-content p{\nfont-size:14px;\n}\n\n@media only screen and (min-width: 768px) and (max-width: 989px){ \n#top #wrap_all .avia-slideshow .av-slideshow-caption.av-kd4hz9nx-fb331aa0faaa9c578e2f07ccc45f5aa0__0 .avia-caption-title{\nfont-size:16px;\n}\n#top .avia-slideshow .av-slideshow-caption.av-kd4hz9nx-fb331aa0faaa9c578e2f07ccc45f5aa0__0 .avia-caption-content{\nfont-size:16px;\n}\n#top .avia-slideshow .av-slideshow-caption.av-kd4hz9nx-fb331aa0faaa9c578e2f07ccc45f5aa0__0 .avia-caption-content p{\nfont-size:16px;\n}\n}\n\n@media only screen and (min-width: 480px) and (max-width: 767px){ \n#top #wrap_all .avia-slideshow .av-slideshow-caption.av-kd4hz9nx-fb331aa0faaa9c578e2f07ccc45f5aa0__0 .avia-caption-title{\nfont-size:14px;\n}\n#top .avia-slideshow .av-slideshow-caption.av-kd4hz9nx-fb331aa0faaa9c578e2f07ccc45f5aa0__0 .avia-caption-content{\nfont-size:14px;\n}\n#top .avia-slideshow .av-slideshow-caption.av-kd4hz9nx-fb331aa0faaa9c578e2f07ccc45f5aa0__0 .avia-caption-content p{\nfont-size:14px;\n}\n}\n\n@media only screen and (max-width: 479px){ \n#top #wrap_all .avia-slideshow .av-slideshow-caption.av-kd4hz9nx-fb331aa0faaa9c578e2f07ccc45f5aa0__0 .avia-caption-title{\ndisplay:none;\n}\n#top .avia-slideshow .av-slideshow-caption.av-kd4hz9nx-fb331aa0faaa9c578e2f07ccc45f5aa0__0 .avia-caption-content{\ndisplay:none;\n}\n#top .avia-slideshow .av-slideshow-caption.av-kd4hz9nx-fb331aa0faaa9c578e2f07ccc45f5aa0__0 .avia-caption-content p{\ndisplay:none;\n}\n}\n<\/style>\n<div  class='avia-slideshow av-kd4hz9nx-fb331aa0faaa9c578e2f07ccc45f5aa0 avia-slideshow-featured av_slideshow_full avia-slide-slider av-slideshow-ui av-control-default av-slideshow-manual av-loop-once av-loop-manual-endless av-default-height-applied   avia-slideshow-1' data-slideshow-options=\"{&quot;animation&quot;:&quot;slide&quot;,&quot;autoplay&quot;:false,&quot;loop_autoplay&quot;:&quot;once&quot;,&quot;interval&quot;:5,&quot;loop_manual&quot;:&quot;manual-endless&quot;,&quot;autoplay_stopper&quot;:false,&quot;noNavigation&quot;:false,&quot;bg_slider&quot;:false,&quot;keep_padding&quot;:false,&quot;hoverpause&quot;:false,&quot;show_slide_delay&quot;:0}\"  itemprop=\"image\" itemscope=\"itemscope\" itemtype=\"https:\/\/schema.org\/ImageObject\" ><ul class='avia-slideshow-inner ' style='padding-bottom: 28.72411489646%;'><li  class='avia-slideshow-slide av-kd4hz9nx-fb331aa0faaa9c578e2f07ccc45f5aa0__0  av-single-slide slide-1 slide-odd'><div data-rel='slideshow-1' class='avia-slide-wrap '   ><img decoding=\"async\" fetchpriority=\"high\" class=\"wp-image-2825 avia-img-lazy-loading-not-2825\"  src=\"https:\/\/maailmanmuutos.org\/wp-content\/uploads\/2023\/08\/EU-turvallisuuspolitiikka.jpg\" width=\"1497\" height=\"430\" title='kuvituskuvat' alt=''  itemprop=\"thumbnailUrl\" srcset=\"https:\/\/maailmanmuutos.org\/wp-content\/uploads\/2023\/08\/EU-turvallisuuspolitiikka.jpg 1500w, https:\/\/maailmanmuutos.org\/wp-content\/uploads\/2023\/08\/EU-turvallisuuspolitiikka-800x230.jpg 800w, https:\/\/maailmanmuutos.org\/wp-content\/uploads\/2023\/08\/EU-turvallisuuspolitiikka-120x34.jpg 120w, https:\/\/maailmanmuutos.org\/wp-content\/uploads\/2023\/08\/EU-turvallisuuspolitiikka-768x221.jpg 768w, https:\/\/maailmanmuutos.org\/wp-content\/uploads\/2023\/08\/EU-turvallisuuspolitiikka-705x203.jpg 705w\" sizes=\"(max-width: 1497px) 100vw, 1497px\" \/><\/div><\/li><\/ul><\/div><\/div><div id='after_full_slider_1'  class='main_color av_default_container_wrap container_wrap sidebar_right'  ><div class='container av-section-cont-open' ><div class='template-page content  av-content-small alpha units'><div class='post-entry post-entry-type-page post-entry-994'><div class='entry-content-wrapper clearfix'>\n\n<style type=\"text\/css\" data-created_by=\"avia_inline_auto\" id=\"style-css-av-5spn6-3d3e8ead61d02f87ad7c9f2fc625dc24\">\n.flex_column.av-5spn6-3d3e8ead61d02f87ad7c9f2fc625dc24{\nborder-radius:0px 0px 0px 0px;\npadding:0px 0px 0px 0px;\n}\n<\/style>\n<div  class='flex_column av-5spn6-3d3e8ead61d02f87ad7c9f2fc625dc24 av_one_full  avia-builder-el-1  el_after_av_slideshow_full  avia-builder-el-no-sibling  first flex_column_div av-zero-column-padding  '     ><p>\n<style type=\"text\/css\" data-created_by=\"avia_inline_auto\" id=\"style-css-av-av_heading-1ff5b4ccb671f5fa3960413f23e2f180\">\n#top .av-special-heading.av-av_heading-1ff5b4ccb671f5fa3960413f23e2f180{\npadding-bottom:10px;\n}\nbody .av-special-heading.av-av_heading-1ff5b4ccb671f5fa3960413f23e2f180 .av-special-heading-tag .heading-char{\nfont-size:25px;\n}\n.av-special-heading.av-av_heading-1ff5b4ccb671f5fa3960413f23e2f180 .av-subheading{\nfont-size:15px;\n}\n<\/style>\n<div  class='av-special-heading av-av_heading-1ff5b4ccb671f5fa3960413f23e2f180 av-special-heading-h1  avia-builder-el-2  el_before_av_hr  avia-builder-el-first '><h1 class='av-special-heading-tag'  itemprop=\"headline\"  >Yhteisen ulko- ja turvallisuuspolitiikan alkuvaiheet <\/h1><div class=\"special-heading-border\"><div class=\"special-heading-inner-border\"><\/div><\/div><\/div><br \/>\n\n<style type=\"text\/css\" data-created_by=\"avia_inline_auto\" id=\"style-css-av-lezwg07w-9cd14a94db2a960ecadbafc1e0a32018\">\n#top .hr.hr-invisible.av-lezwg07w-9cd14a94db2a960ecadbafc1e0a32018{\nheight:50px;\n}\n<\/style>\n<div  class='hr av-lezwg07w-9cd14a94db2a960ecadbafc1e0a32018 hr-invisible  avia-builder-el-3  el_after_av_heading  el_before_av_textblock '><span class='hr-inner '><span class=\"hr-inner-style\"><\/span><\/span><\/div><br \/>\n<section  class='av_textblock_section av-lezr0od0-94e7bd8ef786eea3c9a8d27065495667 '   itemscope=\"itemscope\" itemtype=\"https:\/\/schema.org\/CreativeWork\" ><div class='avia_textblock'  itemprop=\"text\" ><p><em><strong>Maastrichtin sopimuksen ulko- ja turvallisuuspolitiikka<\/strong><\/em><\/p>\n<p class=\"Leipa_teksti2\">Euroopan unionin yhteinen ulko- ja turvallisuuspolitiikka m\u00e4\u00e4ritettiin Maastrichtin sopimuksessa k\u00e4sitt\u00e4m\u00e4\u00e4n kaikki unionin turvallisuuden kannalta merkitt\u00e4v\u00e4t asiat mukaan luettuna yhteinen puolustuspolitiikka, joka voi aikanaan johtaa yhteiseen puolustukseen. Lis\u00e4ksi m\u00e4\u00e4rittelyyn sis\u00e4ltyi useita poikkeuksia, joiden tarkoituksena oli taata j\u00e4senmaiden m\u00e4\u00e4r\u00e4ysvalta omasta turvallisuuspolitiikastaan.<\/p>\n<p class=\"Leipa_teksti2\">Yhteinen ulko- ja turvallisuuspolitiikka on j\u00e4senmaiden keskin\u00e4ist\u00e4 yhteisty\u00f6t\u00e4, jossa kaikki p\u00e4\u00e4t\u00f6kset tuli tehd\u00e4 konsensus-periaatteella. Sen mukaisesti yksikin j\u00e4senmaa saattaa est\u00e4\u00e4 p\u00e4\u00e4t\u00f6ksen, jos se katsoo turvallisuusetujensa niin vaativan. K\u00e4yt\u00e4nn\u00f6ss\u00e4 useimmiten kuitenkin tarvitaan useita j\u00e4senmaita eri\u00e4v\u00e4n kannan tueksi, ja toisaalta on k\u00e4ytetty my\u00f6s pid\u00e4ttymisen tai syrj\u00e4\u00e4nvet\u00e4ytymisen mahdollisuutta.<\/p>\n<p><em><strong>Jugoslavian hajoamissodissa EU sivustakatsoja<\/strong><\/em><\/p>\n<p>EU:n ulko- ja turvallisuuspoliittinen toimintakyky oli heti koetuksella Jugoslavian hajoamissodan vuoksi. J\u00e4senmaiden etujen ja historiallisten sidonnaisuuksien erojen takia EU:n oli hyvin vaikea p\u00e4\u00e4st\u00e4 sopimukseen yhteisist\u00e4 toimista Balkanin tilanteen rauhoittamiseksi. Siksi YK sai aluksi p\u00e4\u00e4vastuun rauhanturvaamisesta ja avustustoiminnasta Jugoslavian alueella. My\u00f6s Yhdysvaltojen aktiivisuus vaikutti v\u00e4hitellen siihen, ett\u00e4 EU j\u00e4i paljolti sivustakatsojaksi Jugoslavian alueen sotien lopettamiseen johtaneissa toimissa ja rauhansopimuksien \u00a0toimeenpanossa.<\/p>\n<\/div><\/section><\/p><\/div>\n","protected":false},"excerpt":{"rendered":"","protected":false},"author":1,"featured_media":0,"parent":980,"menu_order":4,"comment_status":"closed","ping_status":"closed","template":"","meta":{"footnotes":""},"class_list":["post-994","page","type-page","status-publish","hentry"],"_links":{"self":[{"href":"https:\/\/maailmanmuutos.org\/index.php\/wp-json\/wp\/v2\/pages\/994","targetHints":{"allow":["GET"]}}],"collection":[{"href":"https:\/\/maailmanmuutos.org\/index.php\/wp-json\/wp\/v2\/pages"}],"about":[{"href":"https:\/\/maailmanmuutos.org\/index.php\/wp-json\/wp\/v2\/types\/page"}],"author":[{"embeddable":true,"href":"https:\/\/maailmanmuutos.org\/index.php\/wp-json\/wp\/v2\/users\/1"}],"replies":[{"embeddable":true,"href":"https:\/\/maailmanmuutos.org\/index.php\/wp-json\/wp\/v2\/comments?post=994"}],"version-history":[{"count":14,"href":"https:\/\/maailmanmuutos.org\/index.php\/wp-json\/wp\/v2\/pages\/994\/revisions"}],"predecessor-version":[{"id":2112,"href":"https:\/\/maailmanmuutos.org\/index.php\/wp-json\/wp\/v2\/pages\/994\/revisions\/2112"}],"up":[{"embeddable":true,"href":"https:\/\/maailmanmuutos.org\/index.php\/wp-json\/wp\/v2\/pages\/980"}],"wp:attachment":[{"href":"https:\/\/maailmanmuutos.org\/index.php\/wp-json\/wp\/v2\/media?parent=994"}],"curies":[{"name":"wp","href":"https:\/\/api.w.org\/{rel}","templated":true}]}}

<div id='full_slider_1'  class='avia-fullwidth-slider main_color avia-shadow   avia-builder-el-0  el_before_av_one_full  avia-builder-el-first   container_wrap sidebar_right'  >
<style type="text/css" data-created_by="avia_inline_auto" id="style-css-av-kd4hz9nx-fb331aa0faaa9c578e2f07ccc45f5aa0">
#top #wrap_all .avia-slideshow .av-slideshow-caption.av-kd4hz9nx-fb331aa0faaa9c578e2f07ccc45f5aa0__0 .avia-caption-title{
font-size:22px;
}
#top .avia-slideshow .av-slideshow-caption.av-kd4hz9nx-fb331aa0faaa9c578e2f07ccc45f5aa0__0 .avia-caption-content{
font-size:14px;
}
#top .avia-slideshow .av-slideshow-caption.av-kd4hz9nx-fb331aa0faaa9c578e2f07ccc45f5aa0__0 .avia-caption-content p{
font-size:14px;
}

@media only screen and (min-width: 768px) and (max-width: 989px){ 
#top #wrap_all .avia-slideshow .av-slideshow-caption.av-kd4hz9nx-fb331aa0faaa9c578e2f07ccc45f5aa0__0 .avia-caption-title{
font-size:16px;
}
#top .avia-slideshow .av-slideshow-caption.av-kd4hz9nx-fb331aa0faaa9c578e2f07ccc45f5aa0__0 .avia-caption-content{
font-size:16px;
}
#top .avia-slideshow .av-slideshow-caption.av-kd4hz9nx-fb331aa0faaa9c578e2f07ccc45f5aa0__0 .avia-caption-content p{
font-size:16px;
}
}

@media only screen and (min-width: 480px) and (max-width: 767px){ 
#top #wrap_all .avia-slideshow .av-slideshow-caption.av-kd4hz9nx-fb331aa0faaa9c578e2f07ccc45f5aa0__0 .avia-caption-title{
font-size:14px;
}
#top .avia-slideshow .av-slideshow-caption.av-kd4hz9nx-fb331aa0faaa9c578e2f07ccc45f5aa0__0 .avia-caption-content{
font-size:14px;
}
#top .avia-slideshow .av-slideshow-caption.av-kd4hz9nx-fb331aa0faaa9c578e2f07ccc45f5aa0__0 .avia-caption-content p{
font-size:14px;
}
}

@media only screen and (max-width: 479px){ 
#top #wrap_all .avia-slideshow .av-slideshow-caption.av-kd4hz9nx-fb331aa0faaa9c578e2f07ccc45f5aa0__0 .avia-caption-title{
display:none;
}
#top .avia-slideshow .av-slideshow-caption.av-kd4hz9nx-fb331aa0faaa9c578e2f07ccc45f5aa0__0 .avia-caption-content{
display:none;
}
#top .avia-slideshow .av-slideshow-caption.av-kd4hz9nx-fb331aa0faaa9c578e2f07ccc45f5aa0__0 .avia-caption-content p{
display:none;
}
}
</style>
<div  class='avia-slideshow av-kd4hz9nx-fb331aa0faaa9c578e2f07ccc45f5aa0 avia-slideshow-featured av_slideshow_full avia-slide-slider av-slideshow-ui av-control-default av-slideshow-manual av-loop-once av-loop-manual-endless av-default-height-applied   avia-slideshow-1' data-slideshow-options="{&quot;animation&quot;:&quot;slide&quot;,&quot;autoplay&quot;:false,&quot;loop_autoplay&quot;:&quot;once&quot;,&quot;interval&quot;:5,&quot;loop_manual&quot;:&quot;manual-endless&quot;,&quot;autoplay_stopper&quot;:false,&quot;noNavigation&quot;:false,&quot;bg_slider&quot;:false,&quot;keep_padding&quot;:false,&quot;hoverpause&quot;:false,&quot;show_slide_delay&quot;:0}"  itemprop="image" itemscope="itemscope" itemtype="https://schema.org/ImageObject" ><ul class='avia-slideshow-inner ' style='padding-bottom: 28.72411489646%;'><li  class='avia-slideshow-slide av-kd4hz9nx-fb331aa0faaa9c578e2f07ccc45f5aa0__0  av-single-slide slide-1 slide-odd'><div data-rel='slideshow-1' class='avia-slide-wrap '   ><img decoding="async" fetchpriority="high" class="wp-image-2825 avia-img-lazy-loading-not-2825"  src="https://maailmanmuutos.org/wp-content/uploads/2023/08/EU-turvallisuuspolitiikka.jpg" width="1497" height="430" title='kuvituskuvat' alt=''  itemprop="thumbnailUrl" srcset="https://maailmanmuutos.org/wp-content/uploads/2023/08/EU-turvallisuuspolitiikka.jpg 1500w, https://maailmanmuutos.org/wp-content/uploads/2023/08/EU-turvallisuuspolitiikka-800x230.jpg 800w, https://maailmanmuutos.org/wp-content/uploads/2023/08/EU-turvallisuuspolitiikka-120x34.jpg 120w, https://maailmanmuutos.org/wp-content/uploads/2023/08/EU-turvallisuuspolitiikka-768x221.jpg 768w, https://maailmanmuutos.org/wp-content/uploads/2023/08/EU-turvallisuuspolitiikka-705x203.jpg 705w" sizes="(max-width: 1497px) 100vw, 1497px" /></div></li></ul></div></div><div id='after_full_slider_1'  class='main_color av_default_container_wrap container_wrap sidebar_right'  ><div class='container av-section-cont-open' ><div class='template-page content  av-content-small alpha units'><div class='post-entry post-entry-type-page post-entry-994'><div class='entry-content-wrapper clearfix'>

<style type="text/css" data-created_by="avia_inline_auto" id="style-css-av-5spn6-3d3e8ead61d02f87ad7c9f2fc625dc24">
.flex_column.av-5spn6-3d3e8ead61d02f87ad7c9f2fc625dc24{
border-radius:0px 0px 0px 0px;
padding:0px 0px 0px 0px;
}
</style>
<div  class='flex_column av-5spn6-3d3e8ead61d02f87ad7c9f2fc625dc24 av_one_full  avia-builder-el-1  el_after_av_slideshow_full  avia-builder-el-no-sibling  first flex_column_div av-zero-column-padding  '     ><p>
<style type="text/css" data-created_by="avia_inline_auto" id="style-css-av-av_heading-1ff5b4ccb671f5fa3960413f23e2f180">
#top .av-special-heading.av-av_heading-1ff5b4ccb671f5fa3960413f23e2f180{
padding-bottom:10px;
}
body .av-special-heading.av-av_heading-1ff5b4ccb671f5fa3960413f23e2f180 .av-special-heading-tag .heading-char{
font-size:25px;
}
.av-special-heading.av-av_heading-1ff5b4ccb671f5fa3960413f23e2f180 .av-subheading{
font-size:15px;
}
</style>
<div  class='av-special-heading av-av_heading-1ff5b4ccb671f5fa3960413f23e2f180 av-special-heading-h1  avia-builder-el-2  el_before_av_hr  avia-builder-el-first '><h1 class='av-special-heading-tag'  itemprop="headline"  >Yhteisen ulko- ja turvallisuuspolitiikan alkuvaiheet </h1><div class="special-heading-border"><div class="special-heading-inner-border"></div></div></div><br />

<style type="text/css" data-created_by="avia_inline_auto" id="style-css-av-lezwg07w-9cd14a94db2a960ecadbafc1e0a32018">
#top .hr.hr-invisible.av-lezwg07w-9cd14a94db2a960ecadbafc1e0a32018{
height:50px;
}
</style>
<div  class='hr av-lezwg07w-9cd14a94db2a960ecadbafc1e0a32018 hr-invisible  avia-builder-el-3  el_after_av_heading  el_before_av_textblock '><span class='hr-inner '><span class="hr-inner-style"></span></span></div><br />
<section  class='av_textblock_section av-lezr0od0-94e7bd8ef786eea3c9a8d27065495667 '   itemscope="itemscope" itemtype="https://schema.org/CreativeWork" ><div class='avia_textblock'  itemprop="text" ><p><em><strong>Maastrichtin sopimuksen ulko- ja turvallisuuspolitiikka</strong></em></p>
<p class="Leipa_teksti2">Euroopan unionin yhteinen ulko- ja turvallisuuspolitiikka määritettiin Maastrichtin sopimuksessa käsittämään kaikki unionin turvallisuuden kannalta merkittävät asiat mukaan luettuna yhteinen puolustuspolitiikka, joka voi aikanaan johtaa yhteiseen puolustukseen. Lisäksi määrittelyyn sisältyi useita poikkeuksia, joiden tarkoituksena oli taata jäsenmaiden määräysvalta omasta turvallisuuspolitiikastaan.</p>
<p class="Leipa_teksti2">Yhteinen ulko- ja turvallisuuspolitiikka on jäsenmaiden keskinäistä yhteistyötä, jossa kaikki päätökset tuli tehdä konsensus-periaatteella. Sen mukaisesti yksikin jäsenmaa saattaa estää päätöksen, jos se katsoo turvallisuusetujensa niin vaativan. Käytännössä useimmiten kuitenkin tarvitaan useita jäsenmaita eriävän kannan tueksi, ja toisaalta on käytetty myös pidättymisen tai syrjäänvetäytymisen mahdollisuutta.</p>
<p><em><strong>Jugoslavian hajoamissodissa EU sivustakatsoja</strong></em></p>
<p>EU:n ulko- ja turvallisuuspoliittinen toimintakyky oli heti koetuksella Jugoslavian hajoamissodan vuoksi. Jäsenmaiden etujen ja historiallisten sidonnaisuuksien erojen takia EU:n oli hyvin vaikea päästä sopimukseen yhteisistä toimista Balkanin tilanteen rauhoittamiseksi. Siksi YK sai aluksi päävastuun rauhanturvaamisesta ja avustustoiminnasta Jugoslavian alueella. Myös Yhdysvaltojen aktiivisuus vaikutti vähitellen siihen, että EU jäi paljolti sivustakatsojaksi Jugoslavian alueen sotien lopettamiseen johtaneissa toimissa ja rauhansopimuksien  toimeenpanossa.</p>
</div></section></p></div>
